{"id":130,"date":"2025-07-17T17:30:38","date_gmt":"2025-07-17T15:30:38","guid":{"rendered":"https:\/\/informacionoficial.mendoza.gob.ar\/boletinoficial\/?page_id=130"},"modified":"2025-09-02T16:06:06","modified_gmt":"2025-09-02T14:06:06","slug":"informacion","status":"publish","type":"page","link":"https:\/\/informacionoficial.mendoza.gob.ar\/boletinoficial\/informacion\/","title":{"rendered":"Informaci\u00f3n"},"content":{"rendered":"<p>[et_pb_section fb_built=\u00bb1&#8243; admin_label=\u00bbsection\u00bb _builder_version=\u00bb4.27.4&#8243; custom_padding=\u00bb0px||||false|false\u00bb global_colors_info=\u00bb{}\u00bb][et_pb_row _builder_version=\u00bb4.27.4&#8243; _module_preset=\u00bbdefault\u00bb global_colors_info=\u00bb{}\u00bb][et_pb_column type=\u00bb4_4&#8243; _builder_version=\u00bb4.27.4&#8243; _module_preset=\u00bbdefault\u00bb global_colors_info=\u00bb{}\u00bb][et_pb_post_title meta=\u00bboff\u00bb featured_image=\u00bboff\u00bb _builder_version=\u00bb4.27.4&#8243; _module_preset=\u00bbdefault\u00bb title_text_align=\u00bbcenter\u00bb title_text_color=\u00bb#141414&#8243; global_colors_info=\u00bb{}\u00bb][\/et_pb_post_title][\/et_pb_column][\/et_pb_row][et_pb_row admin_label=\u00bbrow\u00bb _builder_version=\u00bb4.27.4&#8243; background_size=\u00bbinitial\u00bb background_position=\u00bbtop_left\u00bb background_repeat=\u00bbrepeat\u00bb custom_margin=\u00bb||0px||false|false\u00bb custom_padding=\u00bb||0px||false|false\u00bb border_radii=\u00bbon|15px|15px|15px|15px\u00bb global_colors_info=\u00bb{}\u00bb][et_pb_column type=\u00bb4_4&#8243; _builder_version=\u00bb4.16&#8243; custom_padding=\u00bb|||\u00bb global_colors_info=\u00bb{}\u00bb custom_padding__hover=\u00bb|||\u00bb][et_pb_text _builder_version=\u00bb4.27.4&#8243; _module_preset=\u00bbdefault\u00bb header_3_text_align=\u00bbcenter\u00bb background_color=\u00bb#0C71C3&#8243; custom_margin=\u00bb||0px||false|false\u00bb custom_padding=\u00bb1em||1em||true|false\u00bb hover_enabled=\u00bb0&#8243; border_radii=\u00bboff|15px|15px||\u00bb global_colors_info=\u00bb{}\u00bb header_3_text_color=\u00bb#FFFFFF\u00bb header_3_font=\u00bb|600|||||||\u00bb sticky_enabled=\u00bb0&#8243;]<\/p>\n<h3>Consultas<\/h3>\n<p>[\/et_pb_text][et_pb_text _builder_version=\u00bb4.27.4&#8243; _module_preset=\u00bbdefault\u00bb background_color=\u00bbrgba(239,239,239,0.66)\u00bb custom_margin=\u00bb0px||||false|false\u00bb custom_padding=\u00bb0.5em|0.5em|2em|0.5em|false|true\u00bb global_colors_info=\u00bb{}\u00bb]<\/p>\n<p><span>Todas las consultas pueden realizarse por medio de correo electr\u00f3nico a boletinoficial@mendoza.gov.ar \u00f3 al tel\u00e9fono 261 \u2013 3852207<\/span><\/p>\n<p>[\/et_pb_text][\/et_pb_column][\/et_pb_row][et_pb_row column_structure=\u00bb1_2,1_2&#8243; _builder_version=\u00bb4.27.4&#8243; _module_preset=\u00bbdefault\u00bb global_colors_info=\u00bb{}\u00bb][et_pb_column type=\u00bb1_2&#8243; _builder_version=\u00bb4.27.4&#8243; _module_preset=\u00bbdefault\u00bb global_colors_info=\u00bb{}\u00bb][et_pb_toggle title=\u00bbManuales\u00bb _builder_version=\u00bb4.27.4&#8243; _module_preset=\u00bbdefault\u00bb border_radii=\u00bbon|15px|15px|15px|15px\u00bb global_colors_info=\u00bb{}\u00bb]<strong>Ya est\u00e1 disponible la nueva versi\u00f3n de los manuales de usuario.<\/strong><\/p>\n<table border=\"1\" style=\"border-collapse: collapse; width: 100%;\">\n<tbody>\n<tr>\n<td style=\"width: 80%;\">Manual de usuario v 1.4<\/td>\n<td style=\"width: 20%;\"><a href=\"https:\/\/mza-dicaws-portal-uploads-media-prod.s3.amazonaws.com\/informacion-oficial\/uploads\/sites\/25\/2025\/07\/manual_v1.4_interno.pdf\"><img loading=\"lazy\" decoding=\"async\" src=\"https:\/\/mza-dicaws-portal-uploads-media-prod.s3.amazonaws.com\/informacion-oficial\/uploads\/sites\/25\/2025\/07\/SITIO-AC_documento.png\" width=\"101\" height=\"101\" alt=\"\" class=\"wp-image-133 alignnone size-full\" \/><\/a><\/td>\n<\/tr>\n<\/tbody>\n<\/table>\n<p><strong>Manual de b\u00fasqueda Avanzada<\/strong><\/p>\n<table border=\"1\" style=\"border-collapse: collapse; width: 100%;\">\n<tbody>\n<tr>\n<td style=\"width: 80%;\">Manual de B\u00fasqueda Avanzada<\/td>\n<td style=\"width: 20%;\"><a href=\"https:\/\/mza-dicaws-portal-uploads-media-prod.s3.amazonaws.com\/informacion-oficial\/uploads\/sites\/25\/2025\/07\/Busqueda_avanzada-tutorial_2020.pdf\"><img loading=\"lazy\" decoding=\"async\" src=\"https:\/\/mza-dicaws-portal-uploads-media-prod.s3.amazonaws.com\/informacion-oficial\/uploads\/sites\/25\/2025\/07\/SITIO-AC_documento.png\" width=\"101\" height=\"101\" alt=\"\" class=\"wp-image-133 alignnone size-full\" \/><\/a><\/td>\n<\/tr>\n<\/tbody>\n<\/table>\n<p>[\/et_pb_toggle][\/et_pb_column][et_pb_column type=\u00bb1_2&#8243; _builder_version=\u00bb4.27.4&#8243; _module_preset=\u00bbdefault\u00bb global_colors_info=\u00bb{}\u00bb][et_pb_toggle title=\u00bbFormularios\u00bb _builder_version=\u00bb4.27.4&#8243; _module_preset=\u00bbdefault\u00bb border_radii=\u00bbon|15px|15px|15px|15px\u00bb global_colors_info=\u00bb{}\u00bb]<strong>Formulario de Alta de Usuario (Organismos o Reparticiones)<\/strong><\/p>\n<table border=\"1\" style=\"border-collapse: collapse; width: 100%; height: 24px;\">\n<tbody>\n<tr style=\"height: 24px;\">\n<td style=\"width: 80%; height: 24px;\">Usuarios Internos: Ministerios, Municipios, Entes Descentralizados, etc.<\/td>\n<td style=\"width: 20%; height: 24px;\"><a href=\"https:\/\/mza-dicaws-portal-uploads-media-prod.s3.amazonaws.com\/informacion-oficial\/uploads\/sites\/25\/2025\/07\/Form_usuarioorganismos.pdf\"><img loading=\"lazy\" decoding=\"async\" src=\"https:\/\/mza-dicaws-portal-uploads-media-prod.s3.amazonaws.com\/informacion-oficial\/uploads\/sites\/25\/2025\/07\/SITIO-AC_documento.png\" width=\"50\" height=\"50\" alt=\"\" class=\"wp-image-133 alignnone size-full\" style=\"display: block; margin-left: auto; margin-right: auto;\" \/><\/a><\/td>\n<\/tr>\n<\/tbody>\n<\/table>\n<p><strong>Debe descargar y presentar personalmente este formulario en los casos en que necesite deshabilitar o dar de baja un usuario del sistema B.O.E.<\/strong><\/p>\n<table border=\"1\" style=\"border-collapse: collapse; width: 100%; height: 166px;\">\n<tbody>\n<tr style=\"height: 48px;\">\n<td style=\"width: 80%; height: 48px;\"><strong>Formularios para Baja de Usuarios<\/strong><\/td>\n<td style=\"width: 20%; height: 48px;\"><\/td>\n<\/tr>\n<tr style=\"height: 108px;\">\n<td style=\"width: 50%; height: 108px;\">\n<div align=\"left\"><strong>Formulario para Baja de Usuario (P\u00fablico)<\/strong><\/div>\n<div align=\"left\">Usuarios Externos: Ciudadanos, Particulares<\/div>\n<\/td>\n<td style=\"width: 50%; height: 108px;\"><a href=\"https:\/\/mza-dicaws-portal-uploads-media-prod.s3.amazonaws.com\/informacion-oficial\/uploads\/sites\/25\/2025\/07\/Formulario_Baja_Usuarios_publico.pdf\"><img loading=\"lazy\" decoding=\"async\" src=\"https:\/\/mza-dicaws-portal-uploads-media-prod.s3.amazonaws.com\/informacion-oficial\/uploads\/sites\/25\/2025\/07\/SITIO-AC_documento.png\" width=\"101\" height=\"101\" alt=\"\" class=\"wp-image-133 alignnone size-full\" \/><\/a><\/td>\n<\/tr>\n<tr style=\"height: 10px;\">\n<td style=\"width: 50%; height: 10px;\">\n<div align=\"left\"><strong>Formulario para Baja de Usuario (Organismos o Reparticiones)<\/strong><\/div>\n<div align=\"left\">Usuarios Internos: Ministerios, Municipios, Entes Descentralizados, etc<\/div>\n<\/td>\n<td style=\"width: 50%; height: 10px;\">&nbsp;<\/p>\n<p><a href=\"https:\/\/mza-dicaws-portal-uploads-media-prod.s3.amazonaws.com\/informacion-oficial\/uploads\/sites\/25\/2025\/07\/Formulario_Baja_Usuarios_interno.pdf\"><img loading=\"lazy\" decoding=\"async\" src=\"https:\/\/mza-dicaws-portal-uploads-media-prod.s3.amazonaws.com\/informacion-oficial\/uploads\/sites\/25\/2025\/07\/SITIO-AC_documento.png\" width=\"101\" height=\"101\" alt=\"\" class=\"wp-image-133 alignnone size-full\" \/><\/a><\/td>\n<\/tr>\n<\/tbody>\n<\/table>\n<p>[\/et_pb_toggle][\/et_pb_column][\/et_pb_row][\/et_pb_section]<\/p>\n","protected":false},"excerpt":{"rendered":"<p>ConsultasTodas las consultas pueden realizarse por medio de correo electr\u00f3nico a boletinoficial@mendoza.gov.ar \u00f3 al tel\u00e9fono 261 \u2013 3852207Ya est\u00e1 disponible la nueva versi\u00f3n de los manuales de usuario. Manual de usuario v 1.4 Manual de b\u00fasqueda Avanzada Manual de B\u00fasqueda Avanzada Formulario de Alta de Usuario (Organismos o Reparticiones) Usuarios Internos: Ministerios, Municipios, Entes Descentralizados, [&hellip;]<\/p>\n","protected":false},"author":60,"featured_media":0,"parent":0,"menu_order":0,"comment_status":"closed","ping_status":"closed","template":"","meta":{"_et_pb_use_builder":"on","_et_pb_old_content":"","_et_gb_content_width":"","footnotes":""},"class_list":["post-130","page","type-page","status-publish","hentry"],"_links":{"self":[{"href":"https:\/\/informacionoficial.mendoza.gob.ar\/boletinoficial\/wp-json\/wp\/v2\/pages\/130","targetHints":{"allow":["GET"]}}],"collection":[{"href":"https:\/\/informacionoficial.mendoza.gob.ar\/boletinoficial\/wp-json\/wp\/v2\/pages"}],"about":[{"href":"https:\/\/informacionoficial.mendoza.gob.ar\/boletinoficial\/wp-json\/wp\/v2\/types\/page"}],"author":[{"embeddable":true,"href":"https:\/\/informacionoficial.mendoza.gob.ar\/boletinoficial\/wp-json\/wp\/v2\/users\/60"}],"replies":[{"embeddable":true,"href":"https:\/\/informacionoficial.mendoza.gob.ar\/boletinoficial\/wp-json\/wp\/v2\/comments?post=130"}],"version-history":[{"count":10,"href":"https:\/\/informacionoficial.mendoza.gob.ar\/boletinoficial\/wp-json\/wp\/v2\/pages\/130\/revisions"}],"predecessor-version":[{"id":433,"href":"https:\/\/informacionoficial.mendoza.gob.ar\/boletinoficial\/wp-json\/wp\/v2\/pages\/130\/revisions\/433"}],"wp:attachment":[{"href":"https:\/\/informacionoficial.mendoza.gob.ar\/boletinoficial\/wp-json\/wp\/v2\/media?parent=130"}],"curies":[{"name":"wp","href":"https:\/\/api.w.org\/{rel}","templated":true}]}}