{"id":2352,"date":"2025-09-09T18:03:20","date_gmt":"2025-09-09T16:03:20","guid":{"rendered":"https:\/\/informacionoficial.mendoza.gob.ar\/educacion-cultura-infancias-dge\/?post_type=mec-events&#038;p=2352"},"modified":"2025-09-09T18:03:20","modified_gmt":"2025-09-09T16:03:20","slug":"xvii-festival-de-flautas-del-mundo","status":"publish","type":"mec-events","link":"https:\/\/informacionoficial.mendoza.gob.ar\/educacion-cultura-infancias-dge\/events\/xvii-festival-de-flautas-del-mundo\/","title":{"rendered":"XVII Festival de flautas del mundo"},"content":{"rendered":"<p>M\u00fasica. El festival promueve la interpretaci\u00f3n de las flautas del mundo a trav\u00e9s de un contacto pleno con el momento presente. Desde su visi\u00f3n, cada instrumento es un nexo entre aquello que llamamos interior y exterior. El mensaje sonoro y sus silencios se transforman en mensajeros de paz y hermandad. Luego diecis\u00e9is exitosas ediciones consecutivas te invitamos a participar de la XVII edici\u00f3n del Festival Flautas del Mundo con grandes artistas de renombre internacional.<\/p>\n<p>Entrada General: $7.000 por <a href=\"https:\/\/www.entradaweb.com.ar\/evento\/2ae7b662\/step\/1\">www.entradaweb.com<\/a><\/p>\n<p>Teatro Independencia (Chile y Espejo, Ciudad de Mendoza)<\/p>\n","protected":false},"excerpt":{"rendered":"<p>M\u00fasica. El festival promueve la interpretaci\u00f3n de las flautas del mundo a trav\u00e9s de un contacto pleno con el momento presente. Desde su visi\u00f3n, cada instrumento es un nexo entre aquello que llamamos interior y exterior. El mensaje sonoro y sus silencios se transforman en mensajeros de paz y hermandad. Luego diecis\u00e9is exitosas ediciones consecutivas [&hellip;]<\/p>\n","protected":false},"author":58,"featured_media":0,"comment_status":"open","ping_status":"closed","template":"","tags":[],"mec_category":[],"class_list":["post-2352","mec-events","type-mec-events","status-publish","hentry"],"_links":{"self":[{"href":"https:\/\/informacionoficial.mendoza.gob.ar\/educacion-cultura-infancias-dge\/wp-json\/wp\/v2\/mec-events\/2352","targetHints":{"allow":["GET"]}}],"collection":[{"href":"https:\/\/informacionoficial.mendoza.gob.ar\/educacion-cultura-infancias-dge\/wp-json\/wp\/v2\/mec-events"}],"about":[{"href":"https:\/\/informacionoficial.mendoza.gob.ar\/educacion-cultura-infancias-dge\/wp-json\/wp\/v2\/types\/mec-events"}],"author":[{"embeddable":true,"href":"https:\/\/informacionoficial.mendoza.gob.ar\/educacion-cultura-infancias-dge\/wp-json\/wp\/v2\/users\/58"}],"replies":[{"embeddable":true,"href":"https:\/\/informacionoficial.mendoza.gob.ar\/educacion-cultura-infancias-dge\/wp-json\/wp\/v2\/comments?post=2352"}],"wp:attachment":[{"href":"https:\/\/informacionoficial.mendoza.gob.ar\/educacion-cultura-infancias-dge\/wp-json\/wp\/v2\/media?parent=2352"}],"wp:term":[{"taxonomy":"post_tag","embeddable":true,"href":"https:\/\/informacionoficial.mendoza.gob.ar\/educacion-cultura-infancias-dge\/wp-json\/wp\/v2\/tags?post=2352"},{"taxonomy":"mec_category","embeddable":true,"href":"https:\/\/informacionoficial.mendoza.gob.ar\/educacion-cultura-infancias-dge\/wp-json\/wp\/v2\/mec_category?post=2352"}],"curies":[{"name":"wp","href":"https:\/\/api.w.org\/{rel}","templated":true}]}}

<p>Música. El festival promueve la interpretación de las flautas del mundo a través de un contacto pleno con el momento presente. Desde su visión, cada instrumento es un nexo entre aquello que llamamos interior y exterior. El mensaje sonoro y sus silencios se transforman en mensajeros de paz y hermandad. Luego dieciséis exitosas ediciones consecutivas te invitamos a participar de la XVII edición del Festival Flautas del Mundo con grandes artistas de renombre internacional.</p>
<p>Entrada General: $7.000 por <a href="https://www.entradaweb.com.ar/evento/2ae7b662/step/1">www.entradaweb.com</a></p>
<p>Teatro Independencia (Chile y Espejo, Ciudad de Mendoza)</p>

<p>Música. El festival promueve la interpretación de las flautas del mundo a través de un contacto pleno con el momento presente. Desde su visión, cada instrumento es un nexo entre aquello que llamamos interior y exterior. El mensaje sonoro y sus silencios se transforman en mensajeros de paz y hermandad. Luego dieciséis exitosas ediciones consecutivas [&hellip;]</p>
