{"id":2978,"date":"2025-10-28T09:02:30","date_gmt":"2025-10-28T12:02:30","guid":{"rendered":"https:\/\/informacionoficial.mendoza.gob.ar\/educacion-cultura-infancias-dge\/?post_type=mec-events&#038;p=2978"},"modified":"2025-10-28T09:03:18","modified_gmt":"2025-10-28T12:03:18","slug":"fandermole-en-mendoza","status":"publish","type":"mec-events","link":"https:\/\/informacionoficial.mendoza.gob.ar\/educacion-cultura-infancias-dge\/events\/fandermole-en-mendoza\/","title":{"rendered":"Fandermole en Mendoza"},"content":{"rendered":"<p>21H. M\u00fasica. El cantautor rosarino, \u00edcono de la canci\u00f3n en argentina y am\u00e9rica, presenta su nuevo disco de estudio \u00abTiempo y lugar\u00bb , junto a Fernando Silva (en bajo y violoncello).<\/p>\n<p>Dice Fander: \u201cTiempo y lugar es el t\u00edtulo del concierto y el de una canci\u00f3n in\u00e9dita del repertorio diverso que presentaremos; es una referencia amplia a los espacios y momentos cr\u00edticos de la historia que nos toca. Involucra ucron\u00edas y utop\u00edas como anhelos permanentes que nos mueven a la resistencia, a la acci\u00f3n, a la creaci\u00f3n y a la lucha\u00bb.<\/p>\n<p>Entrada Anticipada: $32.000 por <a href=\"https:\/\/www.entradaweb.com.ar\/evento\/7a6eb3aa\/step\/1\">EntradaWeb.com<\/a><\/p>\n<p>Teatro Independencia (Chile y Espejo, Ciudad de Mendoza)<\/p>\n","protected":false},"excerpt":{"rendered":"<p>21H. M\u00fasica. El cantautor rosarino, \u00edcono de la canci\u00f3n en argentina y am\u00e9rica, presenta su nuevo disco de estudio \u00abTiempo y lugar\u00bb , junto a Fernando Silva (en bajo y violoncello). Dice Fander: \u201cTiempo y lugar es el t\u00edtulo del concierto y el de una canci\u00f3n in\u00e9dita del repertorio diverso que presentaremos; es una referencia [&hellip;]<\/p>\n","protected":false},"author":58,"featured_media":0,"comment_status":"closed","ping_status":"closed","template":"","tags":[],"mec_category":[],"class_list":["post-2978","mec-events","type-mec-events","status-publish","hentry"],"_links":{"self":[{"href":"https:\/\/informacionoficial.mendoza.gob.ar\/educacion-cultura-infancias-dge\/wp-json\/wp\/v2\/mec-events\/2978","targetHints":{"allow":["GET"]}}],"collection":[{"href":"https:\/\/informacionoficial.mendoza.gob.ar\/educacion-cultura-infancias-dge\/wp-json\/wp\/v2\/mec-events"}],"about":[{"href":"https:\/\/informacionoficial.mendoza.gob.ar\/educacion-cultura-infancias-dge\/wp-json\/wp\/v2\/types\/mec-events"}],"author":[{"embeddable":true,"href":"https:\/\/informacionoficial.mendoza.gob.ar\/educacion-cultura-infancias-dge\/wp-json\/wp\/v2\/users\/58"}],"replies":[{"embeddable":true,"href":"https:\/\/informacionoficial.mendoza.gob.ar\/educacion-cultura-infancias-dge\/wp-json\/wp\/v2\/comments?post=2978"}],"wp:attachment":[{"href":"https:\/\/informacionoficial.mendoza.gob.ar\/educacion-cultura-infancias-dge\/wp-json\/wp\/v2\/media?parent=2978"}],"wp:term":[{"taxonomy":"post_tag","embeddable":true,"href":"https:\/\/informacionoficial.mendoza.gob.ar\/educacion-cultura-infancias-dge\/wp-json\/wp\/v2\/tags?post=2978"},{"taxonomy":"mec_category","embeddable":true,"href":"https:\/\/informacionoficial.mendoza.gob.ar\/educacion-cultura-infancias-dge\/wp-json\/wp\/v2\/mec_category?post=2978"}],"curies":[{"name":"wp","href":"https:\/\/api.w.org\/{rel}","templated":true}]}}

<p>21H. Música. El cantautor rosarino, ícono de la canción en argentina y américa, presenta su nuevo disco de estudio «Tiempo y lugar» , junto a Fernando Silva (en bajo y violoncello).</p>
<p>Dice Fander: “Tiempo y lugar es el título del concierto y el de una canción inédita del repertorio diverso que presentaremos; es una referencia amplia a los espacios y momentos críticos de la historia que nos toca. Involucra ucronías y utopías como anhelos permanentes que nos mueven a la resistencia, a la acción, a la creación y a la lucha».</p>
<p>Entrada Anticipada: $32.000 por <a href="https://www.entradaweb.com.ar/evento/7a6eb3aa/step/1">EntradaWeb.com</a></p>
<p>Teatro Independencia (Chile y Espejo, Ciudad de Mendoza)</p>

<p>21H. Música. El cantautor rosarino, ícono de la canción en argentina y américa, presenta su nuevo disco de estudio «Tiempo y lugar» , junto a Fernando Silva (en bajo y violoncello). Dice Fander: “Tiempo y lugar es el título del concierto y el de una canción inédita del repertorio diverso que presentaremos; es una referencia [&hellip;]</p>
