{"id":3402,"date":"2025-12-10T12:27:57","date_gmt":"2025-12-10T15:27:57","guid":{"rendered":"https:\/\/informacionoficial.mendoza.gob.ar\/educacion-cultura-infancias-dge\/?post_type=mec-events&#038;p=3402"},"modified":"2025-12-10T12:31:37","modified_gmt":"2025-12-10T15:31:37","slug":"3a-expo-feria-de-arte-del-proyecto-arteria","status":"publish","type":"mec-events","link":"https:\/\/informacionoficial.mendoza.gob.ar\/educacion-cultura-infancias-dge\/events\/3a-expo-feria-de-arte-del-proyecto-arteria\/","title":{"rendered":"3\u00aa Expo Feria de Arte del proyecto Arteria"},"content":{"rendered":"<p>18 a 23H.\u00a0Arteria presenta la 3\u00aa edici\u00f3n de la Expo Feria de Arte, un encuentro que re\u00fane a artistas locales, emprendimientos creativos y al p\u00fablico en un espacio dedicado al intercambio cultural, la producci\u00f3n visual y el trabajo colectivo.<\/p>\n<p>El evento se realizar\u00e1 los d\u00edas 13 y 14 de diciembre de 2025, de 18 a 23 horas, en El Container, ubicado en Juan B.Justo527, un espacio que, adem\u00e1s de su propuesta gastron\u00f3mica, se destaca por abrir sus puertas a eventos y actividades vinculadas al arte y la cultura.<\/p>\n<p>La Expo Feria invita a todo p\u00fablico a disfrutar de una experiencia art\u00edstica completa: exhibici\u00f3n y venta de obras, piezas de dise\u00f1o, ilustraci\u00f3n, arte impreso, objetos creativos y producciones originales.<br \/>\nTambi\u00e9n habr\u00e1 actividades especiales y propuestas pensadas para acompa\u00f1ar el recorrido.<\/p>\n<p>Qu\u00e9 es Arteria<\/p>\n<p>Arteria es un proyecto que impulsa la circulaci\u00f3n del arte local, generando espacios de encuentro donde artistas y comunidad pueden conectar desde la creaci\u00f3n. Su lema, \u00abDel cuerpo al lienzo\u00bb, resume su esencia: crear desde la experiencia, la emoci\u00f3n y la presencia.<\/p>\n<p>Con cada nueva edici\u00f3n, la feria se consolida como un punto de referencia cultural en la ciudad, promoviendo el arte independiente y fortaleciendo la comunidad creativa.<\/p>\n<p>ARTISTAS EXPOSITORES<\/p>\n<p>&#8211; Gabriela Zeballos<\/p>\n<p>&#8211; Noel Barraquero<\/p>\n<p>&#8211; Francisco Atencio<\/p>\n<p>&#8211; Iv\u00e1n Maure<\/p>\n<p>&#8211; Gabriela Montenegro y su taller Gabiota<\/p>\n<p>&#8211; Marcia Olivares<\/p>\n<p>&#8211; Ivana Monte<\/p>\n<p>&#8211; Antonella Ruiz<\/p>\n<p>&#8211; Nahuel Monte<\/p>\n<p>&#8211; Natali Cuello<\/p>\n<p>&#8211; Deb\u00ed Petino<\/p>\n<p>&#8211; Sabrina Rodr\u00edguez<\/p>\n<p>&#8211; Adriana Castillo<\/p>\n<p>El Container (Juan B. Justo 527, Ciudad de Mendoza)<\/p>\n","protected":false},"excerpt":{"rendered":"<p>18 a 23H.\u00a0Arteria presenta la 3\u00aa edici\u00f3n de la Expo Feria de Arte, un encuentro que re\u00fane a artistas locales, emprendimientos creativos y al p\u00fablico en un espacio dedicado al intercambio cultural, la producci\u00f3n visual y el trabajo colectivo. El evento se realizar\u00e1 los d\u00edas 13 y 14 de diciembre de 2025, de 18 a [&hellip;]<\/p>\n","protected":false},"author":58,"featured_media":0,"comment_status":"closed","ping_status":"closed","template":"","tags":[],"mec_category":[],"class_list":["post-3402","mec-events","type-mec-events","status-publish","hentry"],"_links":{"self":[{"href":"https:\/\/informacionoficial.mendoza.gob.ar\/educacion-cultura-infancias-dge\/wp-json\/wp\/v2\/mec-events\/3402","targetHints":{"allow":["GET"]}}],"collection":[{"href":"https:\/\/informacionoficial.mendoza.gob.ar\/educacion-cultura-infancias-dge\/wp-json\/wp\/v2\/mec-events"}],"about":[{"href":"https:\/\/informacionoficial.mendoza.gob.ar\/educacion-cultura-infancias-dge\/wp-json\/wp\/v2\/types\/mec-events"}],"author":[{"embeddable":true,"href":"https:\/\/informacionoficial.mendoza.gob.ar\/educacion-cultura-infancias-dge\/wp-json\/wp\/v2\/users\/58"}],"replies":[{"embeddable":true,"href":"https:\/\/informacionoficial.mendoza.gob.ar\/educacion-cultura-infancias-dge\/wp-json\/wp\/v2\/comments?post=3402"}],"wp:attachment":[{"href":"https:\/\/informacionoficial.mendoza.gob.ar\/educacion-cultura-infancias-dge\/wp-json\/wp\/v2\/media?parent=3402"}],"wp:term":[{"taxonomy":"post_tag","embeddable":true,"href":"https:\/\/informacionoficial.mendoza.gob.ar\/educacion-cultura-infancias-dge\/wp-json\/wp\/v2\/tags?post=3402"},{"taxonomy":"mec_category","embeddable":true,"href":"https:\/\/informacionoficial.mendoza.gob.ar\/educacion-cultura-infancias-dge\/wp-json\/wp\/v2\/mec_category?post=3402"}],"curies":[{"name":"wp","href":"https:\/\/api.w.org\/{rel}","templated":true}]}}

3ª Expo Feria de Arte del proyecto Arteria

<p>18 a 23H. Arteria presenta la 3ª edición de la Expo Feria de Arte, un encuentro que reúne a artistas locales, emprendimientos creativos y al público en un espacio dedicado al intercambio cultural, la producción visual y el trabajo colectivo.</p>
<p>El evento se realizará los días 13 y 14 de diciembre de 2025, de 18 a 23 horas, en El Container, ubicado en Juan B.Justo527, un espacio que, además de su propuesta gastronómica, se destaca por abrir sus puertas a eventos y actividades vinculadas al arte y la cultura.</p>
<p>La Expo Feria invita a todo público a disfrutar de una experiencia artística completa: exhibición y venta de obras, piezas de diseño, ilustración, arte impreso, objetos creativos y producciones originales.<br />
También habrá actividades especiales y propuestas pensadas para acompañar el recorrido.</p>
<p>Qué es Arteria</p>
<p>Arteria es un proyecto que impulsa la circulación del arte local, generando espacios de encuentro donde artistas y comunidad pueden conectar desde la creación. Su lema, «Del cuerpo al lienzo», resume su esencia: crear desde la experiencia, la emoción y la presencia.</p>
<p>Con cada nueva edición, la feria se consolida como un punto de referencia cultural en la ciudad, promoviendo el arte independiente y fortaleciendo la comunidad creativa.</p>
<p>ARTISTAS EXPOSITORES</p>
<p>&#8211; Gabriela Zeballos</p>
<p>&#8211; Noel Barraquero</p>
<p>&#8211; Francisco Atencio</p>
<p>&#8211; Iván Maure</p>
<p>&#8211; Gabriela Montenegro y su taller Gabiota</p>
<p>&#8211; Marcia Olivares</p>
<p>&#8211; Ivana Monte</p>
<p>&#8211; Antonella Ruiz</p>
<p>&#8211; Nahuel Monte</p>
<p>&#8211; Natali Cuello</p>
<p>&#8211; Debí Petino</p>
<p>&#8211; Sabrina Rodríguez</p>
<p>&#8211; Adriana Castillo</p>
<p>El Container (Juan B. Justo 527, Ciudad de Mendoza)</p>

<p>18 a 23H. Arteria presenta la 3ª edición de la Expo Feria de Arte, un encuentro que reúne a artistas locales, emprendimientos creativos y al público en un espacio dedicado al intercambio cultural, la producción visual y el trabajo colectivo. El evento se realizará los días 13 y 14 de diciembre de 2025, de 18 a [&hellip;]</p>
