{"id":3460,"date":"2026-01-13T10:46:05","date_gmt":"2026-01-13T13:46:05","guid":{"rendered":"https:\/\/informacionoficial.mendoza.gob.ar\/educacion-cultura-infancias-dge\/?post_type=mec-events&#038;p=3460"},"modified":"2026-01-13T10:51:58","modified_gmt":"2026-01-13T13:51:58","slug":"vino-blues","status":"publish","type":"mec-events","link":"https:\/\/informacionoficial.mendoza.gob.ar\/educacion-cultura-infancias-dge\/events\/vino-blues\/","title":{"rendered":"Vino Blues"},"content":{"rendered":"<p>21H. Vino Blues es una de las propuestas que ofrece la provincia para disfrutar del arte y de una experiencia vinculada al enoturismo durante el verano 2026. La iniciativa se enmarca en el Verano Cultural 2026 y contar\u00e1 con la presentaci\u00f3n de destacados m\u00fasicos locales, en un contexto de celebraci\u00f3n por los 90 a\u00f1os de la Fiesta Nacional de la Vendimia.<\/p>\n<p><strong>Programaci\u00f3n del lunes 19\/01:<\/strong><\/p>\n<ul>\n<li style=\"font-weight: 400\">Memphis La Blusera: comandada por el legendario bajista Daniel \u00abRuso\u00bb Beiserman, fundador y coautor de todas las canciones de la banda, y con el aporte de Martin Luka, su nuevo cantante, el grupo que patent\u00f3 una marca distintiva de blues porte\u00f1o recorre todos los grandes \u00e9xitos de su carrera de cuatro d\u00e9cadas.<\/li>\n<\/ul>\n<p style=\"font-weight: 400\">Es la banda que le abri\u00f3 camino al blues en Argentina y lo convirti\u00f3 en un g\u00e9nero de gusto masivo y para todos los p\u00fablicos.<\/p>\n<ul>\n<li style=\"font-weight: 400\">Labios de sal: es una banda mendocina con amplio recorrido en los escenarios. Integrada por Pablo Germ\u00e1n Pe\u00f1a, Mat\u00edas Elsa, Ulises L\u00f3pez, Didier Turello, Gustavo Rodr\u00edguez y Nicol\u00e1s Staub.<\/li>\n<li style=\"font-weight: 400\">Clonti Proyecto Barblue: Clonti Benegas es miembro fundadora de la banda mendocina Simpecao, que se form\u00f3 en 1995 y sigue integrando hasta hoy. Tambi\u00e9n integra la banda mendocina Chris. \u201cClonti Proyecto Barblue\u201d es un proyecto solista, junto a la baterista Gabriela Garro Distel. Su primer disco \u201cLos Puentes\u201d aparece en septiembre del 2023.<\/li>\n<\/ul>\n<p>Entrada gratuita.<\/p>\n<p>Lago del Parque General San Mart\u00edn | Ciudad de Mendoza<\/p>\n","protected":false},"excerpt":{"rendered":"<p>21H. Vino Blues es una de las propuestas que ofrece la provincia para disfrutar del arte y de una experiencia vinculada al enoturismo durante el verano 2026. La iniciativa se enmarca en el Verano Cultural 2026 y contar\u00e1 con la presentaci\u00f3n de destacados m\u00fasicos locales, en un contexto de celebraci\u00f3n por los 90 a\u00f1os de [&hellip;]<\/p>\n","protected":false},"author":58,"featured_media":0,"comment_status":"closed","ping_status":"closed","template":"","tags":[],"mec_category":[],"class_list":["post-3460","mec-events","type-mec-events","status-publish","hentry"],"_links":{"self":[{"href":"https:\/\/informacionoficial.mendoza.gob.ar\/educacion-cultura-infancias-dge\/wp-json\/wp\/v2\/mec-events\/3460","targetHints":{"allow":["GET"]}}],"collection":[{"href":"https:\/\/informacionoficial.mendoza.gob.ar\/educacion-cultura-infancias-dge\/wp-json\/wp\/v2\/mec-events"}],"about":[{"href":"https:\/\/informacionoficial.mendoza.gob.ar\/educacion-cultura-infancias-dge\/wp-json\/wp\/v2\/types\/mec-events"}],"author":[{"embeddable":true,"href":"https:\/\/informacionoficial.mendoza.gob.ar\/educacion-cultura-infancias-dge\/wp-json\/wp\/v2\/users\/58"}],"replies":[{"embeddable":true,"href":"https:\/\/informacionoficial.mendoza.gob.ar\/educacion-cultura-infancias-dge\/wp-json\/wp\/v2\/comments?post=3460"}],"wp:attachment":[{"href":"https:\/\/informacionoficial.mendoza.gob.ar\/educacion-cultura-infancias-dge\/wp-json\/wp\/v2\/media?parent=3460"}],"wp:term":[{"taxonomy":"post_tag","embeddable":true,"href":"https:\/\/informacionoficial.mendoza.gob.ar\/educacion-cultura-infancias-dge\/wp-json\/wp\/v2\/tags?post=3460"},{"taxonomy":"mec_category","embeddable":true,"href":"https:\/\/informacionoficial.mendoza.gob.ar\/educacion-cultura-infancias-dge\/wp-json\/wp\/v2\/mec_category?post=3460"}],"curies":[{"name":"wp","href":"https:\/\/api.w.org\/{rel}","templated":true}]}}

<p>21H. Vino Blues es una de las propuestas que ofrece la provincia para disfrutar del arte y de una experiencia vinculada al enoturismo durante el verano 2026. La iniciativa se enmarca en el Verano Cultural 2026 y contará con la presentación de destacados músicos locales, en un contexto de celebración por los 90 años de la Fiesta Nacional de la Vendimia.</p>
<p><strong>Programación del lunes 19/01:</strong></p>
<ul>
<li style="font-weight: 400">Memphis La Blusera: comandada por el legendario bajista Daniel «Ruso» Beiserman, fundador y coautor de todas las canciones de la banda, y con el aporte de Martin Luka, su nuevo cantante, el grupo que patentó una marca distintiva de blues porteño recorre todos los grandes éxitos de su carrera de cuatro décadas.</li>
</ul>
<p style="font-weight: 400">Es la banda que le abrió camino al blues en Argentina y lo convirtió en un género de gusto masivo y para todos los públicos.</p>
<ul>
<li style="font-weight: 400">Labios de sal: es una banda mendocina con amplio recorrido en los escenarios. Integrada por Pablo Germán Peña, Matías Elsa, Ulises López, Didier Turello, Gustavo Rodríguez y Nicolás Staub.</li>
<li style="font-weight: 400">Clonti Proyecto Barblue: Clonti Benegas es miembro fundadora de la banda mendocina Simpecao, que se formó en 1995 y sigue integrando hasta hoy. También integra la banda mendocina Chris. “Clonti Proyecto Barblue” es un proyecto solista, junto a la baterista Gabriela Garro Distel. Su primer disco “Los Puentes” aparece en septiembre del 2023.</li>
</ul>
<p>Entrada gratuita.</p>
<p>Lago del Parque General San Martín | Ciudad de Mendoza</p>

<p>21H. Vino Blues es una de las propuestas que ofrece la provincia para disfrutar del arte y de una experiencia vinculada al enoturismo durante el verano 2026. La iniciativa se enmarca en el Verano Cultural 2026 y contará con la presentación de destacados músicos locales, en un contexto de celebración por los 90 años de [&hellip;]</p>
