{"id":1587,"date":"2025-06-23T16:47:13","date_gmt":"2025-06-23T14:47:13","guid":{"rendered":"https:\/\/informacionoficial.mendoza.gob.ar\/educacion-cultura-infancias-dge\/?page_id=1587"},"modified":"2025-08-14T19:03:52","modified_gmt":"2025-08-14T17:03:52","slug":"informacion-economica-para-ministerios","status":"publish","type":"page","link":"https:\/\/informacionoficial.mendoza.gob.ar\/educacion-cultura-infancias-dge\/informacion-economica-para-ministerios\/","title":{"rendered":"Informaci\u00f3n Econ\u00f3mica"},"content":{"rendered":"<p>[et_pb_section fb_built=\u00bb1&#8243; _builder_version=\u00bb4.27.2&#8243; _module_preset=\u00bbdefault\u00bb custom_margin=\u00bb0px||0px||false|false\u00bb custom_padding=\u00bb0px||0px||false|false\u00bb global_colors_info=\u00bb{}\u00bb][et_pb_row _builder_version=\u00bb4.27.4&#8243; _module_preset=\u00bbdefault\u00bb max_width=\u00bb100%\u00bb global_colors_info=\u00bb{}\u00bb][et_pb_column type=\u00bb4_4&#8243; _builder_version=\u00bb4.27.4&#8243; _module_preset=\u00bbdefault\u00bb global_colors_info=\u00bb{}\u00bb][et_pb_post_title meta=\u00bboff\u00bb featured_image=\u00bboff\u00bb _builder_version=\u00bb4.27.4&#8243; _module_preset=\u00bbdefault\u00bb title_text_align=\u00bbcenter\u00bb title_text_color=\u00bb#666666&#8243; global_colors_info=\u00bb{}\u00bb][\/et_pb_post_title][\/et_pb_column][\/et_pb_row][\/et_pb_section][et_pb_section fb_built=\u00bb1&#8243; _builder_version=\u00bb4.27.2&#8243; _module_preset=\u00bbdefault\u00bb custom_margin=\u00bb0px||0px||false|false\u00bb custom_padding=\u00bb0px||0px||false|false\u00bb global_colors_info=\u00bb{}\u00bb][et_pb_row _builder_version=\u00bb4.27.4&#8243; _module_preset=\u00bbdefault\u00bb max_width=\u00bb100%\u00bb global_colors_info=\u00bb{}\u00bb][et_pb_column type=\u00bb4_4&#8243; _builder_version=\u00bb4.27.4&#8243; _module_preset=\u00bbdefault\u00bb global_colors_info=\u00bb{}\u00bb][et_pb_heading title=\u00bbCompras\u00bb _builder_version=\u00bb4.27.4&#8243; _module_preset=\u00bbdefault\u00bb title_level=\u00bbh2&#8243; title_text_align=\u00bbcenter\u00bb background_color=\u00bb#C8A977&#8243; custom_margin=\u00bb0px||0px||false|false\u00bb custom_padding=\u00bb1em||1em||false|false\u00bb title_text_shadow_style=\u00bbpreset1&#8243; border_radii=\u00bboff|15px|15px||\u00bb global_colors_info=\u00bb{}\u00bb][\/et_pb_heading][et_pb_text _builder_version=\u00bb4.27.4&#8243; _module_preset=\u00bbdefault\u00bb custom_margin=\u00bb0px||0px||false|false\u00bb custom_padding=\u00bb1em|1em|1em|1em|false|false\u00bb border_radii=\u00bboff|||15px|15px\u00bb border_width_all=\u00bb1px\u00bb global_colors_info=\u00bb{}\u00bb]<\/p>\n<p style=\"text-align: center\"><a href=\"https:\/\/comprar.mendoza.gov.ar\/\"><strong>Ingres\u00e1 ac\u00e1 a la p\u00e1gina oficial COMPR.AR y hac\u00e9 tu consulta<\/strong><\/a><\/p>\n<p>[\/et_pb_text][\/et_pb_column][\/et_pb_row][\/et_pb_section][et_pb_section fb_built=\u00bb1&#8243; _builder_version=\u00bb4.27.2&#8243; _module_preset=\u00bbdefault\u00bb custom_margin=\u00bb0px||0px||false|false\u00bb custom_padding=\u00bb0px||0px||false|false\u00bb global_colors_info=\u00bb{}\u00bb][et_pb_row _builder_version=\u00bb4.27.4&#8243; _module_preset=\u00bbdefault\u00bb max_width=\u00bb100%\u00bb global_colors_info=\u00bb{}\u00bb][et_pb_column type=\u00bb4_4&#8243; _builder_version=\u00bb4.27.4&#8243; _module_preset=\u00bbdefault\u00bb global_colors_info=\u00bb{}\u00bb][et_pb_heading title=\u00bbEjecuci\u00f3n presupuestaria\u00bb _builder_version=\u00bb4.27.4&#8243; _module_preset=\u00bbdefault\u00bb title_level=\u00bbh2&#8243; title_text_align=\u00bbcenter\u00bb background_color=\u00bb#C8A977&#8243; custom_margin=\u00bb0px||0px||false|false\u00bb custom_padding=\u00bb1em||1em||false|false\u00bb title_text_shadow_style=\u00bbpreset1&#8243; border_radii=\u00bboff|15px|15px||\u00bb global_colors_info=\u00bb{}\u00bb][\/et_pb_heading][et_pb_text _builder_version=\u00bb4.27.4&#8243; _module_preset=\u00bbdefault\u00bb custom_margin=\u00bb0px||0px||false|false\u00bb custom_padding=\u00bb1em|1em|1em|1em|false|false\u00bb border_radii=\u00bboff|||15px|15px\u00bb border_width_all=\u00bb1px\u00bb global_colors_info=\u00bb{}\u00bb]<\/p>\n<div class=\"presupuesto-educacion-2025\">\n<p>&#8212;<\/p>\n<table style=\"width: 100%;border-collapse: collapse;font-family: sans-serif\">\n<thead style=\"background-color: #e6f0fa;color: white\">\n<tr>\n<th style=\"padding: 10px;text-align: left\">MINISTERIO DE EDUCACI\u00d3N, CULTURA, INFANCIAS Y DGE<\/th>\n<th style=\"padding: 10px;text-align: right\">Votado 2025<\/th>\n<\/tr>\n<\/thead>\n<tbody>\n<tr>\n<td colspan=\"2\" style=\"background: #e6f0fa;padding: 10px\"><strong>Unidad Ministerio<\/strong><\/td>\n<\/tr>\n<tr>\n<td>&#8211; Erogaciones corrientes<\/td>\n<td style=\"text-align: right\">$ 35.387.085,00<\/td>\n<\/tr>\n<tr>\n<td>&#8211; Erogaciones de Capital<\/td>\n<td style=\"text-align: right\">$ 16.380.000.000,00<\/td>\n<\/tr>\n<tr>\n<td><strong>Subtotal Unidad Ministerio<\/strong><\/td>\n<td style=\"text-align: right\"><strong>$ 16.415.387.085,00<\/strong><\/td>\n<\/tr>\n<tr>\n<td colspan=\"2\" style=\"background: #e6f0fa;padding: 10px\"><strong>Subsecretar\u00eda de Infancias, Adolescencias y Juventudes<\/strong><\/td>\n<\/tr>\n<tr>\n<td>&#8211; Erogaciones corrientes<\/td>\n<td style=\"text-align: right\">$ 107.587.085,00<\/td>\n<\/tr>\n<tr>\n<td style=\"padding-left: 20px\"><strong>Direcci\u00f3n General de Protecci\u00f3n de Derechos de Ni\u00f1os\/as y Adolescentes (DGP)<\/strong><\/td>\n<td><\/td>\n<\/tr>\n<tr>\n<td style=\"padding-left: 40px\">&#8211; Personal<\/td>\n<td style=\"text-align: right\">$ 15.604.368.389,00<\/td>\n<\/tr>\n<tr>\n<td style=\"padding-left: 40px\">&#8211; Erogaciones corrientes<\/td>\n<td style=\"text-align: right\">$ 18.939.986.477,00<\/td>\n<\/tr>\n<tr>\n<td style=\"padding-left: 40px\">&#8211; Erogaciones de Capital<\/td>\n<td style=\"text-align: right\">$ 195.000.507,00<\/td>\n<\/tr>\n<tr>\n<td style=\"padding-left: 20px\"><strong>Subtotal DGP<\/strong><\/td>\n<td style=\"text-align: right\"><strong>$ 34.739.355.373,00<\/strong><\/td>\n<\/tr>\n<tr>\n<td style=\"padding-left: 20px\"><strong>Direcci\u00f3n de Responsabilidad Penal Juvenil (DRPJ)<\/strong><\/td>\n<td><\/td>\n<\/tr>\n<tr>\n<td style=\"padding-left: 40px\">&#8211; Personal<\/td>\n<td style=\"text-align: right\">$ 8.995.286.528,00<\/td>\n<\/tr>\n<tr>\n<td style=\"padding-left: 40px\">&#8211; Erogaciones corrientes<\/td>\n<td style=\"text-align: right\">$ 972.435.556,00<\/td>\n<\/tr>\n<tr>\n<td style=\"padding-left: 20px\"><strong>Subtotal DRPJ<\/strong><\/td>\n<td style=\"text-align: right\"><strong>$ 9.967.722.084,00<\/strong><\/td>\n<\/tr>\n<tr>\n<td><strong>Subtotal Subsecretar\u00eda Infancias, Adolescencias y Juventudes<\/strong><\/td>\n<td style=\"text-align: right\"><strong>$ 44.814.664.542,00<\/strong><\/td>\n<\/tr>\n<tr>\n<td colspan=\"2\" style=\"background: #e6f0fa;padding: 10px\"><strong>Subsecretar\u00eda de Infraestructura Escolar, Cultural y de Infancias<\/strong><\/td>\n<\/tr>\n<tr>\n<td>&#8211; Personal<\/td>\n<td style=\"text-align: right\">$ 1.984.991.920,00<\/td>\n<\/tr>\n<tr>\n<td>&#8211; Erogaciones corrientes<\/td>\n<td style=\"text-align: right\">$ 380.392.293,00<\/td>\n<\/tr>\n<tr>\n<td>&#8211; Erogaciones de Capital<\/td>\n<td style=\"text-align: right\">$ 45.200.017.351,00<\/td>\n<\/tr>\n<tr>\n<td><strong>Subtotal Subsecretar\u00eda de Infraestructura<\/strong><\/td>\n<td style=\"text-align: right\"><strong>$ 47.565.401.564,00<\/strong><\/td>\n<\/tr>\n<tr>\n<td colspan=\"2\" style=\"background: #e6f0fa;padding: 10px\"><strong>Subsecretar\u00eda de Cultura<\/strong><\/td>\n<\/tr>\n<tr>\n<td>&#8211; Personal<\/td>\n<td style=\"text-align: right\">$ 4.317.330.427,00<\/td>\n<\/tr>\n<tr>\n<td>&#8211; Erogaciones corrientes<\/td>\n<td style=\"text-align: right\">$ 9.718.061.135,00<\/td>\n<\/tr>\n<tr>\n<td><strong>Subtotal Subsecretar\u00eda de Cultura<\/strong><\/td>\n<td style=\"text-align: right\"><strong>$ 14.035.391.562,00<\/strong><\/td>\n<\/tr>\n<tr>\n<td colspan=\"2\" style=\"background: #e6f0fa;padding: 10px\"><strong>Direcci\u00f3n General de Escuelas<\/strong><\/td>\n<\/tr>\n<tr>\n<td>&#8211; Personal<\/td>\n<td style=\"text-align: right\">$ 770.867.394.126,00<\/td>\n<\/tr>\n<tr>\n<td>&#8211; Erogaciones corrientes<\/td>\n<td style=\"text-align: right\">$ 216.640.162.059,00<\/td>\n<\/tr>\n<tr>\n<td>&#8211; Erogaciones de Capital<\/td>\n<td style=\"text-align: right\">$ 1.463.000.000,00<\/td>\n<\/tr>\n<tr>\n<td><strong>Subtotal Direcci\u00f3n General de Escuelas<\/strong><\/td>\n<td style=\"text-align: right\"><strong>$ 988.970.556.185,00<\/strong><\/td>\n<\/tr>\n<tr>\n<td colspan=\"2\" style=\"background: #e6f0fa;padding: 10px\"><strong>Unidad Coordinaci\u00f3n de Programas y Proyectos (UCPP)<\/strong><\/td>\n<\/tr>\n<tr>\n<td>&#8211; Erogaciones corrientes<\/td>\n<td style=\"text-align: right\">$ 655.409.324,00<\/td>\n<\/tr>\n<tr>\n<td>&#8211; Erogaciones de Capital<\/td>\n<td style=\"text-align: right\">$ 569.624.451,00<\/td>\n<\/tr>\n<tr>\n<td><strong>Subtotal UCPP<\/strong><\/td>\n<td style=\"text-align: right\"><strong>$ 1.225.033.775,00<\/strong><\/td>\n<\/tr>\n<tr style=\"background: #1f4e79;color: white\">\n<td style=\"padding: 10px\"><strong>Total general Ministerio de Educaci\u00f3n, Cultura, Infancias y DGE<\/strong><\/td>\n<td style=\"padding: 10px;text-align: right\"><strong>$ 1.113.026.434.713,00<\/strong><\/td>\n<\/tr>\n<\/tbody>\n<\/table>\n<\/div>\n<p>[\/et_pb_text][\/et_pb_column][\/et_pb_row][et_pb_row _builder_version=\u00bb4.27.4&#8243; _module_preset=\u00bbdefault\u00bb max_width=\u00bb100%\u00bb global_colors_info=\u00bb{}\u00bb][et_pb_column type=\u00bb4_4&#8243; _builder_version=\u00bb4.27.4&#8243; _module_preset=\u00bbdefault\u00bb global_colors_info=\u00bb{}\u00bb][et_pb_heading title=\u00bbDDJJ de los funcionarios\u00bb _builder_version=\u00bb4.27.4&#8243; _module_preset=\u00bbdefault\u00bb title_level=\u00bbh2&#8243; title_text_align=\u00bbcenter\u00bb background_color=\u00bb#C8A977&#8243; custom_margin=\u00bb0px||0px||false|false\u00bb custom_padding=\u00bb1em||1em||false|false\u00bb title_text_shadow_style=\u00bbpreset1&#8243; border_radii=\u00bboff|15px|15px||\u00bb global_colors_info=\u00bb{}\u00bb][\/et_pb_heading][et_pb_text _builder_version=\u00bb4.27.4&#8243; _module_preset=\u00bbdefault\u00bb custom_margin=\u00bb0px||0px||false|false\u00bb custom_padding=\u00bb1em|1em|1em|1em|false|false\u00bb border_radii=\u00bboff|||15px|15px\u00bb border_width_all=\u00bb1px\u00bb global_colors_info=\u00bb{}\u00bb]<\/p>\n<p style=\"text-align: center\"><a href=\"https:\/\/eticapublica.mendoza.gov.ar\/welcome\/declaraciones\"><strong>Ingres\u00e1 en el sitio de \u00c9tica P\u00fablica de Mendoza y consult\u00e1 las Declaraciones Juradas de los funcionarios<\/strong><\/a><\/p>\n<p>[\/et_pb_text][\/et_pb_column][\/et_pb_row][et_pb_row _builder_version=\u00bb4.27.4&#8243; _module_preset=\u00bbdefault\u00bb max_width=\u00bb100%\u00bb global_colors_info=\u00bb{}\u00bb][et_pb_column type=\u00bb4_4&#8243; _builder_version=\u00bb4.27.4&#8243; _module_preset=\u00bbdefault\u00bb global_colors_info=\u00bb{}\u00bb][et_pb_heading title=\u00bbRendici\u00f3n de cuentas\u00bb _builder_version=\u00bb4.27.4&#8243; _module_preset=\u00bbdefault\u00bb title_level=\u00bbh2&#8243; title_text_align=\u00bbcenter\u00bb background_color=\u00bb#C8A977&#8243; custom_margin=\u00bb0px||0px||false|false\u00bb custom_padding=\u00bb1em||1em||false|false\u00bb title_text_shadow_style=\u00bbpreset1&#8243; border_radii=\u00bboff|15px|15px||\u00bb global_colors_info=\u00bb{}\u00bb][\/et_pb_heading][et_pb_text _builder_version=\u00bb4.27.4&#8243; _module_preset=\u00bbdefault\u00bb custom_margin=\u00bb0px||0px||false|false\u00bb custom_padding=\u00bb1em|1em|1em|1em|false|false\u00bb border_radii=\u00bboff|||15px|15px\u00bb border_width_all=\u00bb1px\u00bb global_colors_info=\u00bb{}\u00bb]<\/p>\n<ul>\n<li><a href=\"https:\/\/mza-dicaws-portal-uploads-media-prod.s3.us-east-1.amazonaws.com\/informacion-oficial\/uploads\/sites\/14\/2025\/07\/Informe-PEAM-2024-Diciembre-2024-.pdf\" rel=\"attachment wp-att-1698\"><strong>Informe Anual 2024 (seg\u00fan Ley 9438) PEAM \u2013 Plan Estrat\u00e9gico de Alfabetizaci\u00f3n de la Provincia de Mendoza<\/strong><\/a><\/li>\n<li><strong><a href=\"https:\/\/mza-dicaws-portal-uploads-media-prod.s3.us-east-1.amazonaws.com\/informacion-oficial\/uploads\/sites\/14\/2025\/07\/Balance-Programas-de-Infancias-Adolescencias-y-Juventudes.pdf\" rel=\"attachment wp-att-1770\">Balance semestral de los programas de Infancias, Adolescencias y Juventudes<\/a><\/strong><\/li>\n<\/ul>\n<p>[\/et_pb_text][\/et_pb_column][\/et_pb_row][\/et_pb_section]<\/p>\n","protected":false},"excerpt":{"rendered":"<p>Ingres\u00e1 ac\u00e1 a la p\u00e1gina oficial COMPR.AR y hac\u00e9 tu consulta &#8212; MINISTERIO DE EDUCACI\u00d3N, CULTURA, INFANCIAS Y DGE Votado 2025 Unidad Ministerio &#8211; Erogaciones corrientes $ 35.387.085,00 &#8211; Erogaciones de Capital $ 16.380.000.000,00 Subtotal Unidad Ministerio $ 16.415.387.085,00 Subsecretar\u00eda de Infancias, Adolescencias y Juventudes &#8211; Erogaciones corrientes $ 107.587.085,00 Direcci\u00f3n General de Protecci\u00f3n de [&hellip;]<\/p>\n","protected":false},"author":60,"featured_media":0,"parent":0,"menu_order":0,"comment_status":"closed","ping_status":"closed","template":"","meta":{"_et_pb_use_builder":"on","_et_pb_old_content":"","_et_gb_content_width":"","footnotes":""},"class_list":["post-1587","page","type-page","status-publish","hentry"],"_links":{"self":[{"href":"https:\/\/informacionoficial.mendoza.gob.ar\/educacion-cultura-infancias-dge\/wp-json\/wp\/v2\/pages\/1587","targetHints":{"allow":["GET"]}}],"collection":[{"href":"https:\/\/informacionoficial.mendoza.gob.ar\/educacion-cultura-infancias-dge\/wp-json\/wp\/v2\/pages"}],"about":[{"href":"https:\/\/informacionoficial.mendoza.gob.ar\/educacion-cultura-infancias-dge\/wp-json\/wp\/v2\/types\/page"}],"author":[{"embeddable":true,"href":"https:\/\/informacionoficial.mendoza.gob.ar\/educacion-cultura-infancias-dge\/wp-json\/wp\/v2\/users\/60"}],"replies":[{"embeddable":true,"href":"https:\/\/informacionoficial.mendoza.gob.ar\/educacion-cultura-infancias-dge\/wp-json\/wp\/v2\/comments?post=1587"}],"version-history":[{"count":10,"href":"https:\/\/informacionoficial.mendoza.gob.ar\/educacion-cultura-infancias-dge\/wp-json\/wp\/v2\/pages\/1587\/revisions"}],"predecessor-version":[{"id":2169,"href":"https:\/\/informacionoficial.mendoza.gob.ar\/educacion-cultura-infancias-dge\/wp-json\/wp\/v2\/pages\/1587\/revisions\/2169"}],"wp:attachment":[{"href":"https:\/\/informacionoficial.mendoza.gob.ar\/educacion-cultura-infancias-dge\/wp-json\/wp\/v2\/media?parent=1587"}],"curies":[{"name":"wp","href":"https:\/\/api.w.org\/{rel}","templated":true}]}}