{"id":4087,"date":"2026-04-29T10:52:53","date_gmt":"2026-04-29T13:52:53","guid":{"rendered":"https:\/\/informacionoficial.mendoza.gob.ar\/educacion-cultura-infancias-dge\/?page_id=4087"},"modified":"2026-04-29T11:03:22","modified_gmt":"2026-04-29T14:03:22","slug":"ley-yolanda-capacitacion-integral-en-ambiente-y-desarrollo-sostenible","status":"publish","type":"page","link":"https:\/\/informacionoficial.mendoza.gob.ar\/educacion-cultura-infancias-dge\/educacion-cultura-infancias-y-dge-mendoza\/ipap-mendoza\/capacitaciones-presenciales-y-a-distancia-ipap-mendoza\/ley-yolanda-capacitacion-integral-en-ambiente-y-desarrollo-sostenible\/","title":{"rendered":"Ley Yolanda &#8211; Capacitaci\u00f3n Integral en Ambiente y Desarrollo Sostenible"},"content":{"rendered":"<p>[et_pb_section fb_built=\u00bb1&#8243; admin_label=\u00bbHero\u00bb _builder_version=\u00bb4.27.4&#8243; _module_preset=\u00bbdefault\u00bb min_height=\u00bb685px\u00bb custom_margin=\u00bb0px||||false|false\u00bb custom_padding=\u00bb||10px||false|false\u00bb locked=\u00bboff\u00bb collapsed=\u00bbon\u00bb global_colors_info=\u00bb{}\u00bb][et_pb_row column_structure=\u00bb2_5,3_5&#8243; _builder_version=\u00bb4.17.6&#8243; _module_preset=\u00bb5138c454-be54-4233-bd3b-f8e6a8747976&#8243; global_colors_info=\u00bb{}\u00bb][et_pb_column type=\u00bb2_5&#8243; _builder_version=\u00bb4.17.6&#8243; _module_preset=\u00bb73121f80-a3ef-4484-8763-c3f18e3c56d2&#8243; global_colors_info=\u00bb{}\u00bb][et_pb_heading title=\u00bbIPAP\u00bb url=\u00bbhttps:\/\/informacionoficial.mendoza.gob.ar\/educacion-cultura-infancias-dge\/educacion-cultura-infancias-y-dge-mendoza\/ipap-mendoza\/\u00bb _builder_version=\u00bb4.27.4&#8243; _module_preset=\u00bbf0c675ea-2574-4d0e-b725-30f8550a8550&#8243; title_level=\u00bbh4&#8243; title_font=\u00bb&#8211;et_global_body_font|Playfair Display_weight||on|||||\u00bb title_text_color=\u00bb#03045e\u00bb title_font_size=\u00bb14px\u00bb title_letter_spacing=\u00bb1px\u00bb title_line_height=\u00bb1.4em\u00bb custom_margin=\u00bb||10px||false|false\u00bb title_font_size_tablet=\u00bb13px\u00bb title_font_size_phone=\u00bb13px\u00bb title_font_size_last_edited=\u00bbon|desktop\u00bb text_shadow_style=\u00bbpreset1&#8243; locked=\u00bboff\u00bb global_colors_info=\u00bb{%22#03045e%22:%91%22title_text_color%22%93}\u00bb][\/et_pb_heading][et_pb_heading title=\u00bbLey Yolanda &#8211; Capacitaci\u00f3n Integral en Ambiente y Desarrollo Sostenible\u00bb _builder_version=\u00bb4.27.4&#8243; _module_preset=\u00bbddeb8c09-9078-4424-bc15-2efb6572e28e\u00bb title_font=\u00bb&#8211;et_global_heading_font|Playfair Display_weight|||||||\u00bb title_text_color=\u00bb#0e0c19&#8243; title_font_size=\u00bb45px\u00bb title_line_height=\u00bb1.15em\u00bb title_font_size_tablet=\u00bb40px\u00bb title_font_size_phone=\u00bb24px\u00bb title_font_size_last_edited=\u00bbon|phone\u00bb locked=\u00bboff\u00bb global_colors_info=\u00bb{}\u00bb][\/et_pb_heading][et_pb_heading title=\u00bb500 cupos\u00bb url=\u00bbhttps:\/\/informacionoficial.mendoza.gob.ar\/educacion-cultura-infancias-dge\/educacion-cultura-infancias-y-dge-mendoza\/ipap-mendoza\/\u00bb _builder_version=\u00bb4.27.4&#8243; _module_preset=\u00bbf0c675ea-2574-4d0e-b725-30f8550a8550&#8243; title_level=\u00bbh4&#8243; title_font=\u00bb&#8211;et_global_body_font|Playfair Display_weight||on|||||\u00bb title_text_color=\u00bb#000000&#8243; title_font_size=\u00bb17px\u00bb title_letter_spacing=\u00bb1px\u00bb title_line_height=\u00bb1.4em\u00bb custom_margin=\u00bb||10px||false|false\u00bb title_font_size_tablet=\u00bb13px\u00bb title_font_size_phone=\u00bb13px\u00bb title_font_size_last_edited=\u00bbon|desktop\u00bb text_shadow_style=\u00bbpreset1&#8243; locked=\u00bboff\u00bb global_colors_info=\u00bb{%22#03045e%22:%91%22title_text_color%22%93}\u00bb][\/et_pb_heading][et_pb_sidebar _builder_version=\u00bb4.27.4&#8243; _module_preset=\u00bbdefault\u00bb global_colors_info=\u00bb{}\u00bb][\/et_pb_sidebar][\/et_pb_column][et_pb_column type=\u00bb3_5&#8243; _builder_version=\u00bb4.17.6&#8243; _module_preset=\u00bb73121f80-a3ef-4484-8763-c3f18e3c56d2&#8243; global_colors_info=\u00bb{}\u00bb][et_pb_image src=\u00bbhttps:\/\/mza-dicaws-portal-uploads-media-prod.s3.amazonaws.com\/informacion-oficial\/uploads\/sites\/14\/2026\/04\/educacion-ambiental-mendoza.jpg\u00bb title_text=\u00bbeducaci\u00f3n ambiental mendoza\u00bb _builder_version=\u00bb4.27.4&#8243; _module_preset=\u00bb6ed8fd5c-62c5-4100-98c3-7b8b6d2c2ee6&#8243; module_alignment=\u00bbcenter\u00bb min_height=\u00bb321.7px\u00bb hover_enabled=\u00bb0&#8243; border_radii=\u00bbon|6px|6px|6px|6px\u00bb box_shadow_style=\u00bbpreset4&#8243; box_shadow_horizontal=\u00bb0px\u00bb box_shadow_vertical=\u00bb24px\u00bb box_shadow_blur=\u00bb72px\u00bb box_shadow_spread=\u00bb-12px\u00bb box_shadow_color=\u00bbrgba(0,0,0,0.12)\u00bb global_colors_info=\u00bb{}\u00bb sticky_enabled=\u00bb0&#8243;][\/et_pb_image][et_pb_button button_url=\u00bbhttps:\/\/ipapinscripciones.mendoza.gov.ar\/\u00bb url_new_window=\u00bbon\u00bb button_text=\u00bbInscribite ac\u00e1\u00bb _builder_version=\u00bb4.27.4&#8243; _module_preset=\u00bb1bffc0fc-42a0-49d1-bd9a-ae3ade2d7206&#8243; custom_button=\u00bbon\u00bb button_text_size=\u00bb14px\u00bb button_text_color=\u00bb#FFFFFF\u00bb button_bg_color=\u00bb#03045e\u00bb button_border_width=\u00bb0px\u00bb button_border_radius=\u00bb100px\u00bb button_font=\u00bbSource Sans Pro|700|||||||\u00bb custom_padding=\u00bb12px|24px|12px|24px|true|true\u00bb locked=\u00bboff\u00bb global_colors_info=\u00bb{}\u00bb custom_padding__hover_enabled=\u00bboff|desktop\u00bb custom_padding__hover=\u00bb|28px||20px|true|false\u00bb][\/et_pb_button][\/et_pb_column][\/et_pb_row][et_pb_row column_structure=\u00bb1_2,1_2&#8243; _builder_version=\u00bb4.27.4&#8243; _module_preset=\u00bbdefault\u00bb global_colors_info=\u00bb{}\u00bb][et_pb_column type=\u00bb1_2&#8243; _builder_version=\u00bb4.27.4&#8243; _module_preset=\u00bbdefault\u00bb global_colors_info=\u00bb{}\u00bb][et_pb_heading title=\u00bbCapacitaci\u00f3n en materia de ambiente &#8211; Ley Yolanda\u00bb _builder_version=\u00bb4.27.4&#8243; _module_preset=\u00bbdefault\u00bb global_colors_info=\u00bb{}\u00bb][\/et_pb_heading][\/et_pb_column][et_pb_column type=\u00bb1_2&#8243; _builder_version=\u00bb4.27.4&#8243; _module_preset=\u00bbdefault\u00bb global_colors_info=\u00bb{}\u00bb][et_pb_heading title=\u00bbModalidad\u00bb _builder_version=\u00bb4.27.4&#8243; _module_preset=\u00bbdefault\u00bb hover_enabled=\u00bb0&#8243; global_colors_info=\u00bb{}\u00bb title_level=\u00bbh3&#8243; sticky_enabled=\u00bb0&#8243;][\/et_pb_heading][\/et_pb_column][\/et_pb_row][et_pb_row column_structure=\u00bb1_2,1_2&#8243; _builder_version=\u00bb4.27.4&#8243; _module_preset=\u00bbdefault\u00bb global_colors_info=\u00bb{}\u00bb][et_pb_column type=\u00bb1_2&#8243; _builder_version=\u00bb4.27.4&#8243; _module_preset=\u00bbdefault\u00bb global_colors_info=\u00bb{}\u00bb][et_pb_text _builder_version=\u00bb4.27.4&#8243; _module_preset=\u00bbdefault\u00bb global_colors_info=\u00bb{}\u00bb]<\/p>\n<p>Este curso se pone en marcha cumpliendo la Ley Provincial N\u00b0 9.312 (adhesi\u00f3n a la Ley Nacional N\u00b0 27.592), que establece la formaci\u00f3n obligatoria en ambiente para todas las personas que se desempe\u00f1an en la funci\u00f3n p\u00fablica en todos sus niveles y jerarqu\u00edas.<\/p>\n<p>Esta capacitaci\u00f3n tiene como objetivo garantizar que el desempe\u00f1o estatal incorpore una perspectiva de desarrollo sostenible y resiliencia ante el cambio clim\u00e1tico, promoviendo una administraci\u00f3n p\u00fablica eficiente que optimice sus recursos operativos y act\u00fae como modelo de buenas pr\u00e1cticas institucionales.<\/p>\n<p>[\/et_pb_text][\/et_pb_column][et_pb_column type=\u00bb1_2&#8243; _builder_version=\u00bb4.27.4&#8243; _module_preset=\u00bbdefault\u00bb global_colors_info=\u00bb{}\u00bb][et_pb_text _builder_version=\u00bb4.27.4&#8243; _module_preset=\u00bbdefault\u00bb custom_padding=\u00bb||0px|||\u00bb global_colors_info=\u00bb{}\u00bb]<\/p>\n<p>La metodolog\u00eda se desarrollar\u00e1 en su totalidad online, asincr\u00f3nica y autoasistida a trav\u00e9s de la plataforma virtual del IPAP.<\/p>\n<ul>\n<li>El trayecto formativo est\u00e1 dividido en siete m\u00f3dulos que incluyen:<\/li>\n<li>Saber Ambiental<\/li>\n<li>Desarrollo Sostenible<\/li>\n<li>Econom\u00eda Circular<\/li>\n<li>Cambio Clim\u00e1tico<\/li>\n<li>Biodiversidad<\/li>\n<li>Eficiencia Energ\u00e9tica<\/li>\n<li>Compromiso de la Gesti\u00f3n P\u00fablica<\/li>\n<\/ul>\n<p>[\/et_pb_text][\/et_pb_column][\/et_pb_row][et_pb_row _builder_version=\u00bb4.27.4&#8243; _module_preset=\u00bbdefault\u00bb global_colors_info=\u00bb{}\u00bb][et_pb_column type=\u00bb4_4&#8243; _builder_version=\u00bb4.27.4&#8243; _module_preset=\u00bbdefault\u00bb global_colors_info=\u00bb{}\u00bb][et_pb_text _builder_version=\u00bb4.27.4&#8243; _module_preset=\u00bbdefault\u00bb global_colors_info=\u00bb{}\u00bb]<\/p>\n<h3><strong>Certificaci\u00f3n\u00a0<\/strong><\/h3>\n<p>Una vez finalizado el cursado y aprobadas las instancias de evaluaci\u00f3n, el agente podr\u00e1 descargar la certificaci\u00f3n oficial emitida por el IPAP. Se est\u00e1 trabajando para que dicha acreditaci\u00f3n se visualice de manera integrada en el perfil del agente en \u00abMendoza x M\u00ed\u00bb.<\/p>\n<p>[\/et_pb_text][\/et_pb_column][\/et_pb_row][\/et_pb_section]<\/p>\n","protected":false},"excerpt":{"rendered":"<p>Este curso se pone en marcha cumpliendo la Ley Provincial N\u00b0 9.312 (adhesi\u00f3n a la Ley Nacional N\u00b0 27.592), que establece la formaci\u00f3n obligatoria en ambiente para todas las personas que se desempe\u00f1an en la funci\u00f3n p\u00fablica en todos sus niveles y jerarqu\u00edas. Esta capacitaci\u00f3n tiene como objetivo garantizar que el desempe\u00f1o estatal incorpore una [&hellip;]<\/p>\n","protected":false},"author":24,"featured_media":0,"parent":390,"menu_order":0,"comment_status":"closed","ping_status":"closed","template":"","meta":{"_et_pb_use_builder":"on","_et_pb_old_content":"","_et_gb_content_width":"","footnotes":""},"class_list":["post-4087","page","type-page","status-publish","hentry"],"_links":{"self":[{"href":"https:\/\/informacionoficial.mendoza.gob.ar\/educacion-cultura-infancias-dge\/wp-json\/wp\/v2\/pages\/4087","targetHints":{"allow":["GET"]}}],"collection":[{"href":"https:\/\/informacionoficial.mendoza.gob.ar\/educacion-cultura-infancias-dge\/wp-json\/wp\/v2\/pages"}],"about":[{"href":"https:\/\/informacionoficial.mendoza.gob.ar\/educacion-cultura-infancias-dge\/wp-json\/wp\/v2\/types\/page"}],"author":[{"embeddable":true,"href":"https:\/\/informacionoficial.mendoza.gob.ar\/educacion-cultura-infancias-dge\/wp-json\/wp\/v2\/users\/24"}],"replies":[{"embeddable":true,"href":"https:\/\/informacionoficial.mendoza.gob.ar\/educacion-cultura-infancias-dge\/wp-json\/wp\/v2\/comments?post=4087"}],"version-history":[{"count":5,"href":"https:\/\/informacionoficial.mendoza.gob.ar\/educacion-cultura-infancias-dge\/wp-json\/wp\/v2\/pages\/4087\/revisions"}],"predecessor-version":[{"id":4096,"href":"https:\/\/informacionoficial.mendoza.gob.ar\/educacion-cultura-infancias-dge\/wp-json\/wp\/v2\/pages\/4087\/revisions\/4096"}],"up":[{"embeddable":true,"href":"https:\/\/informacionoficial.mendoza.gob.ar\/educacion-cultura-infancias-dge\/wp-json\/wp\/v2\/pages\/390"}],"wp:attachment":[{"href":"https:\/\/informacionoficial.mendoza.gob.ar\/educacion-cultura-infancias-dge\/wp-json\/wp\/v2\/media?parent=4087"}],"curies":[{"name":"wp","href":"https:\/\/api.w.org\/{rel}","templated":true}]}}

Ley Yolanda &#8211; Capacitación Integral en Ambiente y Desarrollo Sostenible

<p>[et_pb_section fb_built=»1&#8243; admin_label=»Hero» _builder_version=»4.27.4&#8243; _module_preset=»default» min_height=»685px» custom_margin=»0px||||false|false» custom_padding=»||10px||false|false» locked=»off» collapsed=»on» global_colors_info=»{}»][et_pb_row column_structure=»2_5,3_5&#8243; _builder_version=»4.17.6&#8243; _module_preset=»5138c454-be54-4233-bd3b-f8e6a8747976&#8243; global_colors_info=»{}»][et_pb_column type=»2_5&#8243; _builder_version=»4.17.6&#8243; _module_preset=»73121f80-a3ef-4484-8763-c3f18e3c56d2&#8243; global_colors_info=»{}»][et_pb_heading title=»IPAP» url=»https://informacionoficial.mendoza.gob.ar/educacion-cultura-infancias-dge/educacion-cultura-infancias-y-dge-mendoza/ipap-mendoza/» _builder_version=»4.27.4&#8243; _module_preset=»f0c675ea-2574-4d0e-b725-30f8550a8550&#8243; title_level=»h4&#8243; title_font=»&#8211;et_global_body_font|Playfair Display_weight||on|||||» title_text_color=»#03045e» title_font_size=»14px» title_letter_spacing=»1px» title_line_height=»1.4em» custom_margin=»||10px||false|false» title_font_size_tablet=»13px» title_font_size_phone=»13px» title_font_size_last_edited=»on|desktop» text_shadow_style=»preset1&#8243; locked=»off» global_colors_info=»{%22#03045e%22:%91%22title_text_color%22%93}»][/et_pb_heading][et_pb_heading title=»Ley Yolanda &#8211; Capacitación Integral en Ambiente y Desarrollo Sostenible» _builder_version=»4.27.4&#8243; _module_preset=»ddeb8c09-9078-4424-bc15-2efb6572e28e» title_font=»&#8211;et_global_heading_font|Playfair Display_weight|||||||» title_text_color=»#0e0c19&#8243; title_font_size=»45px» title_line_height=»1.15em» title_font_size_tablet=»40px» title_font_size_phone=»24px» title_font_size_last_edited=»on|phone» locked=»off» global_colors_info=»{}»][/et_pb_heading][et_pb_heading title=»500 cupos» url=»https://informacionoficial.mendoza.gob.ar/educacion-cultura-infancias-dge/educacion-cultura-infancias-y-dge-mendoza/ipap-mendoza/» _builder_version=»4.27.4&#8243; _module_preset=»f0c675ea-2574-4d0e-b725-30f8550a8550&#8243; title_level=»h4&#8243; title_font=»&#8211;et_global_body_font|Playfair Display_weight||on|||||» title_text_color=»#000000&#8243; title_font_size=»17px» title_letter_spacing=»1px» title_line_height=»1.4em» custom_margin=»||10px||false|false» title_font_size_tablet=»13px» title_font_size_phone=»13px» title_font_size_last_edited=»on|desktop» text_shadow_style=»preset1&#8243; locked=»off» global_colors_info=»{%22#03045e%22:%91%22title_text_color%22%93}»][/et_pb_heading][et_pb_sidebar _builder_version=»4.27.4&#8243; _module_preset=»default» global_colors_info=»{}»][/et_pb_sidebar][/et_pb_column][et_pb_column type=»3_5&#8243; _builder_version=»4.17.6&#8243; _module_preset=»73121f80-a3ef-4484-8763-c3f18e3c56d2&#8243; global_colors_info=»{}»][et_pb_image src=»https://mza-dicaws-portal-uploads-media-prod.s3.amazonaws.com/informacion-oficial/uploads/sites/14/2026/04/educacion-ambiental-mendoza.jpg» title_text=»educación ambiental mendoza» _builder_version=»4.27.4&#8243; _module_preset=»6ed8fd5c-62c5-4100-98c3-7b8b6d2c2ee6&#8243; module_alignment=»center» min_height=»321.7px» hover_enabled=»0&#8243; border_radii=»on|6px|6px|6px|6px» box_shadow_style=»preset4&#8243; box_shadow_horizontal=»0px» box_shadow_vertical=»24px» box_shadow_blur=»72px» box_shadow_spread=»-12px» box_shadow_color=»rgba(0,0,0,0.12)» global_colors_info=»{}» sticky_enabled=»0&#8243;][/et_pb_image][et_pb_button button_url=»https://ipapinscripciones.mendoza.gov.ar/» url_new_window=»on» button_text=»Inscribite acá» _builder_version=»4.27.4&#8243; _module_preset=»1bffc0fc-42a0-49d1-bd9a-ae3ade2d7206&#8243; custom_button=»on» button_text_size=»14px» button_text_color=»#FFFFFF» button_bg_color=»#03045e» button_border_width=»0px» button_border_radius=»100px» button_font=»Source Sans Pro|700|||||||» custom_padding=»12px|24px|12px|24px|true|true» locked=»off» global_colors_info=»{}» custom_padding__hover_enabled=»off|desktop» custom_padding__hover=»|28px||20px|true|false»][/et_pb_button][/et_pb_column][/et_pb_row][et_pb_row column_structure=»1_2,1_2&#8243; _builder_version=»4.27.4&#8243; _module_preset=»default» global_colors_info=»{}»][et_pb_column type=»1_2&#8243; _builder_version=»4.27.4&#8243; _module_preset=»default» global_colors_info=»{}»][et_pb_heading title=»Capacitación en materia de ambiente &#8211; Ley Yolanda» _builder_version=»4.27.4&#8243; _module_preset=»default» global_colors_info=»{}»][/et_pb_heading][/et_pb_column][et_pb_column type=»1_2&#8243; _builder_version=»4.27.4&#8243; _module_preset=»default» global_colors_info=»{}»][et_pb_heading title=»Modalidad» _builder_version=»4.27.4&#8243; _module_preset=»default» hover_enabled=»0&#8243; global_colors_info=»{}» title_level=»h3&#8243; sticky_enabled=»0&#8243;][/et_pb_heading][/et_pb_column][/et_pb_row][et_pb_row column_structure=»1_2,1_2&#8243; _builder_version=»4.27.4&#8243; _module_preset=»default» global_colors_info=»{}»][et_pb_column type=»1_2&#8243; _builder_version=»4.27.4&#8243; _module_preset=»default» global_colors_info=»{}»][et_pb_text _builder_version=»4.27.4&#8243; _module_preset=»default» global_colors_info=»{}»]</p>
<p>Este curso se pone en marcha cumpliendo la Ley Provincial N° 9.312 (adhesión a la Ley Nacional N° 27.592), que establece la formación obligatoria en ambiente para todas las personas que se desempeñan en la función pública en todos sus niveles y jerarquías.</p>
<p>Esta capacitación tiene como objetivo garantizar que el desempeño estatal incorpore una perspectiva de desarrollo sostenible y resiliencia ante el cambio climático, promoviendo una administración pública eficiente que optimice sus recursos operativos y actúe como modelo de buenas prácticas institucionales.</p>
<p>[/et_pb_text][/et_pb_column][et_pb_column type=»1_2&#8243; _builder_version=»4.27.4&#8243; _module_preset=»default» global_colors_info=»{}»][et_pb_text _builder_version=»4.27.4&#8243; _module_preset=»default» custom_padding=»||0px|||» global_colors_info=»{}»]</p>
<p>La metodología se desarrollará en su totalidad online, asincrónica y autoasistida a través de la plataforma virtual del IPAP.</p>
<ul>
<li>El trayecto formativo está dividido en siete módulos que incluyen:</li>
<li>Saber Ambiental</li>
<li>Desarrollo Sostenible</li>
<li>Economía Circular</li>
<li>Cambio Climático</li>
<li>Biodiversidad</li>
<li>Eficiencia Energética</li>
<li>Compromiso de la Gestión Pública</li>
</ul>
<p>[/et_pb_text][/et_pb_column][/et_pb_row][et_pb_row _builder_version=»4.27.4&#8243; _module_preset=»default» global_colors_info=»{}»][et_pb_column type=»4_4&#8243; _builder_version=»4.27.4&#8243; _module_preset=»default» global_colors_info=»{}»][et_pb_text _builder_version=»4.27.4&#8243; _module_preset=»default» global_colors_info=»{}»]</p>
<h3><strong>Certificación </strong></h3>
<p>Una vez finalizado el cursado y aprobadas las instancias de evaluación, el agente podrá descargar la certificación oficial emitida por el IPAP. Se está trabajando para que dicha acreditación se visualice de manera integrada en el perfil del agente en «Mendoza x Mí».</p>
<p>[/et_pb_text][/et_pb_column][/et_pb_row][/et_pb_section]</p>

<p>Este curso se pone en marcha cumpliendo la Ley Provincial N° 9.312 (adhesión a la Ley Nacional N° 27.592), que establece la formación obligatoria en ambiente para todas las personas que se desempeñan en la función pública en todos sus niveles y jerarquías. Esta capacitación tiene como objetivo garantizar que el desempeño estatal incorpore una [&hellip;]</p>
