{"id":1854,"date":"2025-06-23T16:29:14","date_gmt":"2025-06-23T14:29:14","guid":{"rendered":"https:\/\/informacionoficial.mendoza.gob.ar\/energiayambiente\/?page_id=1854"},"modified":"2025-08-20T15:16:15","modified_gmt":"2025-08-20T13:16:15","slug":"informacion-economica-para-ministerios","status":"publish","type":"page","link":"https:\/\/informacionoficial.mendoza.gob.ar\/energiayambiente\/informacion-economica-para-ministerios\/","title":{"rendered":"Informaci\u00f3n Econ\u00f3mica"},"content":{"rendered":"<p>[et_pb_section fb_built=\u00bb1&#8243; _builder_version=\u00bb4.27.2&#8243; _module_preset=\u00bbdefault\u00bb custom_margin=\u00bb0px||0px||false|false\u00bb custom_padding=\u00bb0px||0px||false|false\u00bb global_colors_info=\u00bb{}\u00bb][et_pb_row _builder_version=\u00bb4.27.4&#8243; _module_preset=\u00bbdefault\u00bb max_width=\u00bb100%\u00bb global_colors_info=\u00bb{}\u00bb][et_pb_column type=\u00bb4_4&#8243; _builder_version=\u00bb4.27.4&#8243; _module_preset=\u00bbdefault\u00bb global_colors_info=\u00bb{}\u00bb][et_pb_post_title meta=\u00bboff\u00bb featured_image=\u00bboff\u00bb _builder_version=\u00bb4.27.4&#8243; _module_preset=\u00bbdefault\u00bb title_text_align=\u00bbcenter\u00bb title_text_color=\u00bb#666666&#8243; global_colors_info=\u00bb{}\u00bb][\/et_pb_post_title][\/et_pb_column][\/et_pb_row][\/et_pb_section][et_pb_section fb_built=\u00bb1&#8243; _builder_version=\u00bb4.27.2&#8243; _module_preset=\u00bbdefault\u00bb custom_margin=\u00bb0px||0px||false|false\u00bb custom_padding=\u00bb0px||0px||false|false\u00bb global_colors_info=\u00bb{}\u00bb][et_pb_row _builder_version=\u00bb4.27.4&#8243; _module_preset=\u00bbdefault\u00bb max_width=\u00bb100%\u00bb global_colors_info=\u00bb{}\u00bb][et_pb_column type=\u00bb4_4&#8243; _builder_version=\u00bb4.27.4&#8243; _module_preset=\u00bbdefault\u00bb global_colors_info=\u00bb{}\u00bb][et_pb_heading title=\u00bbComparativa de Presupuesto Anual\u00bb _builder_version=\u00bb4.27.4&#8243; _module_preset=\u00bbdefault\u00bb title_level=\u00bbh2&#8243; title_text_align=\u00bbcenter\u00bb custom_margin=\u00bb0px||0px||false|false\u00bb custom_padding=\u00bb1em||1em||false|false\u00bb title_text_shadow_style=\u00bbpreset1&#8243; border_radii=\u00bboff|15px|15px||\u00bb global_colors_info=\u00bb{}\u00bb background_color=\u00bb#C8A977&#8243; title_text_color=\u00bb#FFFFFF\u00bb][\/et_pb_heading][et_pb_toggle title=\u00bbVer\u00bb open_toggle_text_color=\u00bbRGBA(255,255,255,0)\u00bb icon_color=\u00bb#666666&#8243; toggle_icon=\u00bb&#x3b;||divi||400&#8243; use_icon_font_size=\u00bbon\u00bb icon_font_size=\u00bb25px\u00bb open_icon_color=\u00bb#000F9F\u00bb _builder_version=\u00bb4.27.4&#8243; _module_preset=\u00bbdefault\u00bb text_orientation=\u00bbcenter\u00bb custom_margin=\u00bb0px||0px||false|false\u00bb border_radii=\u00bboff|||15px|15px\u00bb locked=\u00bboff\u00bb global_colors_info=\u00bb{}\u00bb]<img decoding=\"async\" src=\"https:\/\/mza-dicaws-portal-uploads-media-prod.s3.us-east-1.amazonaws.com\/informacion-oficial\/uploads\/sites\/12\/2025\/08\/Presupuesto-2025-05-scaled.png\" width=\"100%\" height=\"100%\" alt=\"\" class=\"wp-image-1117 alignnone size-large\" style=\"display: block;margin-left: auto;margin-right: auto\" \/>[\/et_pb_toggle][\/et_pb_column][\/et_pb_row][et_pb_row _builder_version=\u00bb4.27.4&#8243; _module_preset=\u00bbdefault\u00bb max_width=\u00bb100%\u00bb global_colors_info=\u00bb{}\u00bb][et_pb_column type=\u00bb4_4&#8243; _builder_version=\u00bb4.27.4&#8243; _module_preset=\u00bbdefault\u00bb global_colors_info=\u00bb{}\u00bb][et_pb_heading title=\u00bbSubsecretar\u00eda de Ambiente\u00bb _builder_version=\u00bb4.27.4&#8243; _module_preset=\u00bbdefault\u00bb title_level=\u00bbh2&#8243; title_text_align=\u00bbcenter\u00bb custom_margin=\u00bb0px||0px||false|false\u00bb custom_padding=\u00bb1em||1em||false|false\u00bb title_text_shadow_style=\u00bbpreset1&#8243; border_radii=\u00bboff|15px|15px||\u00bb global_colors_info=\u00bb{}\u00bb background_color=\u00bb#C8A977&#8243; title_text_color=\u00bb#FFFFFF\u00bb][\/et_pb_heading][et_pb_toggle title=\u00bbVer\u00bb open_toggle_text_color=\u00bbRGBA(255,255,255,0)\u00bb icon_color=\u00bb#666666&#8243; toggle_icon=\u00bb&#x3b;||divi||400&#8243; use_icon_font_size=\u00bbon\u00bb icon_font_size=\u00bb25px\u00bb open_icon_color=\u00bb#000F9F\u00bb _builder_version=\u00bb4.27.4&#8243; _module_preset=\u00bbdefault\u00bb text_orientation=\u00bbcenter\u00bb custom_margin=\u00bb0px||0px||false|false\u00bb border_radii=\u00bboff|||15px|15px\u00bb locked=\u00bboff\u00bb global_colors_info=\u00bb{}\u00bb]<img decoding=\"async\" src=\"https:\/\/mza-dicaws-portal-uploads-media-prod.s3.us-east-1.amazonaws.com\/informacion-oficial\/uploads\/sites\/12\/2025\/08\/Presupuesto-2025-07-scaled.png\" width=\"100%\" height=\"100%\" alt=\"\" class=\"wp-image-1117 alignnone size-large\" style=\"display: block;margin-left: auto;margin-right: auto\" \/>[\/et_pb_toggle][\/et_pb_column][\/et_pb_row][et_pb_row _builder_version=\u00bb4.27.4&#8243; _module_preset=\u00bbdefault\u00bb max_width=\u00bb100%\u00bb global_colors_info=\u00bb{}\u00bb][et_pb_column type=\u00bb4_4&#8243; _builder_version=\u00bb4.27.4&#8243; _module_preset=\u00bbdefault\u00bb global_colors_info=\u00bb{}\u00bb][et_pb_heading title=\u00bbSubsecretar\u00eda de Energ\u00eda y Miner\u00eda\u00bb _builder_version=\u00bb4.27.4&#8243; _module_preset=\u00bbdefault\u00bb title_level=\u00bbh2&#8243; title_text_align=\u00bbcenter\u00bb custom_margin=\u00bb0px||0px||false|false\u00bb custom_padding=\u00bb1em||1em||false|false\u00bb title_text_shadow_style=\u00bbpreset1&#8243; border_radii=\u00bboff|15px|15px||\u00bb global_colors_info=\u00bb{}\u00bb background_color=\u00bb#C8A977&#8243; title_text_color=\u00bb#FFFFFF\u00bb][\/et_pb_heading][et_pb_toggle title=\u00bbVer\u00bb open_toggle_text_color=\u00bbRGBA(255,255,255,0)\u00bb icon_color=\u00bb#666666&#8243; toggle_icon=\u00bb&#x3b;||divi||400&#8243; use_icon_font_size=\u00bbon\u00bb icon_font_size=\u00bb25px\u00bb open_icon_color=\u00bb#000F9F\u00bb _builder_version=\u00bb4.27.4&#8243; _module_preset=\u00bbdefault\u00bb text_orientation=\u00bbcenter\u00bb custom_margin=\u00bb0px||0px||false|false\u00bb border_radii=\u00bboff|||15px|15px\u00bb locked=\u00bboff\u00bb global_colors_info=\u00bb{}\u00bb]<img decoding=\"async\" src=\"https:\/\/mza-dicaws-portal-uploads-media-prod.s3.us-east-1.amazonaws.com\/informacion-oficial\/uploads\/sites\/12\/2025\/08\/Presupuesto-2025-09-scaled.png\" width=\"100%\" height=\"100%\" alt=\"\" class=\"wp-image-1117 alignnone size-large\" style=\"display: block;margin-left: auto;margin-right: auto\" \/>[\/et_pb_toggle][\/et_pb_column][\/et_pb_row][et_pb_row _builder_version=\u00bb4.27.4&#8243; _module_preset=\u00bbdefault\u00bb max_width=\u00bb100%\u00bb global_colors_info=\u00bb{}\u00bb][et_pb_column type=\u00bb4_4&#8243; _builder_version=\u00bb4.27.4&#8243; _module_preset=\u00bbdefault\u00bb global_colors_info=\u00bb{}\u00bb][et_pb_heading title=\u00bbProyectos Nuevos\u00bb _builder_version=\u00bb4.27.4&#8243; _module_preset=\u00bbdefault\u00bb title_level=\u00bbh2&#8243; title_text_align=\u00bbcenter\u00bb custom_margin=\u00bb0px||0px||false|false\u00bb custom_padding=\u00bb1em||1em||false|false\u00bb title_text_shadow_style=\u00bbpreset1&#8243; border_radii=\u00bboff|15px|15px||\u00bb global_colors_info=\u00bb{}\u00bb background_color=\u00bb#C8A977&#8243; title_text_color=\u00bb#FFFFFF\u00bb][\/et_pb_heading][et_pb_toggle title=\u00bbVer\u00bb open_toggle_text_color=\u00bbRGBA(255,255,255,0)\u00bb icon_color=\u00bb#666666&#8243; toggle_icon=\u00bb&#x3b;||divi||400&#8243; use_icon_font_size=\u00bbon\u00bb icon_font_size=\u00bb25px\u00bb open_icon_color=\u00bb#000F9F\u00bb _builder_version=\u00bb4.27.4&#8243; _module_preset=\u00bbdefault\u00bb text_orientation=\u00bbcenter\u00bb custom_margin=\u00bb0px||0px||false|false\u00bb border_radii=\u00bboff|||15px|15px\u00bb locked=\u00bboff\u00bb global_colors_info=\u00bb{}\u00bb]<img decoding=\"async\" src=\"https:\/\/mza-dicaws-portal-uploads-media-prod.s3.us-east-1.amazonaws.com\/informacion-oficial\/uploads\/sites\/12\/2025\/08\/Presupuesto-2025-10-scaled.png\" width=\"100%\" height=\"100%\" alt=\"\" class=\"wp-image-1117 alignnone size-large\" style=\"display: block;margin-left: auto;margin-right: auto\" \/><br \/>\n<img decoding=\"async\" src=\"https:\/\/mza-dicaws-portal-uploads-media-prod.s3.us-east-1.amazonaws.com\/informacion-oficial\/uploads\/sites\/12\/2025\/08\/Presupuesto-2025-11-scaled.png\" width=\"100%\" height=\"100%\" alt=\"\" class=\"wp-image-1117 alignnone size-large\" style=\"display: block;margin-left: auto;margin-right: auto\" \/>[\/et_pb_toggle][\/et_pb_column][\/et_pb_row][et_pb_row _builder_version=\u00bb4.27.4&#8243; _module_preset=\u00bbdefault\u00bb max_width=\u00bb100%\u00bb global_colors_info=\u00bb{}\u00bb][et_pb_column type=\u00bb4_4&#8243; _builder_version=\u00bb4.27.4&#8243; _module_preset=\u00bbdefault\u00bb global_colors_info=\u00bb{}\u00bb][et_pb_heading title=\u00bbPlan de Obras\u00bb _builder_version=\u00bb4.27.4&#8243; _module_preset=\u00bbdefault\u00bb title_level=\u00bbh2&#8243; title_text_align=\u00bbcenter\u00bb custom_margin=\u00bb0px||0px||false|false\u00bb custom_padding=\u00bb1em||1em||false|false\u00bb title_text_shadow_style=\u00bbpreset1&#8243; border_radii=\u00bboff|15px|15px||\u00bb global_colors_info=\u00bb{}\u00bb background_color=\u00bb#C8A977&#8243; title_text_color=\u00bb#FFFFFF\u00bb][\/et_pb_heading][et_pb_toggle title=\u00bbVer\u00bb open_toggle_text_color=\u00bbRGBA(255,255,255,0)\u00bb icon_color=\u00bb#666666&#8243; toggle_icon=\u00bb&#x3b;||divi||400&#8243; use_icon_font_size=\u00bbon\u00bb icon_font_size=\u00bb25px\u00bb open_icon_color=\u00bb#000F9F\u00bb _builder_version=\u00bb4.27.4&#8243; _module_preset=\u00bbdefault\u00bb text_orientation=\u00bbcenter\u00bb custom_margin=\u00bb0px||0px||false|false\u00bb border_radii=\u00bboff|||15px|15px\u00bb locked=\u00bboff\u00bb global_colors_info=\u00bb{}\u00bb]<img decoding=\"async\" src=\"https:\/\/mza-dicaws-portal-uploads-media-prod.s3.us-east-1.amazonaws.com\/informacion-oficial\/uploads\/sites\/12\/2025\/08\/Presupuesto-2025-12-scaled.png\" width=\"100%\" height=\"100%\" alt=\"\" class=\"wp-image-1117 alignnone size-large\" style=\"display: block;margin-left: auto;margin-right: auto\" \/><br \/>\n<img decoding=\"async\" src=\"https:\/\/mza-dicaws-portal-uploads-media-prod.s3.us-east-1.amazonaws.com\/informacion-oficial\/uploads\/sites\/12\/2025\/08\/Presupuesto-2025-13-scaled.png\" width=\"100%\" height=\"100%\" alt=\"\" class=\"wp-image-1117 alignnone size-large\" style=\"display: block;margin-left: auto;margin-right: auto\" \/>[\/et_pb_toggle][\/et_pb_column][\/et_pb_row][\/et_pb_section][et_pb_section fb_built=\u00bb1&#8243; _builder_version=\u00bb4.27.2&#8243; _module_preset=\u00bbdefault\u00bb custom_margin=\u00bb0px||0px||false|false\u00bb custom_padding=\u00bb0px||0px||false|false\u00bb global_colors_info=\u00bb{}\u00bb][\/et_pb_section]<\/p>\n","protected":false},"excerpt":{"rendered":"","protected":false},"author":60,"featured_media":0,"parent":0,"menu_order":0,"comment_status":"closed","ping_status":"closed","template":"","meta":{"_et_pb_use_builder":"on","_et_pb_old_content":"","_et_gb_content_width":"","footnotes":""},"class_list":["post-1854","page","type-page","status-publish","hentry"],"_links":{"self":[{"href":"https:\/\/informacionoficial.mendoza.gob.ar\/energiayambiente\/wp-json\/wp\/v2\/pages\/1854","targetHints":{"allow":["GET"]}}],"collection":[{"href":"https:\/\/informacionoficial.mendoza.gob.ar\/energiayambiente\/wp-json\/wp\/v2\/pages"}],"about":[{"href":"https:\/\/informacionoficial.mendoza.gob.ar\/energiayambiente\/wp-json\/wp\/v2\/types\/page"}],"author":[{"embeddable":true,"href":"https:\/\/informacionoficial.mendoza.gob.ar\/energiayambiente\/wp-json\/wp\/v2\/users\/60"}],"replies":[{"embeddable":true,"href":"https:\/\/informacionoficial.mendoza.gob.ar\/energiayambiente\/wp-json\/wp\/v2\/comments?post=1854"}],"version-history":[{"count":6,"href":"https:\/\/informacionoficial.mendoza.gob.ar\/energiayambiente\/wp-json\/wp\/v2\/pages\/1854\/revisions"}],"predecessor-version":[{"id":2596,"href":"https:\/\/informacionoficial.mendoza.gob.ar\/energiayambiente\/wp-json\/wp\/v2\/pages\/1854\/revisions\/2596"}],"wp:attachment":[{"href":"https:\/\/informacionoficial.mendoza.gob.ar\/energiayambiente\/wp-json\/wp\/v2\/media?parent=1854"}],"curies":[{"name":"wp","href":"https:\/\/api.w.org\/{rel}","templated":true}]}}

Información Económica

<p>[et_pb_section fb_built=»1&#8243; _builder_version=»4.27.2&#8243; _module_preset=»default» custom_margin=»0px||0px||false|false» custom_padding=»0px||0px||false|false» global_colors_info=»{}»][et_pb_row _builder_version=»4.27.4&#8243; _module_preset=»default» max_width=»100%» global_colors_info=»{}»][et_pb_column type=»4_4&#8243; _builder_version=»4.27.4&#8243; _module_preset=»default» global_colors_info=»{}»][et_pb_post_title meta=»off» featured_image=»off» _builder_version=»4.27.4&#8243; _module_preset=»default» title_text_align=»center» title_text_color=»#666666&#8243; global_colors_info=»{}»][/et_pb_post_title][/et_pb_column][/et_pb_row][/et_pb_section][et_pb_section fb_built=»1&#8243; _builder_version=»4.27.2&#8243; _module_preset=»default» custom_margin=»0px||0px||false|false» custom_padding=»0px||0px||false|false» global_colors_info=»{}»][et_pb_row _builder_version=»4.27.4&#8243; _module_preset=»default» max_width=»100%» global_colors_info=»{}»][et_pb_column type=»4_4&#8243; _builder_version=»4.27.4&#8243; _module_preset=»default» global_colors_info=»{}»][et_pb_heading title=»Comparativa de Presupuesto Anual» _builder_version=»4.27.4&#8243; _module_preset=»default» title_level=»h2&#8243; title_text_align=»center» custom_margin=»0px||0px||false|false» custom_padding=»1em||1em||false|false» title_text_shadow_style=»preset1&#8243; border_radii=»off|15px|15px||» global_colors_info=»{}» background_color=»#C8A977&#8243; title_text_color=»#FFFFFF»][/et_pb_heading][et_pb_toggle title=»Ver» open_toggle_text_color=»RGBA(255,255,255,0)» icon_color=»#666666&#8243; toggle_icon=»&#x3b;||divi||400&#8243; use_icon_font_size=»on» icon_font_size=»25px» open_icon_color=»#000F9F» _builder_version=»4.27.4&#8243; _module_preset=»default» text_orientation=»center» custom_margin=»0px||0px||false|false» border_radii=»off|||15px|15px» locked=»off» global_colors_info=»{}»]<img decoding="async" src="https://mza-dicaws-portal-uploads-media-prod.s3.us-east-1.amazonaws.com/informacion-oficial/uploads/sites/12/2025/08/Presupuesto-2025-05-scaled.png" width="100%" height="100%" alt="" class="wp-image-1117 alignnone size-large" style="display: block;margin-left: auto;margin-right: auto" />[/et_pb_toggle][/et_pb_column][/et_pb_row][et_pb_row _builder_version=»4.27.4&#8243; _module_preset=»default» max_width=»100%» global_colors_info=»{}»][et_pb_column type=»4_4&#8243; _builder_version=»4.27.4&#8243; _module_preset=»default» global_colors_info=»{}»][et_pb_heading title=»Subsecretaría de Ambiente» _builder_version=»4.27.4&#8243; _module_preset=»default» title_level=»h2&#8243; title_text_align=»center» custom_margin=»0px||0px||false|false» custom_padding=»1em||1em||false|false» title_text_shadow_style=»preset1&#8243; border_radii=»off|15px|15px||» global_colors_info=»{}» background_color=»#C8A977&#8243; title_text_color=»#FFFFFF»][/et_pb_heading][et_pb_toggle title=»Ver» open_toggle_text_color=»RGBA(255,255,255,0)» icon_color=»#666666&#8243; toggle_icon=»&#x3b;||divi||400&#8243; use_icon_font_size=»on» icon_font_size=»25px» open_icon_color=»#000F9F» _builder_version=»4.27.4&#8243; _module_preset=»default» text_orientation=»center» custom_margin=»0px||0px||false|false» border_radii=»off|||15px|15px» locked=»off» global_colors_info=»{}»]<img decoding="async" src="https://mza-dicaws-portal-uploads-media-prod.s3.us-east-1.amazonaws.com/informacion-oficial/uploads/sites/12/2025/08/Presupuesto-2025-07-scaled.png" width="100%" height="100%" alt="" class="wp-image-1117 alignnone size-large" style="display: block;margin-left: auto;margin-right: auto" />[/et_pb_toggle][/et_pb_column][/et_pb_row][et_pb_row _builder_version=»4.27.4&#8243; _module_preset=»default» max_width=»100%» global_colors_info=»{}»][et_pb_column type=»4_4&#8243; _builder_version=»4.27.4&#8243; _module_preset=»default» global_colors_info=»{}»][et_pb_heading title=»Subsecretaría de Energía y Minería» _builder_version=»4.27.4&#8243; _module_preset=»default» title_level=»h2&#8243; title_text_align=»center» custom_margin=»0px||0px||false|false» custom_padding=»1em||1em||false|false» title_text_shadow_style=»preset1&#8243; border_radii=»off|15px|15px||» global_colors_info=»{}» background_color=»#C8A977&#8243; title_text_color=»#FFFFFF»][/et_pb_heading][et_pb_toggle title=»Ver» open_toggle_text_color=»RGBA(255,255,255,0)» icon_color=»#666666&#8243; toggle_icon=»&#x3b;||divi||400&#8243; use_icon_font_size=»on» icon_font_size=»25px» open_icon_color=»#000F9F» _builder_version=»4.27.4&#8243; _module_preset=»default» text_orientation=»center» custom_margin=»0px||0px||false|false» border_radii=»off|||15px|15px» locked=»off» global_colors_info=»{}»]<img decoding="async" src="https://mza-dicaws-portal-uploads-media-prod.s3.us-east-1.amazonaws.com/informacion-oficial/uploads/sites/12/2025/08/Presupuesto-2025-09-scaled.png" width="100%" height="100%" alt="" class="wp-image-1117 alignnone size-large" style="display: block;margin-left: auto;margin-right: auto" />[/et_pb_toggle][/et_pb_column][/et_pb_row][et_pb_row _builder_version=»4.27.4&#8243; _module_preset=»default» max_width=»100%» global_colors_info=»{}»][et_pb_column type=»4_4&#8243; _builder_version=»4.27.4&#8243; _module_preset=»default» global_colors_info=»{}»][et_pb_heading title=»Proyectos Nuevos» _builder_version=»4.27.4&#8243; _module_preset=»default» title_level=»h2&#8243; title_text_align=»center» custom_margin=»0px||0px||false|false» custom_padding=»1em||1em||false|false» title_text_shadow_style=»preset1&#8243; border_radii=»off|15px|15px||» global_colors_info=»{}» background_color=»#C8A977&#8243; title_text_color=»#FFFFFF»][/et_pb_heading][et_pb_toggle title=»Ver» open_toggle_text_color=»RGBA(255,255,255,0)» icon_color=»#666666&#8243; toggle_icon=»&#x3b;||divi||400&#8243; use_icon_font_size=»on» icon_font_size=»25px» open_icon_color=»#000F9F» _builder_version=»4.27.4&#8243; _module_preset=»default» text_orientation=»center» custom_margin=»0px||0px||false|false» border_radii=»off|||15px|15px» locked=»off» global_colors_info=»{}»]<img decoding="async" src="https://mza-dicaws-portal-uploads-media-prod.s3.us-east-1.amazonaws.com/informacion-oficial/uploads/sites/12/2025/08/Presupuesto-2025-10-scaled.png" width="100%" height="100%" alt="" class="wp-image-1117 alignnone size-large" style="display: block;margin-left: auto;margin-right: auto" /><br />
<img decoding="async" src="https://mza-dicaws-portal-uploads-media-prod.s3.us-east-1.amazonaws.com/informacion-oficial/uploads/sites/12/2025/08/Presupuesto-2025-11-scaled.png" width="100%" height="100%" alt="" class="wp-image-1117 alignnone size-large" style="display: block;margin-left: auto;margin-right: auto" />[/et_pb_toggle][/et_pb_column][/et_pb_row][et_pb_row _builder_version=»4.27.4&#8243; _module_preset=»default» max_width=»100%» global_colors_info=»{}»][et_pb_column type=»4_4&#8243; _builder_version=»4.27.4&#8243; _module_preset=»default» global_colors_info=»{}»][et_pb_heading title=»Plan de Obras» _builder_version=»4.27.4&#8243; _module_preset=»default» title_level=»h2&#8243; title_text_align=»center» custom_margin=»0px||0px||false|false» custom_padding=»1em||1em||false|false» title_text_shadow_style=»preset1&#8243; border_radii=»off|15px|15px||» global_colors_info=»{}» background_color=»#C8A977&#8243; title_text_color=»#FFFFFF»][/et_pb_heading][et_pb_toggle title=»Ver» open_toggle_text_color=»RGBA(255,255,255,0)» icon_color=»#666666&#8243; toggle_icon=»&#x3b;||divi||400&#8243; use_icon_font_size=»on» icon_font_size=»25px» open_icon_color=»#000F9F» _builder_version=»4.27.4&#8243; _module_preset=»default» text_orientation=»center» custom_margin=»0px||0px||false|false» border_radii=»off|||15px|15px» locked=»off» global_colors_info=»{}»]<img decoding="async" src="https://mza-dicaws-portal-uploads-media-prod.s3.us-east-1.amazonaws.com/informacion-oficial/uploads/sites/12/2025/08/Presupuesto-2025-12-scaled.png" width="100%" height="100%" alt="" class="wp-image-1117 alignnone size-large" style="display: block;margin-left: auto;margin-right: auto" /><br />
<img decoding="async" src="https://mza-dicaws-portal-uploads-media-prod.s3.us-east-1.amazonaws.com/informacion-oficial/uploads/sites/12/2025/08/Presupuesto-2025-13-scaled.png" width="100%" height="100%" alt="" class="wp-image-1117 alignnone size-large" style="display: block;margin-left: auto;margin-right: auto" />[/et_pb_toggle][/et_pb_column][/et_pb_row][/et_pb_section][et_pb_section fb_built=»1&#8243; _builder_version=»4.27.2&#8243; _module_preset=»default» custom_margin=»0px||0px||false|false» custom_padding=»0px||0px||false|false» global_colors_info=»{}»][/et_pb_section]</p>
