{"id":6647,"date":"2026-02-03T11:59:02","date_gmt":"2026-02-03T14:59:02","guid":{"rendered":"https:\/\/informacionoficial.mendoza.gob.ar\/energiayambiente\/?page_id=6647"},"modified":"2026-02-03T12:43:09","modified_gmt":"2026-02-03T15:43:09","slug":"tablero-de-produccion-y-reservas","status":"publish","type":"page","link":"https:\/\/informacionoficial.mendoza.gob.ar\/energiayambiente\/hidrocarburos\/tablero-de-produccion-y-reservas\/","title":{"rendered":"Tablero de producci\u00f3n y reservas"},"content":{"rendered":"<p>[et_pb_section fb_built=\u00bb1&#8243; _builder_version=\u00bb4.27.4&#8243; use_background_color_gradient=\u00bbon\u00bb background_color_gradient_direction=\u00bb0deg\u00bb background_color_gradient_stops=\u00bb#ffffff 0%|#000000 75%\u00bb background_image=\u00bbhttps:\/\/mza-dicaws-portal-uploads-media-prod.s3.us-east-1.amazonaws.com\/informacion-oficial\/uploads\/sites\/12\/2025\/05\/20170808_164308-scaled-e1748527815901.jpg\u00bb background_blend=\u00bbscreen\u00bb width=\u00bb100%\u00bb min_height=\u00bb844.6px\u00bb custom_margin=\u00bb||-8px|||\u00bb custom_padding=\u00bb||0px|||\u00bb border_color_all=\u00bb#FFFFFF\u00bb global_colors_info=\u00bb{}\u00bb][et_pb_row _builder_version=\u00bb4.27.4&#8243; background_size=\u00bbinitial\u00bb background_position=\u00bbtop_left\u00bb background_repeat=\u00bbrepeat\u00bb max_width=\u00bb2560px\u00bb custom_padding=\u00bb4px||0px|||\u00bb global_colors_info=\u00bb{}\u00bb][et_pb_column type=\u00bb4_4&#8243; _builder_version=\u00bb4.27.4&#8243; _module_preset=\u00bbdefault\u00bb global_colors_info=\u00bb{}\u00bb][et_pb_heading title=\u00bbTABLERO DE PRODUCCI\u00d3N Y RESERVAS\u00bb _builder_version=\u00bb4.27.4&#8243; _module_preset=\u00bbdefault\u00bb title_font=\u00bb|300|||||||\u00bb title_text_align=\u00bbcenter\u00bb title_text_color=\u00bb#FFFFFF\u00bb title_font_size=\u00bb3.5rem\u00bb min_height=\u00bb54px\u00bb custom_margin=\u00bb||-4px|||\u00bb custom_padding=\u00bb||3px|||\u00bb title_text_shadow_style=\u00bbpreset1&#8243; global_colors_info=\u00bb{%22gcid-9107e7ce-36aa-491e-a581-b7de38ef6b97%22:%91%22title_text_color%22%93}\u00bb][\/et_pb_heading][\/et_pb_column][\/et_pb_row][et_pb_row column_structure=\u00bb1_2,1_2&#8243; _builder_version=\u00bb4.27.4&#8243; _module_preset=\u00bbdefault\u00bb max_width=\u00bb2560px\u00bb custom_padding=\u00bb||2px|||\u00bb global_colors_info=\u00bb{}\u00bb][et_pb_column type=\u00bb1_2&#8243; _builder_version=\u00bb4.27.4&#8243; _module_preset=\u00bbdefault\u00bb global_colors_info=\u00bb{}\u00bb][et_pb_blurb title=\u00bbAn\u00e1lisis de producci\u00f3n Oil &amp; Gas\u00bb url=\u00bbhttps:\/\/app.powerbi.com\/view?r=eyJrIjoiYWFkZmM0MzUtMTA4MC00ZWViLWE3YzgtMmE4YzczM2Q2YWY4IiwidCI6IjE2ZWE0ZDQwLTljZGYtNDFkMC1hMTFmLTg2YTZiMTk5MDcyMiIsImMiOjR9&#8243; use_icon=\u00bbon\u00bb font_icon=\u00bb&#xf080;||fa||900&#8243; icon_color=\u00bb#000F9F\u00bb _builder_version=\u00bb4.27.4&#8243; _module_preset=\u00bbdefault\u00bb header_text_align=\u00bbcenter\u00bb header_text_color=\u00bb#00079E\u00bb body_text_color=\u00bbgcid-840cd285-ee6f-49c1-abc9-5e893f3235b8&#8243; min_height=\u00bb175px\u00bb custom_margin=\u00bb||10%||false|false\u00bb link_option_url=\u00bbhttps:\/\/app.powerbi.com\/view?r=eyJrIjoiYWFkZmM0MzUtMTA4MC00ZWViLWE3YzgtMmE4YzczM2Q2YWY4IiwidCI6IjE2ZWE0ZDQwLTljZGYtNDFkMC1hMTFmLTg2YTZiMTk5MDcyMiIsImMiOjR9&#8243; locked=\u00bboff\u00bb global_colors_info=\u00bb{%22gcid-840cd285-ee6f-49c1-abc9-5e893f3235b8%22:%91%22body_text_color%22,%22body_text_color%22,%22header_text_color%22%93}\u00bb][\/et_pb_blurb][\/et_pb_column][et_pb_column type=\u00bb1_2&#8243; _builder_version=\u00bb4.27.4&#8243; _module_preset=\u00bbdefault\u00bb global_colors_info=\u00bb{}\u00bb][et_pb_blurb title=\u00bbBalance de Gas\u00bb url=\u00bbhttps:\/\/app.powerbi.com\/view?r=eyJrIjoiNzYwN2IzMjYtOTZkZS00NDUwLWE5YjctOTllMjVkOGY5MmQ0IiwidCI6IjE2ZWE0ZDQwLTljZGYtNDFkMC1hMTFmLTg2YTZiMTk5MDcyMiIsImMiOjR9&#8243; use_icon=\u00bbon\u00bb font_icon=\u00bb&#xf200;||fa||900&#8243; icon_color=\u00bb#000F9F\u00bb _builder_version=\u00bb4.27.4&#8243; _module_preset=\u00bbdefault\u00bb header_text_align=\u00bbcenter\u00bb header_text_color=\u00bb#00079E\u00bb body_text_color=\u00bbgcid-840cd285-ee6f-49c1-abc9-5e893f3235b8&#8243; min_height=\u00bb175px\u00bb custom_margin=\u00bb||10%||false|false\u00bb link_option_url=\u00bbhttps:\/\/app.powerbi.com\/view?r=eyJrIjoiNzYwN2IzMjYtOTZkZS00NDUwLWE5YjctOTllMjVkOGY5MmQ0IiwidCI6IjE2ZWE0ZDQwLTljZGYtNDFkMC1hMTFmLTg2YTZiMTk5MDcyMiIsImMiOjR9&#8243; hover_enabled=\u00bb0&#8243; locked=\u00bboff\u00bb global_colors_info=\u00bb{%22gcid-840cd285-ee6f-49c1-abc9-5e893f3235b8%22:%91%22body_text_color%22,%22body_text_color%22,%22header_text_color%22,%22body_text_color%22,%22body_text_color%22,%22header_text_color%22,%22body_text_color%22,%22header_text_color%22%93}\u00bb sticky_enabled=\u00bb0&#8243;][\/et_pb_blurb][\/et_pb_column][\/et_pb_row][\/et_pb_section][et_pb_section fb_built=\u00bb1&#8243; _builder_version=\u00bb4.27.4&#8243; background_enable_color=\u00bboff\u00bb background_enable_image=\u00bboff\u00bb background_blend=\u00bbscreen\u00bb custom_margin=\u00bb3px|||||\u00bb custom_padding=\u00bb||135px|||\u00bb global_colors_info=\u00bb{}\u00bb][et_pb_row _builder_version=\u00bb4.27.4&#8243; _module_preset=\u00bbdefault\u00bb max_width=\u00bb2560px\u00bb min_height=\u00bb237.1px\u00bb custom_margin=\u00bb|auto|-25px|auto||\u00bb global_colors_info=\u00bb{}\u00bb][et_pb_column type=\u00bb4_4&#8243; _builder_version=\u00bb4.27.4&#8243; _module_preset=\u00bbdefault\u00bb global_colors_info=\u00bb{}\u00bb][et_pb_cta title=\u00bbCONTACTO\u00bb button_text=\u00bbClics\u00bb _builder_version=\u00bb4.27.4&#8243; _module_preset=\u00bbdefault\u00bb background_color=\u00bb#000f9f\u00bb min_height=\u00bb167.4px\u00bb custom_margin=\u00bb1px|||||\u00bb custom_padding=\u00bb25px||3px|||\u00bb border_radii=\u00bbon|8px|8px|8px|8px\u00bb locked=\u00bboff\u00bb global_colors_info=\u00bb{}\u00bb]<\/p>\n<h3><\/h3>\n<h4>Oficina Virtual: <span style=\"color: #2ea3f2\"><a href=\"https:\/\/ticketsform.mendoza.gov.ar\/ticketsform\/servlet\/responderformulario?VU_FORM_SOLICITUD_DE_INGRESO_DE_TRAMITE\" style=\"color: #2ea3f2\">Ingreso de tr\u00e1mite<\/a><\/span><\/h4>\n<h4>Mail: <span style=\"color: #2ea3f2\"><a href=\"mailto:direcciondehidrocarburos@mendoza.gov.ar\" style=\"color: #2ea3f2\">direcciondehidrocarburos@mendoza.gov.ar<\/a><\/span><\/h4>\n<h4>L\u00ednea telef\u00f3nica +54 9 261 423 8115<\/h4>\n<p><strong>Direcci\u00f3n: <\/strong>Boulogne Sur Mer 3040 1er piso, Mendoza (CP 5500)<\/p>\n<p>[\/et_pb_cta][\/et_pb_column][\/et_pb_row][\/et_pb_section]<\/p>\n","protected":false},"excerpt":{"rendered":"<p>Oficina Virtual: Ingreso de tr\u00e1mite Mail: direcciondehidrocarburos@mendoza.gov.ar L\u00ednea telef\u00f3nica +54 9 261 423 8115 Direcci\u00f3n: Boulogne Sur Mer 3040 1er piso, Mendoza (CP 5500)<\/p>\n","protected":false},"author":13,"featured_media":0,"parent":1405,"menu_order":0,"comment_status":"closed","ping_status":"closed","template":"","meta":{"_et_pb_use_builder":"on","_et_pb_old_content":"","_et_gb_content_width":"","footnotes":""},"class_list":["post-6647","page","type-page","status-publish","hentry"],"_links":{"self":[{"href":"https:\/\/informacionoficial.mendoza.gob.ar\/energiayambiente\/wp-json\/wp\/v2\/pages\/6647","targetHints":{"allow":["GET"]}}],"collection":[{"href":"https:\/\/informacionoficial.mendoza.gob.ar\/energiayambiente\/wp-json\/wp\/v2\/pages"}],"about":[{"href":"https:\/\/informacionoficial.mendoza.gob.ar\/energiayambiente\/wp-json\/wp\/v2\/types\/page"}],"author":[{"embeddable":true,"href":"https:\/\/informacionoficial.mendoza.gob.ar\/energiayambiente\/wp-json\/wp\/v2\/users\/13"}],"replies":[{"embeddable":true,"href":"https:\/\/informacionoficial.mendoza.gob.ar\/energiayambiente\/wp-json\/wp\/v2\/comments?post=6647"}],"version-history":[{"count":6,"href":"https:\/\/informacionoficial.mendoza.gob.ar\/energiayambiente\/wp-json\/wp\/v2\/pages\/6647\/revisions"}],"predecessor-version":[{"id":6677,"href":"https:\/\/informacionoficial.mendoza.gob.ar\/energiayambiente\/wp-json\/wp\/v2\/pages\/6647\/revisions\/6677"}],"up":[{"embeddable":true,"href":"https:\/\/informacionoficial.mendoza.gob.ar\/energiayambiente\/wp-json\/wp\/v2\/pages\/1405"}],"wp:attachment":[{"href":"https:\/\/informacionoficial.mendoza.gob.ar\/energiayambiente\/wp-json\/wp\/v2\/media?parent=6647"}],"curies":[{"name":"wp","href":"https:\/\/api.w.org\/{rel}","templated":true}]}}