{"id":6952,"date":"2026-03-09T10:59:38","date_gmt":"2026-03-09T13:59:38","guid":{"rendered":"https:\/\/informacionoficial.mendoza.gob.ar\/energiayambiente\/?page_id=6952"},"modified":"2026-03-09T11:46:27","modified_gmt":"2026-03-09T14:46:27","slug":"inventario-y-huella-de-carbono","status":"publish","type":"page","link":"https:\/\/informacionoficial.mendoza.gob.ar\/energiayambiente\/1370-2\/inventario-y-huella-de-carbono\/","title":{"rendered":"Inventario y huella de carbono"},"content":{"rendered":"<p>[et_pb_section fb_built=\u00bb1&#8243; _builder_version=\u00bb4.27.4&#8243; background_color=\u00bbRGBA(255,255,255,0)\u00bb use_background_color_gradient=\u00bbon\u00bb background_color_gradient_direction=\u00bb38deg\u00bb background_color_gradient_stops=\u00bb#ffffff 67%|#0a0000 100%\u00bb background_image=\u00bbhttps:\/\/mza-dicaws-portal-uploads-media-prod.s3.amazonaws.com\/informacion-oficial\/uploads\/sites\/12\/2025\/04\/DJI_0223.jpg\u00bb background_blend=\u00bbscreen\u00bb min_height=\u00bb589px\u00bb custom_margin=\u00bb3px|||||\u00bb custom_padding=\u00bb3px||0px|||\u00bb global_colors_info=\u00bb{}\u00bb][et_pb_row _builder_version=\u00bb4.27.4&#8243; background_size=\u00bbinitial\u00bb background_position=\u00bbtop_left\u00bb background_repeat=\u00bbrepeat\u00bb max_width=\u00bb2560px\u00bb min_height=\u00bb117px\u00bb custom_margin=\u00bb|auto|-3px|auto||\u00bb custom_padding=\u00bb5px|||||\u00bb global_colors_info=\u00bb{}\u00bb][et_pb_column type=\u00bb4_4&#8243; _builder_version=\u00bb4.27.4&#8243; _module_preset=\u00bbdefault\u00bb global_colors_info=\u00bb{}\u00bb][et_pb_heading title=\u00bbINVENTARIO Y HUELLA DE CARBONO\u00bb admin_label=\u00bbFlora Nativa\u00bb _builder_version=\u00bb4.27.4&#8243; _module_preset=\u00bbdefault\u00bb title_level=\u00bbh2&#8243; title_font=\u00bb|300|||||||\u00bb title_text_align=\u00bbleft\u00bb title_text_color=\u00bbgcid-body-color\u00bb title_font_size=\u00bb40px\u00bb min_height=\u00bb42px\u00bb custom_margin=\u00bb||-3px|||\u00bb custom_padding=\u00bb||0px|||\u00bb global_colors_info=\u00bb{%22gcid-body-color%22:%91%22title_text_color%22%93}\u00bb][\/et_pb_heading][\/et_pb_column][\/et_pb_row][et_pb_row column_structure=\u00bb1_3,2_3&#8243; _builder_version=\u00bb4.27.4&#8243; _module_preset=\u00bbdefault\u00bb max_width=\u00bb2649px\u00bb global_colors_info=\u00bb{}\u00bb][et_pb_column type=\u00bb1_3&#8243; _builder_version=\u00bb4.27.4&#8243; _module_preset=\u00bbdefault\u00bb global_colors_info=\u00bb{}\u00bb][et_pb_icon font_icon=\u00bb&#xf110;||fa||900&#8243; icon_width=\u00bb200px\u00bb _builder_version=\u00bb4.27.4&#8243; _module_preset=\u00bbdefault\u00bb custom_padding=\u00bb|0px||||\u00bb global_colors_info=\u00bb{}\u00bb][\/et_pb_icon][\/et_pb_column][et_pb_column type=\u00bb2_3&#8243; _builder_version=\u00bb4.27.4&#8243; _module_preset=\u00bbdefault\u00bb global_colors_info=\u00bb{}\u00bb][et_pb_text _builder_version=\u00bb4.27.4&#8243; _module_preset=\u00bbdefault\u00bb background_color=\u00bbrgba(255,255,255,0.63)\u00bb custom_padding=\u00bb20px|21px|19px|21px|false|false\u00bb hover_enabled=\u00bb0&#8243; border_radii=\u00bbon|8px|8px|8px|8px\u00bb global_colors_info=\u00bb{}\u00bb sticky_enabled=\u00bb0&#8243;]<\/p>\n<p>2022 \u2014 Gobierno de la Provincia de Mendoza. <strong><a href=\"https:\/\/mza-dicaws-portal-uploads-media-prod.s3.amazonaws.com\/informacion-oficial\/uploads\/sites\/12\/2025\/10\/INVENTARIO-DE-GEI-2018-Y-ANALISIS-DE-RIESGOS-Y-VULNERABILIDADES-CLIMATICAS-PPAYMCC.pdf\">Inventario de Gases de Efecto Invernadero 2018 y An\u00e1lisis de Riesgos y Vulnerabilidades Clim\u00e1ticas de la Provincia de Mendoza<\/a><\/strong>.<\/p>\n<p>2022 \u2014 Servicio Meteorol\u00f3gico Nacional. <strong><a href=\"https:\/\/www.smn.gob.ar\/sites\/default\/files\/Boletin%20Gases%20Efecto%20Invernadero%202022_0.pdf\">Bolet\u00edn Gases de Efecto Invernadero A\u00f1o 2022<\/a><\/strong>. Ministerio de Seguridad.<\/p>\n<p>s.f. \u2014 WRI, ICLEI &amp; C40 Cities. <strong><a href=\"https:\/\/ghgprotocol.org\/sites\/default\/files\/2022-12\/GHGP_GPC%20%28Spanish%29.pdf\">Protocolo Global para Inventarios de Emisi\u00f3n de Gases de Efecto Invernadero a Escala Comunitaria<\/a><\/strong>.<\/p>\n<p>2018 \u2014 Bovea, M. D., Valls Val, K., Iba\u00f1ez-For\u00e9s, V., &amp; Braulio Gonzalo, M. (2018). <strong><a href=\"https:\/\/repositori.uji.es\/items\/15b3973d-ef6b-4d1e-b768-b8b1a262b839\">Comparativa de huella de carbono de organizaciones a partir de diferentes herramientas de c\u00e1lculo<\/a><\/strong>. <em>Actas del XXII Congreso Internacional de Direcci\u00f3n e Ingenier\u00eda de Proyectos<\/em>, 1183\u20131195.<\/p>\n<p>[\/et_pb_text][\/et_pb_column][\/et_pb_row][\/et_pb_section]<\/p>\n","protected":false},"excerpt":{"rendered":"<p>2022 \u2014 Gobierno de la Provincia de Mendoza. Inventario de Gases de Efecto Invernadero 2018 y An\u00e1lisis de Riesgos y Vulnerabilidades Clim\u00e1ticas de la Provincia de Mendoza. 2022 \u2014 Servicio Meteorol\u00f3gico Nacional. Bolet\u00edn Gases de Efecto Invernadero A\u00f1o 2022. Ministerio de Seguridad. s.f. \u2014 WRI, ICLEI &amp; C40 Cities. Protocolo Global para Inventarios de Emisi\u00f3n [&hellip;]<\/p>\n","protected":false},"author":13,"featured_media":0,"parent":1370,"menu_order":0,"comment_status":"closed","ping_status":"closed","template":"","meta":{"_et_pb_use_builder":"on","_et_pb_old_content":"","_et_gb_content_width":"","footnotes":""},"class_list":["post-6952","page","type-page","status-publish","hentry"],"_links":{"self":[{"href":"https:\/\/informacionoficial.mendoza.gob.ar\/energiayambiente\/wp-json\/wp\/v2\/pages\/6952","targetHints":{"allow":["GET"]}}],"collection":[{"href":"https:\/\/informacionoficial.mendoza.gob.ar\/energiayambiente\/wp-json\/wp\/v2\/pages"}],"about":[{"href":"https:\/\/informacionoficial.mendoza.gob.ar\/energiayambiente\/wp-json\/wp\/v2\/types\/page"}],"author":[{"embeddable":true,"href":"https:\/\/informacionoficial.mendoza.gob.ar\/energiayambiente\/wp-json\/wp\/v2\/users\/13"}],"replies":[{"embeddable":true,"href":"https:\/\/informacionoficial.mendoza.gob.ar\/energiayambiente\/wp-json\/wp\/v2\/comments?post=6952"}],"version-history":[{"count":7,"href":"https:\/\/informacionoficial.mendoza.gob.ar\/energiayambiente\/wp-json\/wp\/v2\/pages\/6952\/revisions"}],"predecessor-version":[{"id":6991,"href":"https:\/\/informacionoficial.mendoza.gob.ar\/energiayambiente\/wp-json\/wp\/v2\/pages\/6952\/revisions\/6991"}],"up":[{"embeddable":true,"href":"https:\/\/informacionoficial.mendoza.gob.ar\/energiayambiente\/wp-json\/wp\/v2\/pages\/1370"}],"wp:attachment":[{"href":"https:\/\/informacionoficial.mendoza.gob.ar\/energiayambiente\/wp-json\/wp\/v2\/media?parent=6952"}],"curies":[{"name":"wp","href":"https:\/\/api.w.org\/{rel}","templated":true}]}}

<p>[et_pb_section fb_built=»1&#8243; _builder_version=»4.27.4&#8243; background_color=»RGBA(255,255,255,0)» use_background_color_gradient=»on» background_color_gradient_direction=»38deg» background_color_gradient_stops=»#ffffff 67%|#0a0000 100%» background_image=»https://mza-dicaws-portal-uploads-media-prod.s3.amazonaws.com/informacion-oficial/uploads/sites/12/2025/04/DJI_0223.jpg» background_blend=»screen» min_height=»589px» custom_margin=»3px|||||» custom_padding=»3px||0px|||» global_colors_info=»{}»][et_pb_row _builder_version=»4.27.4&#8243; background_size=»initial» background_position=»top_left» background_repeat=»repeat» max_width=»2560px» min_height=»117px» custom_margin=»|auto|-3px|auto||» custom_padding=»5px|||||» global_colors_info=»{}»][et_pb_column type=»4_4&#8243; _builder_version=»4.27.4&#8243; _module_preset=»default» global_colors_info=»{}»][et_pb_heading title=»INVENTARIO Y HUELLA DE CARBONO» admin_label=»Flora Nativa» _builder_version=»4.27.4&#8243; _module_preset=»default» title_level=»h2&#8243; title_font=»|300|||||||» title_text_align=»left» title_text_color=»gcid-body-color» title_font_size=»40px» min_height=»42px» custom_margin=»||-3px|||» custom_padding=»||0px|||» global_colors_info=»{%22gcid-body-color%22:%91%22title_text_color%22%93}»][/et_pb_heading][/et_pb_column][/et_pb_row][et_pb_row column_structure=»1_3,2_3&#8243; _builder_version=»4.27.4&#8243; _module_preset=»default» max_width=»2649px» global_colors_info=»{}»][et_pb_column type=»1_3&#8243; _builder_version=»4.27.4&#8243; _module_preset=»default» global_colors_info=»{}»][et_pb_icon font_icon=»&#xf110;||fa||900&#8243; icon_width=»200px» _builder_version=»4.27.4&#8243; _module_preset=»default» custom_padding=»|0px||||» global_colors_info=»{}»][/et_pb_icon][/et_pb_column][et_pb_column type=»2_3&#8243; _builder_version=»4.27.4&#8243; _module_preset=»default» global_colors_info=»{}»][et_pb_text _builder_version=»4.27.4&#8243; _module_preset=»default» background_color=»rgba(255,255,255,0.63)» custom_padding=»20px|21px|19px|21px|false|false» hover_enabled=»0&#8243; border_radii=»on|8px|8px|8px|8px» global_colors_info=»{}» sticky_enabled=»0&#8243;]</p>
<p>2022 — Gobierno de la Provincia de Mendoza. <strong><a href="https://mza-dicaws-portal-uploads-media-prod.s3.amazonaws.com/informacion-oficial/uploads/sites/12/2025/10/INVENTARIO-DE-GEI-2018-Y-ANALISIS-DE-RIESGOS-Y-VULNERABILIDADES-CLIMATICAS-PPAYMCC.pdf">Inventario de Gases de Efecto Invernadero 2018 y Análisis de Riesgos y Vulnerabilidades Climáticas de la Provincia de Mendoza</a></strong>.</p>
<p>2022 — Servicio Meteorológico Nacional. <strong><a href="https://www.smn.gob.ar/sites/default/files/Boletin%20Gases%20Efecto%20Invernadero%202022_0.pdf">Boletín Gases de Efecto Invernadero Año 2022</a></strong>. Ministerio de Seguridad.</p>
<p>s.f. — WRI, ICLEI &amp; C40 Cities. <strong><a href="https://ghgprotocol.org/sites/default/files/2022-12/GHGP_GPC%20%28Spanish%29.pdf">Protocolo Global para Inventarios de Emisión de Gases de Efecto Invernadero a Escala Comunitaria</a></strong>.</p>
<p>2018 — Bovea, M. D., Valls Val, K., Ibañez-Forés, V., &amp; Braulio Gonzalo, M. (2018). <strong><a href="https://repositori.uji.es/items/15b3973d-ef6b-4d1e-b768-b8b1a262b839">Comparativa de huella de carbono de organizaciones a partir de diferentes herramientas de cálculo</a></strong>. <em>Actas del XXII Congreso Internacional de Dirección e Ingeniería de Proyectos</em>, 1183–1195.</p>
<p>[/et_pb_text][/et_pb_column][/et_pb_row][/et_pb_section]</p>

<p>2022 — Gobierno de la Provincia de Mendoza. Inventario de Gases de Efecto Invernadero 2018 y Análisis de Riesgos y Vulnerabilidades Climáticas de la Provincia de Mendoza. 2022 — Servicio Meteorológico Nacional. Boletín Gases de Efecto Invernadero Año 2022. Ministerio de Seguridad. s.f. — WRI, ICLEI &amp; C40 Cities. Protocolo Global para Inventarios de Emisión [&hellip;]</p>
