{"id":6959,"date":"2026-03-09T11:09:22","date_gmt":"2026-03-09T14:09:22","guid":{"rendered":"https:\/\/informacionoficial.mendoza.gob.ar\/energiayambiente\/?page_id=6959"},"modified":"2026-03-09T11:52:54","modified_gmt":"2026-03-09T14:52:54","slug":"tecnologias","status":"publish","type":"page","link":"https:\/\/informacionoficial.mendoza.gob.ar\/energiayambiente\/1370-2\/tecnologias\/","title":{"rendered":"Tecnolog\u00edas"},"content":{"rendered":"<p>[et_pb_section fb_built=\u00bb1&#8243; _builder_version=\u00bb4.27.4&#8243; background_color=\u00bbRGBA(255,255,255,0)\u00bb use_background_color_gradient=\u00bbon\u00bb background_color_gradient_direction=\u00bb38deg\u00bb background_color_gradient_stops=\u00bb#ffffff 67%|#0a0000 100%\u00bb background_image=\u00bbhttps:\/\/mza-dicaws-portal-uploads-media-prod.s3.amazonaws.com\/informacion-oficial\/uploads\/sites\/12\/2025\/04\/DJI_0223.jpg\u00bb background_blend=\u00bbscreen\u00bb min_height=\u00bb589px\u00bb custom_margin=\u00bb3px|||||\u00bb custom_padding=\u00bb3px||0px|||\u00bb global_colors_info=\u00bb{}\u00bb][et_pb_row _builder_version=\u00bb4.27.4&#8243; background_size=\u00bbinitial\u00bb background_position=\u00bbtop_left\u00bb background_repeat=\u00bbrepeat\u00bb max_width=\u00bb2560px\u00bb min_height=\u00bb117px\u00bb custom_margin=\u00bb|auto|-3px|auto||\u00bb custom_padding=\u00bb5px|||||\u00bb global_colors_info=\u00bb{}\u00bb][et_pb_column type=\u00bb4_4&#8243; _builder_version=\u00bb4.27.4&#8243; _module_preset=\u00bbdefault\u00bb global_colors_info=\u00bb{}\u00bb][et_pb_heading title=\u00bbTECNOLOG\u00cdAS\u00bb admin_label=\u00bbFlora Nativa\u00bb _builder_version=\u00bb4.27.4&#8243; _module_preset=\u00bbdefault\u00bb title_level=\u00bbh2&#8243; title_font=\u00bb|300|||||||\u00bb title_text_align=\u00bbleft\u00bb title_text_color=\u00bbgcid-body-color\u00bb title_font_size=\u00bb40px\u00bb min_height=\u00bb42px\u00bb custom_margin=\u00bb||-3px|||\u00bb custom_padding=\u00bb||0px|||\u00bb hover_enabled=\u00bb0&#8243; global_colors_info=\u00bb{%22gcid-body-color%22:%91%22title_text_color%22%93}\u00bb sticky_enabled=\u00bb0&#8243;][\/et_pb_heading][\/et_pb_column][\/et_pb_row][et_pb_row column_structure=\u00bb1_3,2_3&#8243; _builder_version=\u00bb4.27.4&#8243; _module_preset=\u00bbdefault\u00bb max_width=\u00bb2649px\u00bb global_colors_info=\u00bb{}\u00bb][et_pb_column type=\u00bb1_3&#8243; _builder_version=\u00bb4.27.4&#8243; _module_preset=\u00bbdefault\u00bb global_colors_info=\u00bb{}\u00bb][et_pb_icon font_icon=\u00bb&#xf5fc;||fa||900&#8243; icon_width=\u00bb200px\u00bb _builder_version=\u00bb4.27.4&#8243; _module_preset=\u00bbdefault\u00bb custom_padding=\u00bb|0px||||\u00bb global_colors_info=\u00bb{}\u00bb][\/et_pb_icon][\/et_pb_column][et_pb_column type=\u00bb2_3&#8243; _builder_version=\u00bb4.27.4&#8243; _module_preset=\u00bbdefault\u00bb global_colors_info=\u00bb{}\u00bb][et_pb_text _builder_version=\u00bb4.27.4&#8243; _module_preset=\u00bbdefault\u00bb background_color=\u00bbrgba(255,255,255,0.63)\u00bb custom_padding=\u00bb20px|21px|19px|21px|false|false\u00bb border_radii=\u00bbon|8px|8px|8px|8px\u00bb global_colors_info=\u00bb{}\u00bb]<\/p>\n<p>2023 \u2014 Tauber, F., &amp; Martino, H. M. (2023). <strong><a href=\"https:\/\/sedici.unlp.edu.ar\/bitstream\/handle\/10915\/161166\/Documento_completo.pdf-PDFA.pdf?sequence=1&amp;isAllowed=y\">Propuestas innovadoras para la transici\u00f3n energ\u00e9tica en la Argentina<\/a><\/strong>. <em>Anuario 2023 de Municipios de Argentina<\/em>, 7.<\/p>\n<p>2025 \u2014 Jim\u00e9nez Cazar, B. N., G\u00f3mez Moyano, J. A., Ram\u00edrez Ruiz, J. L., &amp; Vera Garc\u00eda, J. A. (2025). <strong><a href=\"https:\/\/doi.org\/10.7811\/cl_rcm.v9i3.17760\">Impacto de las tecnolog\u00edas de energ\u00eda renovable en la mitigaci\u00f3n del cambio clim\u00e1tico: una revisi\u00f3n de literatura de los \u00faltimos 5 a\u00f1os<\/a><\/strong>. <em>Ciencia Latina Revista Cient\u00edfica Multidisciplinar<\/em>, 9(3), 1504\u20131523.<\/p>\n<p>2025 \u2014 L\u00f3pez Cerezo, J. A. (2025). <strong><a href=\"https:\/\/digibuo.uniovi.es\/dspace\/bitstream\/handle\/10651\/79483\/TFM_FernandaFernandesMinisterio.pdf?sequence=4&amp;isAllowed=y\">Tecnolog\u00edas emergentes para la mitigaci\u00f3n del cambio clim\u00e1tico: innovaciones en pol\u00edticas forestales, reforestaci\u00f3n y ecolog\u00eda urbana<\/a><\/strong>. <em>Tesis de maestr\u00eda, Universidad de Oviedo.<\/em><\/p>\n<p>2024 \u2014 Flores, K. J. C., Flores, J. E. C., Valverde, J. C. C., Poma, I. G. F., &amp; Riveros. (2024). <strong><a href=\"https:\/\/pdfs.semanticscholar.org\/91a1\/d7a56fd9234216c8a57c50f37c1d2ca8b336.pdf\">Tecnolog\u00edas verdes para mitigar el cambio clim\u00e1tico<\/a><\/strong>.<\/p>\n<p>2021 \u2014 Mastragostino, P. A., &amp; Rossi, L. (2021). <strong><a href=\"https:\/\/sedici.unlp.edu.ar\/bitstream\/handle\/10915\/116013\/Documento_completo.pdf-PDFA.pdf?sequence=1&amp;isAllowed=y\">Algoritmos para salvar el planeta: nuevas tecnolog\u00edas en la mitigaci\u00f3n del cambio clim\u00e1tico<\/a><\/strong>. <em>Bolet\u00edn Informativo del Grupo de J\u00f3venes Investigadores.<\/em><\/p>\n<p>2023 \u2014 Etchegaray, D. M., &amp; Flores, A. S. (2023). <strong><a href=\"https:\/\/posicion-inigeo.unlu.edu.ar\/posicion\/article\/view\/166\/160\">Las \u00e1reas protegidas: \u00bfestrategia clave para la mitigaci\u00f3n y la adaptaci\u00f3n al cambio clim\u00e1tico?<\/a><\/strong>. <em>Posici\u00f3n. Revista del Instituto de Investigaciones Geogr\u00e1ficas<\/em>, (9), 1\u201315.<\/p>\n<p>[\/et_pb_text][\/et_pb_column][\/et_pb_row][\/et_pb_section]<\/p>\n","protected":false},"excerpt":{"rendered":"<p>2023 \u2014 Tauber, F., &amp; Martino, H. M. (2023). Propuestas innovadoras para la transici\u00f3n energ\u00e9tica en la Argentina. Anuario 2023 de Municipios de Argentina, 7. 2025 \u2014 Jim\u00e9nez Cazar, B. N., G\u00f3mez Moyano, J. A., Ram\u00edrez Ruiz, J. L., &amp; Vera Garc\u00eda, J. A. (2025). Impacto de las tecnolog\u00edas de energ\u00eda renovable en la mitigaci\u00f3n [&hellip;]<\/p>\n","protected":false},"author":13,"featured_media":0,"parent":1370,"menu_order":0,"comment_status":"closed","ping_status":"closed","template":"","meta":{"_et_pb_use_builder":"on","_et_pb_old_content":"","_et_gb_content_width":"","footnotes":""},"class_list":["post-6959","page","type-page","status-publish","hentry"],"_links":{"self":[{"href":"https:\/\/informacionoficial.mendoza.gob.ar\/energiayambiente\/wp-json\/wp\/v2\/pages\/6959","targetHints":{"allow":["GET"]}}],"collection":[{"href":"https:\/\/informacionoficial.mendoza.gob.ar\/energiayambiente\/wp-json\/wp\/v2\/pages"}],"about":[{"href":"https:\/\/informacionoficial.mendoza.gob.ar\/energiayambiente\/wp-json\/wp\/v2\/types\/page"}],"author":[{"embeddable":true,"href":"https:\/\/informacionoficial.mendoza.gob.ar\/energiayambiente\/wp-json\/wp\/v2\/users\/13"}],"replies":[{"embeddable":true,"href":"https:\/\/informacionoficial.mendoza.gob.ar\/energiayambiente\/wp-json\/wp\/v2\/comments?post=6959"}],"version-history":[{"count":7,"href":"https:\/\/informacionoficial.mendoza.gob.ar\/energiayambiente\/wp-json\/wp\/v2\/pages\/6959\/revisions"}],"predecessor-version":[{"id":6996,"href":"https:\/\/informacionoficial.mendoza.gob.ar\/energiayambiente\/wp-json\/wp\/v2\/pages\/6959\/revisions\/6996"}],"up":[{"embeddable":true,"href":"https:\/\/informacionoficial.mendoza.gob.ar\/energiayambiente\/wp-json\/wp\/v2\/pages\/1370"}],"wp:attachment":[{"href":"https:\/\/informacionoficial.mendoza.gob.ar\/energiayambiente\/wp-json\/wp\/v2\/media?parent=6959"}],"curies":[{"name":"wp","href":"https:\/\/api.w.org\/{rel}","templated":true}]}}

Tecnologías

<p>[et_pb_section fb_built=»1&#8243; _builder_version=»4.27.4&#8243; background_color=»RGBA(255,255,255,0)» use_background_color_gradient=»on» background_color_gradient_direction=»38deg» background_color_gradient_stops=»#ffffff 67%|#0a0000 100%» background_image=»https://mza-dicaws-portal-uploads-media-prod.s3.amazonaws.com/informacion-oficial/uploads/sites/12/2025/04/DJI_0223.jpg» background_blend=»screen» min_height=»589px» custom_margin=»3px|||||» custom_padding=»3px||0px|||» global_colors_info=»{}»][et_pb_row _builder_version=»4.27.4&#8243; background_size=»initial» background_position=»top_left» background_repeat=»repeat» max_width=»2560px» min_height=»117px» custom_margin=»|auto|-3px|auto||» custom_padding=»5px|||||» global_colors_info=»{}»][et_pb_column type=»4_4&#8243; _builder_version=»4.27.4&#8243; _module_preset=»default» global_colors_info=»{}»][et_pb_heading title=»TECNOLOGÍAS» admin_label=»Flora Nativa» _builder_version=»4.27.4&#8243; _module_preset=»default» title_level=»h2&#8243; title_font=»|300|||||||» title_text_align=»left» title_text_color=»gcid-body-color» title_font_size=»40px» min_height=»42px» custom_margin=»||-3px|||» custom_padding=»||0px|||» hover_enabled=»0&#8243; global_colors_info=»{%22gcid-body-color%22:%91%22title_text_color%22%93}» sticky_enabled=»0&#8243;][/et_pb_heading][/et_pb_column][/et_pb_row][et_pb_row column_structure=»1_3,2_3&#8243; _builder_version=»4.27.4&#8243; _module_preset=»default» max_width=»2649px» global_colors_info=»{}»][et_pb_column type=»1_3&#8243; _builder_version=»4.27.4&#8243; _module_preset=»default» global_colors_info=»{}»][et_pb_icon font_icon=»&#xf5fc;||fa||900&#8243; icon_width=»200px» _builder_version=»4.27.4&#8243; _module_preset=»default» custom_padding=»|0px||||» global_colors_info=»{}»][/et_pb_icon][/et_pb_column][et_pb_column type=»2_3&#8243; _builder_version=»4.27.4&#8243; _module_preset=»default» global_colors_info=»{}»][et_pb_text _builder_version=»4.27.4&#8243; _module_preset=»default» background_color=»rgba(255,255,255,0.63)» custom_padding=»20px|21px|19px|21px|false|false» border_radii=»on|8px|8px|8px|8px» global_colors_info=»{}»]</p>
<p>2023 — Tauber, F., &amp; Martino, H. M. (2023). <strong><a href="https://sedici.unlp.edu.ar/bitstream/handle/10915/161166/Documento_completo.pdf-PDFA.pdf?sequence=1&amp;isAllowed=y">Propuestas innovadoras para la transición energética en la Argentina</a></strong>. <em>Anuario 2023 de Municipios de Argentina</em>, 7.</p>
<p>2025 — Jiménez Cazar, B. N., Gómez Moyano, J. A., Ramírez Ruiz, J. L., &amp; Vera García, J. A. (2025). <strong><a href="https://doi.org/10.7811/cl_rcm.v9i3.17760">Impacto de las tecnologías de energía renovable en la mitigación del cambio climático: una revisión de literatura de los últimos 5 años</a></strong>. <em>Ciencia Latina Revista Científica Multidisciplinar</em>, 9(3), 1504–1523.</p>
<p>2025 — López Cerezo, J. A. (2025). <strong><a href="https://digibuo.uniovi.es/dspace/bitstream/handle/10651/79483/TFM_FernandaFernandesMinisterio.pdf?sequence=4&amp;isAllowed=y">Tecnologías emergentes para la mitigación del cambio climático: innovaciones en políticas forestales, reforestación y ecología urbana</a></strong>. <em>Tesis de maestría, Universidad de Oviedo.</em></p>
<p>2024 — Flores, K. J. C., Flores, J. E. C., Valverde, J. C. C., Poma, I. G. F., &amp; Riveros. (2024). <strong><a href="https://pdfs.semanticscholar.org/91a1/d7a56fd9234216c8a57c50f37c1d2ca8b336.pdf">Tecnologías verdes para mitigar el cambio climático</a></strong>.</p>
<p>2021 — Mastragostino, P. A., &amp; Rossi, L. (2021). <strong><a href="https://sedici.unlp.edu.ar/bitstream/handle/10915/116013/Documento_completo.pdf-PDFA.pdf?sequence=1&amp;isAllowed=y">Algoritmos para salvar el planeta: nuevas tecnologías en la mitigación del cambio climático</a></strong>. <em>Boletín Informativo del Grupo de Jóvenes Investigadores.</em></p>
<p>2023 — Etchegaray, D. M., &amp; Flores, A. S. (2023). <strong><a href="https://posicion-inigeo.unlu.edu.ar/posicion/article/view/166/160">Las áreas protegidas: ¿estrategia clave para la mitigación y la adaptación al cambio climático?</a></strong>. <em>Posición. Revista del Instituto de Investigaciones Geográficas</em>, (9), 1–15.</p>
<p>[/et_pb_text][/et_pb_column][/et_pb_row][/et_pb_section]</p>

<p>2023 — Tauber, F., &amp; Martino, H. M. (2023). Propuestas innovadoras para la transición energética en la Argentina. Anuario 2023 de Municipios de Argentina, 7. 2025 — Jiménez Cazar, B. N., Gómez Moyano, J. A., Ramírez Ruiz, J. L., &amp; Vera García, J. A. (2025). Impacto de las tecnologías de energía renovable en la mitigación [&hellip;]</p>
