{"id":7083,"date":"2026-03-20T09:44:28","date_gmt":"2026-03-20T12:44:28","guid":{"rendered":"https:\/\/informacionoficial.mendoza.gob.ar\/energiayambiente\/?page_id=7083"},"modified":"2026-03-20T10:53:52","modified_gmt":"2026-03-20T13:53:52","slug":"ciclo-de-encuentros-capacidad-local","status":"publish","type":"page","link":"https:\/\/informacionoficial.mendoza.gob.ar\/energiayambiente\/mineria\/ciclo-de-encuentros-capacidad-local\/","title":{"rendered":"Ciclo de Encuentros + Capacidad Local"},"content":{"rendered":"<p>[et_pb_section fb_built=\u00bb1&#8243; _builder_version=\u00bb4.27.4&#8243; background_enable_color=\u00bboff\u00bb background_enable_image=\u00bboff\u00bb parallax=\u00bbon\u00bb background_blend=\u00bbscreen\u00bb min_height=\u00bb652px\u00bb custom_margin=\u00bb3px|||||\u00bb custom_padding=\u00bb3px||75px|||\u00bb global_colors_info=\u00bb{}\u00bb][et_pb_row _builder_version=\u00bb4.27.4&#8243; background_size=\u00bbinitial\u00bb background_position=\u00bbtop_left\u00bb background_repeat=\u00bbrepeat\u00bb max_width=\u00bb2560px\u00bb min_height=\u00bb117px\u00bb custom_margin=\u00bb50px|auto|-3px|auto||\u00bb custom_padding=\u00bb5px|||||\u00bb global_colors_info=\u00bb{}\u00bb][et_pb_column type=\u00bb4_4&#8243; _builder_version=\u00bb4.27.4&#8243; _module_preset=\u00bbdefault\u00bb global_colors_info=\u00bb{}\u00bb][et_pb_heading title=\u00bbCiclo de Encuentros + Capacidad Local\u00bb admin_label=\u00bbFlora Nativa\u00bb module_id=\u00bbunidad\u00bb _builder_version=\u00bb4.27.4&#8243; _module_preset=\u00bbdefault\u00bb title_level=\u00bbh2&#8243; title_font=\u00bb|300|||||||\u00bb title_text_align=\u00bbleft\u00bb title_text_color=\u00bbgcid-body-color\u00bb title_font_size=\u00bb40px\u00bb min_height=\u00bb39px\u00bb custom_margin=\u00bb||-1px|||\u00bb title_text_shadow_style=\u00bbpreset1&#8243; global_colors_info=\u00bb{%22gcid-body-color%22:%91%22title_text_color%22%93}\u00bb][\/et_pb_heading][\/et_pb_column][\/et_pb_row][et_pb_row column_structure=\u00bb1_2,1_2&#8243; _builder_version=\u00bb4.27.4&#8243; _module_preset=\u00bbdefault\u00bb max_width=\u00bb2649px\u00bb global_colors_info=\u00bb{}\u00bb][et_pb_column type=\u00bb1_2&#8243; _builder_version=\u00bb4.27.4&#8243; _module_preset=\u00bbdefault\u00bb global_colors_info=\u00bb{}\u00bb][et_pb_blurb title=\u00bbINSCRIPCI\u00d3N\u00bb url=\u00bbhttps:\/\/forms.gle\/p3nJVnGJZVLKSsvm9&#8243; url_new_window=\u00bbon\u00bb use_icon=\u00bbon\u00bb font_icon=\u00bb&#xf044;||fa||900&#8243; icon_color=\u00bb#000F9F\u00bb _builder_version=\u00bb4.27.4&#8243; _module_preset=\u00bbdefault\u00bb header_text_align=\u00bbcenter\u00bb header_text_color=\u00bb#000f9f\u00bb body_text_color=\u00bbgcid-840cd285-ee6f-49c1-abc9-5e893f3235b8&#8243; custom_margin=\u00bb||10%||false|false\u00bb link_option_url=\u00bbhttps:\/\/forms.gle\/p3nJVnGJZVLKSsvm9&#8243; locked=\u00bboff\u00bb global_colors_info=\u00bb{%22gcid-840cd285-ee6f-49c1-abc9-5e893f3235b8%22:%91%22body_text_color%22,%22header_text_color%22,%22body_text_color%22,%22header_text_color%22%93}\u00bb][\/et_pb_blurb][et_pb_blurb title=\u00bbDESCARGAR PROGRAMA\u00bb url=\u00bbhttps:\/\/mza-dicaws-portal-uploads-media-prod.s3.amazonaws.com\/informacion-oficial\/uploads\/sites\/12\/2026\/03\/PROGRAMACAPACIDAD_FINAL.pdf\u00bb url_new_window=\u00bbon\u00bb use_icon=\u00bbon\u00bb font_icon=\u00bb&#xf019;||fa||900&#8243; icon_color=\u00bb#000F9F\u00bb _builder_version=\u00bb4.27.4&#8243; _module_preset=\u00bbdefault\u00bb header_text_align=\u00bbcenter\u00bb header_text_color=\u00bb#000f9f\u00bb body_text_color=\u00bbgcid-840cd285-ee6f-49c1-abc9-5e893f3235b8&#8243; custom_margin=\u00bb||10%||false|false\u00bb link_option_url=\u00bbhttps:\/\/mza-dicaws-portal-uploads-media-prod.s3.amazonaws.com\/informacion-oficial\/uploads\/sites\/12\/2026\/03\/PROGRAMACAPACIDAD_FINAL.pdf\u00bb locked=\u00bboff\u00bb global_colors_info=\u00bb{%22gcid-840cd285-ee6f-49c1-abc9-5e893f3235b8%22:%91%22body_text_color%22,%22header_text_color%22,%22body_text_color%22,%22header_text_color%22%93}\u00bb][\/et_pb_blurb][et_pb_toggle title=\u00bbCalendario de encuentros\u00bb open_toggle_text_color=\u00bb#494949&#8243; open_toggle_background_color=\u00bb#eaeaea\u00bb closed_toggle_text_color=\u00bb#FFFFFF\u00bb closed_toggle_background_color=\u00bb#b2b2b2&#8243; icon_color=\u00bb#FFFFFF\u00bb toggle_icon=\u00bb&#x37;||divi||400&#8243; use_icon_font_size=\u00bbon\u00bb icon_font_size=\u00bb40px\u00bb open_icon_color=\u00bb#000000&#8243; open_toggle_icon=\u00bb&#x32;||divi||400&#8243; open_use_icon_font_size=\u00bbon\u00bb open_icon_font_size=\u00bb40px\u00bb _builder_version=\u00bb4.27.4&#8243; _module_preset=\u00bbdefault\u00bb title_level=\u00bbh4&#8243; title_font=\u00bb|600|||||||\u00bb title_font_size=\u00bb20px\u00bb min_height=\u00bb75px\u00bb custom_margin=\u00bb22px|||||\u00bb border_radii=\u00bbon|5px|5px|5px|5px\u00bb global_colors_info=\u00bb{}\u00bb]<\/p>\n<p>10 de abril de 2026 \u2013 1\u00b0 Encuentro<br \/>Gesti\u00f3n estrat\u00e9gica y sostenibilidad<br \/>Sostenibilidad, medio ambiente y reportes.<\/p>\n<p>24 de abril de 2026 \u2013 2\u00b0 Encuentro<br \/>Gesti\u00f3n estrat\u00e9gica y sostenibilidad<br \/>Herramientas de gesti\u00f3n y certificaciones.<\/p>\n<p>8 de mayo de 2026 \u2013 3\u00b0 Encuentro<br \/>Gesti\u00f3n estrat\u00e9gica y sostenibilidad<br \/>Buenas pr\u00e1cticas, compliance y gobernanza.<\/p>\n<p>22 de mayo de 2026 \u2013 4\u00b0 Encuentro<br \/>Gesti\u00f3n estrat\u00e9gica y sostenibilidad<br \/>Liderazgo, recursos humanos y bienestar laboral.<\/p>\n<p>5 de junio de 2026 \u2013 5\u00b0 Encuentro<br \/>Ecosistema de innovaci\u00f3n y tecnolog\u00eda<br \/>Datos, inteligencia artificial y transformaci\u00f3n digital.<\/p>\n<p>19 de junio de 2026 \u2013 6\u00b0 Encuentro<br \/>Ecosistema de innovaci\u00f3n y tecnolog\u00eda<br \/>Energ\u00eda, gesti\u00f3n ambiental y sistemas de gesti\u00f3n.<\/p>\n<p>3 de julio de 2026 \u2013 7\u00b0 Encuentro<br \/>Ecosistema de innovaci\u00f3n y tecnolog\u00eda<br \/>Capacidades estrat\u00e9gicas para proveedores mineros.<\/p>\n<p>17 de julio de 2026 \u2013 8\u00b0 Encuentro<br \/>Ecosistema de innovaci\u00f3n y tecnolog\u00eda<br \/>Innovaci\u00f3n t\u00e9cnica aplicada a procesos mineros.<\/p>\n<p>31 de julio de 2026 \u2013 9\u00b0 Encuentro<br \/>Financiamiento y nuevos mercados<br \/>Estrategias de financiamiento para empresas proveedoras.<\/p>\n<p>14 de agosto de 2026 \u2013 10\u00b0 Encuentro<br \/>Financiamiento y nuevos mercados<br \/>Internacionalizaci\u00f3n, redes y oportunidades comerciales para proveedores mineros.<\/p>\n<p>[\/et_pb_toggle][\/et_pb_column][et_pb_column type=\u00bb1_2&#8243; _builder_version=\u00bb4.27.4&#8243; _module_preset=\u00bbdefault\u00bb global_colors_info=\u00bb{}\u00bb][et_pb_text _builder_version=\u00bb4.27.4&#8243; _module_preset=\u00bbdefault\u00bb hover_enabled=\u00bb0&#8243; global_colors_info=\u00bb{}\u00bb sticky_enabled=\u00bb0&#8243;]<\/p>\n<h2>Ya est\u00e1n abiertas las inscripciones para el Ciclo de Encuentros + Capacidad Local<\/h2>\n<p>La iniciativa impulsada por la Direcci\u00f3n de Miner\u00eda comenzar\u00e1 el 10 de abril y reunir\u00e1 a 49 expositores en diez encuentros quincenales orientados a fortalecer a los proveedores locales de la cadena minera. El formato de las jornadas ser\u00e1 itinerante, dando comienzo al ciclo de encuentros en la Universidad Nacional de Cuyo.<\/p>\n<p>La Direcci\u00f3n de Miner\u00eda del Ministerio de Energ\u00eda y Ambiente abri\u00f3 las inscripciones para el Ciclo de Encuentros + Capacidad Local, una propuesta concebida como una herramienta estrat\u00e9gica para acompa\u00f1ar el proceso de transformaci\u00f3n del sector minero en Mendoza, promoviendo la innovaci\u00f3n, la profesionalizaci\u00f3n del entramado empresarial y la generaci\u00f3n de nuevas oportunidades para proveedores locales.<\/p>\n<p>El programa prev\u00e9 10 encuentros quincenales con 49 expositores, que se desarrollar\u00e1n entre abril y agosto de 2026. Las jornadas se realizar\u00e1n los viernes de 10 a 15, en formato itinerante, y abordar\u00e1n tem\u00e1ticas vinculadas con sostenibilidad, gesti\u00f3n empresarial, innovaci\u00f3n tecnol\u00f3gica, financiamiento y nuevos mercados. El ciclo comenzar\u00e1 en la Universidad Nacional de Cuyo, y previo a cada uno de los encuentros la organizaci\u00f3n se comunicar\u00e1 por mail con los inscriptos para detallar la informaci\u00f3n del lugar.<\/p>\n<p>La iniciativa es organizada por el Ministerio de Energ\u00eda y Ambiente, a trav\u00e9s de la Direcci\u00f3n de Miner\u00eda, y cuenta con la participaci\u00f3n de Impulsa Mendoza, Fundaci\u00f3n Plan Pilares, la Subsecretar\u00eda de Empleo y Capacitaci\u00f3n del Ministerio de Producci\u00f3n, junto con diversas instituciones acad\u00e9micas, c\u00e1maras empresarias y consultoras especializadas.<\/p>\n<p>Convocatoria abierta para todos los interesados<\/p>\n<p>El ciclo se dise\u00f1\u00f3 a partir de una convocatoria abierta que despert\u00f3 un fuerte inter\u00e9s en el ecosistema productivo y acad\u00e9mico de la provincia. En total se recibieron 138 propuestas de capacitaci\u00f3n presentadas por empresas, profesionales independientes, universidades, c\u00e1maras empresarias, instituciones p\u00fablicas y centros de investigaci\u00f3n.<\/p>\n<p>El Ciclo de Encuentros + Capacidad Local se estructur\u00f3 en torno a tres ejes tem\u00e1ticos considerados estrat\u00e9gicos para el desarrollo del sector:<\/p>\n<p>\u2022 Gesti\u00f3n estrat\u00e9gica y sostenibilidad, con contenidos vinculados a est\u00e1ndares internacionales, gesti\u00f3n ambiental, compliance, liderazgo y bienestar laboral.<br \/>\u2022 Ecosistema de innovaci\u00f3n y tecnolog\u00eda, orientado a la transformaci\u00f3n digital, el uso de datos, inteligencia artificial, eficiencia energ\u00e9tica y nuevas herramientas tecnol\u00f3gicas aplicadas a la miner\u00eda.<br \/>\u2022 Financiamiento y nuevos mercados, con foco en estrategias de inversi\u00f3n, internacionalizaci\u00f3n de empresas, desarrollo de proveedores y oportunidades comerciales.<\/p>\n<p>[\/et_pb_text][\/et_pb_column][\/et_pb_row][\/et_pb_section]<\/p>\n","protected":false},"excerpt":{"rendered":"<p>10 de abril de 2026 \u2013 1\u00b0 EncuentroGesti\u00f3n estrat\u00e9gica y sostenibilidadSostenibilidad, medio ambiente y reportes. 24 de abril de 2026 \u2013 2\u00b0 EncuentroGesti\u00f3n estrat\u00e9gica y sostenibilidadHerramientas de gesti\u00f3n y certificaciones. [&hellip;]<\/p>\n","protected":false},"author":13,"featured_media":0,"parent":923,"menu_order":0,"comment_status":"closed","ping_status":"closed","template":"","meta":{"_et_pb_use_builder":"on","_et_pb_old_content":"","_et_gb_content_width":"","footnotes":""},"class_list":["post-7083","page","type-page","status-publish","hentry"],"_links":{"self":[{"href":"https:\/\/informacionoficial.mendoza.gob.ar\/energiayambiente\/wp-json\/wp\/v2\/pages\/7083","targetHints":{"allow":["GET"]}}],"collection":[{"href":"https:\/\/informacionoficial.mendoza.gob.ar\/energiayambiente\/wp-json\/wp\/v2\/pages"}],"about":[{"href":"https:\/\/informacionoficial.mendoza.gob.ar\/energiayambiente\/wp-json\/wp\/v2\/types\/page"}],"author":[{"embeddable":true,"href":"https:\/\/informacionoficial.mendoza.gob.ar\/energiayambiente\/wp-json\/wp\/v2\/users\/13"}],"replies":[{"embeddable":true,"href":"https:\/\/informacionoficial.mendoza.gob.ar\/energiayambiente\/wp-json\/wp\/v2\/comments?post=7083"}],"version-history":[{"count":6,"href":"https:\/\/informacionoficial.mendoza.gob.ar\/energiayambiente\/wp-json\/wp\/v2\/pages\/7083\/revisions"}],"predecessor-version":[{"id":7098,"href":"https:\/\/informacionoficial.mendoza.gob.ar\/energiayambiente\/wp-json\/wp\/v2\/pages\/7083\/revisions\/7098"}],"up":[{"embeddable":true,"href":"https:\/\/informacionoficial.mendoza.gob.ar\/energiayambiente\/wp-json\/wp\/v2\/pages\/923"}],"wp:attachment":[{"href":"https:\/\/informacionoficial.mendoza.gob.ar\/energiayambiente\/wp-json\/wp\/v2\/media?parent=7083"}],"curies":[{"name":"wp","href":"https:\/\/api.w.org\/{rel}","templated":true}]}}