{"id":129,"date":"2025-05-27T17:15:46","date_gmt":"2025-05-27T15:15:46","guid":{"rendered":"https:\/\/informacionoficial.mendoza.gob.ar\/juegosycasinos\/?page_id=129"},"modified":"2026-04-21T07:54:43","modified_gmt":"2026-04-21T10:54:43","slug":"responsabilidad-social","status":"publish","type":"page","link":"https:\/\/informacionoficial.mendoza.gob.ar\/juegosycasinos\/responsabilidad-social\/","title":{"rendered":"Responsabilidad Social"},"content":{"rendered":"<p>[et_pb_section fb_built=\u00bb1&#8243; _builder_version=\u00bb4.27.4&#8243; _module_preset=\u00bbdefault\u00bb custom_margin=\u00bb0px|0px|0px|0px|false|false\u00bb custom_padding=\u00bb0px|0px|0px|0px|false|false\u00bb global_colors_info=\u00bb{}\u00bb][et_pb_row column_structure=\u00bb3_4,1_4&#8243; use_custom_gutter=\u00bbon\u00bb _builder_version=\u00bb4.27.4&#8243; _module_preset=\u00bbdefault\u00bb width=\u00bb100%\u00bb custom_margin=\u00bb0px||0px||false|false\u00bb custom_padding=\u00bb1rem||1rem||true|false\u00bb global_colors_info=\u00bb{}\u00bb][et_pb_column type=\u00bb3_4&#8243; _builder_version=\u00bb4.27.4&#8243; _module_preset=\u00bbdefault\u00bb global_colors_info=\u00bb{}\u00bb][et_pb_blurb title=\u00bb\u00bfQue es la RSE?\u00bb image=\u00bbhttps:\/\/mza-dicaws-portal-uploads-media-prod.s3.us-east-1.amazonaws.com\/informacion-oficial\/uploads\/sites\/21\/2025\/05\/logo_rse-01-2-700&#215;394-1.jpg\u00bb content_max_width=\u00bb763px\u00bb admin_label=\u00bbAnuncio\u00bb _builder_version=\u00bb4.27.4&#8243; _module_preset=\u00bbdefault\u00bb width=\u00bb100%\u00bb hover_enabled=\u00bb0&#8243; global_colors_info=\u00bb{}\u00bb sticky_enabled=\u00bb0&#8243;]<\/p>\n<p><strong><u>Responsabilidad Social en el IPJyC<\/u><\/strong><\/p>\n<p>La Responsabilidad Social es un marco dentro del cual desarrollamos los objetivos del IPJYC, para contribuir al desarrollo sostenible a trav\u00e9s de la generaci\u00f3n de valor social, econ\u00f3mico y ambiental, sum\u00e1ndonos a tendencias sobre sostenibilidad plasmadas en acciones tanto locales como nacionales e internacionales.<br \/>Todas las actuaciones de la Instituci\u00f3n tienen un fundamento \u00e9tico basado estrictamente en la responsabilidad social, a partir del reconocimiento de los impactos que sus decisiones tienen sobre los grupos de inter\u00e9s y las generaciones futuras.<\/p>\n<p>Objetivos:<\/p>\n<ul>\n<li>Responsabilidad Social como elemento principal de la estrategia<\/li>\n<li>Apoyo a los 10 principios del pacto Global de la ONU<\/li>\n<li>Transparencia<\/li>\n<li>Relaciones con la comunidad<\/li>\n<li>Medici\u00f3n de la gesti\u00f3n e impactos<\/li>\n<li>Cuidado de los grupos de inter\u00e9s<\/li>\n<li>Alianzas estrat\u00e9gicas interinstitucionales<\/li>\n<\/ul>\n<p><strong>Nuestros Valores:<\/strong><\/p>\n<ul>\n<li>Realizar una buena pr\u00e1ctica comercial y laboral, basada en la transparencia y cooperaci\u00f3n.<\/li>\n<li>Respetar la legislaci\u00f3n vigente aplicable.<\/li>\n<li>Respetar los derechos laborales de sus empleados y grupos de inter\u00e9s.<\/li>\n<li>Trabajar por la preservaci\u00f3n ambiental.<\/li>\n<li>Concientizar y brindar herramientas para el Juego Responsable<\/li>\n<\/ul>\n<p>La Gerencia de Responsabilidad Social y Juego Responsable r<span>ealiza un trabajo de integraci\u00f3n con la comunidad mediante acciones que promueven la diversidad, la equidad y el cuidado del ambiente, garantizando el respeto por los derechos humanos y laborales.<\/span><\/p>\n<p><span>En consonancia con las pol\u00edticas de calidad que rigen nuestra<\/span><span> labor <\/span><span>caminamos<\/span> <strong>hacia el desarrollo, la sustentabilidad y la trazabilidad.<\/strong><\/p>\n<ul>\n<li>Contribuir mediante acciones de RSE al desarrollo sostenible a trav\u00e9s de la generaci\u00f3n de valor social, econ\u00f3mico y ambiental.<\/li>\n<li>Brindar asistencia y apoyo a quienes tienen conductas problem\u00e1ticas con el juego de azar.<strong>\u00a0<\/strong><\/li>\n<\/ul>\n<p><strong>Misi\u00f3n de la Gerencia:<\/strong><\/p>\n<p><span>Contribuir mediante acciones de RSE al desarrollo sostenible a trav\u00e9s de la generaci\u00f3n de valor social, econ\u00f3mico y ambiental. Generando una conciencia corporativa comprometida y beneficiosa tanto para su interior como para la ciudadan\u00eda mendocina logrando un entorno laboral \u00f3ptimo y una proyecci\u00f3n de vida saludable. Reduciendo <\/span><span>de<\/span><span> forma significativa los impactos negativos que podr\u00eda generar la organizaci\u00f3n en la sociedad.<\/span><\/p>\n<ul>\n<li><strong><span>Responsabilidades espec\u00edficas:<\/span><\/strong><\/li>\n<\/ul>\n<ul>\n<li><span>Contribuir mediante acciones de RSE al desarrollo sostenible a trav\u00e9s de la generaci\u00f3n de valor social, econ\u00f3mico y ambiental. Generando una conciencia corporativa comprometida y beneficiosa tanto para su interior como para la ciudadan\u00eda mendocina logrando un entorno laboral \u00f3ptimo y una proyecci\u00f3n de vida saludable. Reduciendo de forma significativa los impactos negativos que podr\u00eda generar la organizaci\u00f3n en la sociedad.<\/span><\/li>\n<li><span>Generar una conciencia corporativa de la relevancia de la RSE, de sus valores, tendencias y beneficios para lograr un clima laboral \u00f3ptimo y una proyecci\u00f3n de vida saludable en funci\u00f3n del nuevo entorno social y ambiental.<\/span><\/li>\n<li><span>Generar los proyectos de cabecera de Acci\u00f3n de la Gerencia de RSE.<\/span><\/li>\n<li><span>Dirigir y dictar normas para el eficiente desarrollo de las actividades del \u00e1rea en cumplimiento de las pol\u00edticas de operaci\u00f3n adoptadas.<\/span><\/li>\n<li><span>Estudiar, investigar, transmitir y difundir los conocimientos de Responsabilidad Social Empresaria <\/span><\/li>\n<li><span>Capacitarse permanentemente sobre las nuevas tendencias de RSE<\/span><\/li>\n<li><span>Comprometer a otras \u00e1reas sobre la importancia de la RSE<\/span><\/li>\n<\/ul>\n<h4><span>Cumplir con los requerimientos del Sistema de Gesti\u00f3n de Calidad, en los procesos del sector que participen del alcance de la certificaci\u00f3n.<\/span><span><br \/><\/span><strong><strong><span><br \/>Acciones RSE<\/span><\/strong><\/strong><\/h4>\n<h4><strong><strong><span><br \/><\/span><\/strong>\u00a0Certificaciones<\/strong><\/h4>\n<p><a href=\"https:\/\/mza-dicaws-portal-uploads-media-prod.s3.amazonaws.com\/informacion-oficial\/uploads\/sites\/21\/2026\/04\/CERTIFICADOWLA-01-scaled.jpg\"><strong>\u00a0 \u00a0 \u00a0 \u00a0Certificado WLA<\/strong><\/a><\/p>\n<ul>\n<li><strong>Acciones interinstitucionales<br \/><\/strong>\n<ul>\n<li><strong><span>Capacitaciones y jornadas formativas dirigidas a dispositivos especializados, incluyendo organismos como SEDRONAR, orientadas al abordaje integral de problem\u00e1ticas vinculadas a conductas adictivas.<\/span><\/strong><\/li>\n<li><strong><span>Participaci\u00f3n en encuentros y actividades de la Asociaci\u00f3n de Loter\u00edas, Quinielas y Casinos Estatales de Argentina (ALEA) <\/span>como <span>miembro de la Unidad Coordinadora<\/span> <span>incluyendo acompa\u00f1amiento institucional a la presidenta del<\/span> Instituto Provincial de Juegos y Casinos<span>.<\/span><\/strong><\/li>\n<li><strong><span>Participaci\u00f3n en mesas de trabajo de SEDRONAR articulado con <\/span>el<span> P<\/span>lan <span>P<\/span>rovincial de <span>A<\/span>dicciones<span> y la D<\/span>irecci\u00f3n de <span>A<\/span>compa\u00f1amiento <span>E<\/span> E<span>xposici\u00f3n de experiencia territorial en materia de Juego Responsable.<\/span><\/strong><\/li>\n<\/ul>\n<\/li>\n<li><strong><span>Ca<\/span>pacitaciones<\/strong>\n<ul>\n<li><strong><span>Capacitaciones a <\/span>agentes sanitarios en materia de juego responsable <\/strong><\/li>\n<li><strong><span>Capacitaciones <\/span>sobre<span> prevenci\u00f3n de apuestas ilegales en menores<\/span> en Escuelas y clubes deportivos<\/strong><\/li>\n<li><strong><span>Capacitaciones en Juego Responsable y utilizaci\u00f3n del sistema <\/span>Registro \u00fanico de autoexcluidos de Mendoza para personas vinculadas a la <span>atenci\u00f3n al cliente <\/span>en salas de juego y agencias de quiniela.<\/strong><\/li>\n<\/ul>\n<\/li>\n<li><strong>Campa\u00f1as de Juego Responsable<\/strong>\n<ul>\n<li><strong>C<span>ampa\u00f1as de concientizaci\u00f3n sobre apuestas <\/span>ilegales <span>en menores realizadas en el \u00e1mbito del Hip\u00f3dromo de Mendoza<\/span><\/strong><\/li>\n<li><strong><span>Campa\u00f1as de sensibilizaci\u00f3n sobre Juego Responsable, destinadas a la comunidad en general, con el objetivo de fomentar pr\u00e1cticas de juego seguras, informadas y moderadas<\/span><\/strong><\/li>\n<li><strong>Campa\u00f1a D\u00eda internacional de Juego Responsable: 17 de febrero.<\/strong><\/li>\n<\/ul>\n<\/li>\n<li><strong><span>Campa\u00f1as solidarias<\/span><\/strong>\n<ul>\n<li><strong><span>Campa\u00f1a \u201cBajo Cero\u201d<\/span>:<span> recepci\u00f3n de abrigos para su posterior donaci\u00f3n<\/span> a asociaciones sin fines de lucro destinada <span>a la asistencia de personas en situaci\u00f3n de vulnerabilidad durante el invierno.<\/span><\/strong><\/li>\n<\/ul>\n<\/li>\n<li><strong><span>Campa\u00f1as Ambientales<\/span><\/strong><\/li>\n<\/ul>\n<p><strong>Con<span> el objetivo de promover pr\u00e1cticas responsables en el uso de recursos y la correcta disposici\u00f3n de residuos contaminantes. <\/span><\/strong><\/p>\n<ul>\n<li><strong>R<span>ecolecci\u00f3n de tickets impresos desechados para ser derivados <\/span>al circuito<span> de reciclado<\/span>. Acci\u00f3n coordinada<span> con los recuperadores urbanos.<\/span><\/strong><\/li>\n<li><strong><span>Campa\u00f1a <\/span>\u201c<span>Agencia M<\/span>\u00e1<span>s Pilas<\/span>\u201d<span> dirigida a<\/span>l p\u00fablico de las <span>agenci<\/span>as de quiniela<span> del gran Mendoza<\/span> <span>con el objetivo de promover pr\u00e1cticas responsables en el uso de recursos y la correcta disposici\u00f3n de residuos contaminantes. <\/span><\/strong><\/li>\n<li><strong><span>Campa\u00f1a de separaci\u00f3n de residuos<\/span>: <span>fomentando h\u00e1bitos de reciclaje y cuidado del ambiente dentro del <\/span>Instituto Provincial de Juegos y Casinos <span>y en la comunidad<\/span><\/strong><\/li>\n<li><strong><span>Campa\u00f1a \u201cReciclado de residuos electr\u00f3nicos\u201d (recolecci\u00f3n de residuos de aparatos el\u00e9ctricos y electr\u00f3nicos en desuso u obsoletos).<\/span><\/strong><\/li>\n<li><strong><span>D\u00eda Mundial de la RSE, evento v\u00eda p\u00fablica participaci\u00f3n conjunta con municipalidades de Godoy Cruz y Ciudad de Mendoza, programas preventivos pertenecientes al Ministerio de Salud de la Provincia<\/span>, Polic\u00eda ambiental. <\/strong><\/li>\n<\/ul>\n<ul>\n<li><strong>Campa\u00f1as de <span>Promoci\u00f3n de la salud<\/span><\/strong>\n<ul>\n<li><strong><span>Eventos de concientizaci\u00f3n en el Mes de la Diabetes en coordinaci\u00f3n con los diferentes programas preventivos pertenecientes a los Ministerios de Salud que reciben aportes del <\/span>Instituto Provincial de Juegos y Casinos<span>.<\/span><\/strong><\/li>\n<li><strong><span>Actividades de promoci\u00f3n en el Mes del Coraz\u00f3n en coordinaci\u00f3n con los diferentes programas preventivos pertenecientes a los Ministerios de Salud<\/span> <span>que reciben aportes del <\/span>Instituto Provincial de Juegos y Casinos<span>.<\/span><\/strong><\/li>\n<li><strong><span>Campa\u00f1as de vacunaci\u00f3n, destinadas a fomentar el cuidado preventivo de la salud en coordinaci\u00f3n con la Direcci\u00f3n de Salud de la Municipalidad de Godoy Cruz.<\/span><\/strong><\/li>\n<\/ul>\n<\/li>\n<li><strong><span>Articulaci\u00f3n con organizaciones sociales<\/span><\/strong>\n<ul>\n<li><strong><strong><span>Cesi\u00f3n de<\/span> <span>l<\/span>a recaudaci\u00f3n de la playa de<span> estacionamiento del Hip\u00f3dromo de Mendoza<\/span> durante jornadas h\u00edpicas a<span> asociaciones sin fines de lucro<\/span>.<br \/><\/strong><\/strong><strong><u>10 PRINCIPIOS DEL PACTO GLOBAL DE LA ONU<\/u><\/strong><span>\u00a0<\/span><span>\u00a0<\/span>Los 10 Principios del Pacto Global de la ONU\u00a0est\u00e1n basados en Declaraciones y Convenciones Universales aplicadas en cuatro \u00e1reas:\n<ul>\n<li>Derechos Humanos<\/li>\n<li>Medio Ambiente,<\/li>\n<li>Est\u00e1ndares Laborales<\/li>\n<li>Anti Corrupci\u00f3n.<strong>\u00a0<\/strong><\/li>\n<\/ul>\n<p><strong>Derechos Humanos:<\/strong>\u00a0<strong><em>tienen su origen en la Declaraci\u00f3n Universal de los Derechos Humanos.<\/em><\/strong><strong>\u00a0<\/strong><\/p>\n<p><strong>Principio N\u00ba 1.<\/strong>\u00a0\u201cLas empresas deben apoyar y respetar la protecci\u00f3n de los Derechos Humanos fundamentales, reconocidos internacionalmente, dentro de su \u00e1mbito de influencia\u201d<\/p>\n<p><strong>Principio N\u00ba 2.<\/strong> \u201cLas empresas deben asegurarse de que sus empresas no sean c\u00f3mplices en la vulneraci\u00f3n de los Derechos Humanos.<strong>\u00a0<\/strong><\/p>\n<p><strong>Est\u00e1ndares Laborales:\u00a0<em>se basan en la Declaraci\u00f3n de la Organizaci\u00f3n Internacional del Trabajo.<\/em><\/strong><strong>\u00a0<\/strong><\/p>\n<p><strong>Principio N\u00ba 3<\/strong>. \u201cLas empresas deben apoyar la libertad de afiliaci\u00f3n y el reconocimiento efectivo del derecho a la negociaci\u00f3n colectiva\u201d<\/p>\n<p><strong>Principio N\u00ba 4.<\/strong>\u00a0\u201cLas empresas deben apoyar la eliminaci\u00f3n de toda forma de trabajo forzoso o realizado bajo coacci\u00f3n\u201d<\/p>\n<p><strong>Principio N\u00ba 5.<\/strong>\u00a0\u201cLas empresas deben apoyar la erradicaci\u00f3n del trabajo infantil\u201d<\/p>\n<p><strong>Principio N\u00ba 6.<\/strong> \u201cLas empresas deben apoyar la abolici\u00f3n de las pr\u00e1cticas de discriminaci\u00f3n en el empleo y la ocupaci\u00f3n\u201d<strong>\u00a0<\/strong><\/p>\n<p><strong>Medio Ambiente:<em> se sostienen en la Declaraci\u00f3n de R\u00edo sobre Medio Ambiente y Desarrollo elaborada en 1992.<\/em><\/strong><\/p>\n<p><strong>Principio N\u00ba 7.<\/strong>\u00a0\u201cLas empresas deber\u00e1n mantener un enfoque preventivo que favorezca el medio ambiente\u201d.<\/p>\n<p><strong>Principio N\u00ba 8.<\/strong>\u00a0\u201cLas empresas deben fomentar las iniciativas que promuevan una mayor responsabilidad ambiental\u201d.<\/p>\n<p><strong>Principio N\u00ba 9.<\/strong> \u201cLas empresas deben favorecer el desarrollo y la difusi\u00f3n de las tecnolog\u00edas respetuosas con el medio ambiente\u201d.<\/p>\n<p><strong>Anti corrupci\u00f3n:<em> fundamentado en la Convenci\u00f3n de las Naciones Unidas contra la corrupci\u00f3n.<\/em><\/strong><\/p>\n<p><strong style=\"font-size: 14px\">Principio N\u00ba 10<\/strong><span style=\"font-size: 14px\">. \u201cLas empresas e instituciones deber\u00e1n trabajar contra la corrupci\u00f3n en todas sus formas, incluidos extorsi\u00f3n y soborno\u201d.<br \/><\/span><\/p>\n<p><span>Si ten\u00e9s una asociaci\u00f3n sin fines de lucro con<\/span> <span>personer\u00eda jur\u00eddica <\/span><span>pod\u00e9s solicitar la cesi\u00f3n de la recaudaci\u00f3n de las playas de estacionamiento de las carreras que se desarrollan en el Hip\u00f3dromo de Mendoza<\/span><span>. <\/span><\/p>\n<p><span>Para solicitar escrib<\/span><span>\u00ed un mail a <\/span><span><a href=\"mailto:g.responsabilidadsocial@gmail.com\">g.responsabilidadsocial@gmail.com<\/a><\/span><\/p>\n<p><span style=\"font-size: 14px\">\u00a0<\/span><\/p>\n<p><strong><\/strong><\/p>\n<p>&nbsp;<\/p>\n<\/li>\n<\/ul>\n<\/li>\n<\/ul>\n<p><strong><span>\u00a0<\/span><\/strong><\/p>\n<ul><\/ul>\n<p>[\/et_pb_blurb][\/et_pb_column][et_pb_column type=\u00bb1_4&#8243; _builder_version=\u00bb4.27.4&#8243; _module_preset=\u00bbdefault\u00bb global_colors_info=\u00bb{}\u00bb][\/et_pb_column][\/et_pb_row][\/et_pb_section]<\/p>\n","protected":false},"excerpt":{"rendered":"<p>Responsabilidad Social en el IPJyC La Responsabilidad Social es un marco dentro del cual desarrollamos los objetivos del IPJYC, para contribuir al desarrollo sostenible a trav\u00e9s de la generaci\u00f3n de valor social, econ\u00f3mico y ambiental, sum\u00e1ndonos a tendencias sobre sostenibilidad plasmadas en acciones tanto locales como nacionales e internacionales.Todas las actuaciones de la Instituci\u00f3n tienen [&hellip;]<\/p>\n","protected":false},"author":29,"featured_media":0,"parent":0,"menu_order":0,"comment_status":"closed","ping_status":"closed","template":"","meta":{"_et_pb_use_builder":"on","_et_pb_old_content":"","_et_gb_content_width":"","footnotes":""},"class_list":["post-129","page","type-page","status-publish","hentry"],"_links":{"self":[{"href":"https:\/\/informacionoficial.mendoza.gob.ar\/juegosycasinos\/wp-json\/wp\/v2\/pages\/129","targetHints":{"allow":["GET"]}}],"collection":[{"href":"https:\/\/informacionoficial.mendoza.gob.ar\/juegosycasinos\/wp-json\/wp\/v2\/pages"}],"about":[{"href":"https:\/\/informacionoficial.mendoza.gob.ar\/juegosycasinos\/wp-json\/wp\/v2\/types\/page"}],"author":[{"embeddable":true,"href":"https:\/\/informacionoficial.mendoza.gob.ar\/juegosycasinos\/wp-json\/wp\/v2\/users\/29"}],"replies":[{"embeddable":true,"href":"https:\/\/informacionoficial.mendoza.gob.ar\/juegosycasinos\/wp-json\/wp\/v2\/comments?post=129"}],"version-history":[{"count":7,"href":"https:\/\/informacionoficial.mendoza.gob.ar\/juegosycasinos\/wp-json\/wp\/v2\/pages\/129\/revisions"}],"predecessor-version":[{"id":28977,"href":"https:\/\/informacionoficial.mendoza.gob.ar\/juegosycasinos\/wp-json\/wp\/v2\/pages\/129\/revisions\/28977"}],"wp:attachment":[{"href":"https:\/\/informacionoficial.mendoza.gob.ar\/juegosycasinos\/wp-json\/wp\/v2\/media?parent=129"}],"curies":[{"name":"wp","href":"https:\/\/api.w.org\/{rel}","templated":true}]}}