{"id":394,"date":"2025-07-30T11:23:49","date_gmt":"2025-07-30T14:23:49","guid":{"rendered":"https:\/\/informacionoficial.mendoza.gob.ar\/juegosycasinos\/?page_id=394"},"modified":"2025-08-14T08:25:55","modified_gmt":"2025-08-14T11:25:55","slug":"denuncias-juego-clandestino","status":"publish","type":"page","link":"https:\/\/informacionoficial.mendoza.gob.ar\/juegosycasinos\/denuncias-juego-clandestino\/","title":{"rendered":"Denuncias Juego Clandestino"},"content":{"rendered":"<p>[et_pb_section fb_built=\u00bb1&#8243; _builder_version=\u00bb4.27.4&#8243; _module_preset=\u00bbdefault\u00bb custom_margin=\u00bb0px|0px|0px|0px|false|false\u00bb custom_padding=\u00bb0px|0px|0px|0px|false|false\u00bb global_colors_info=\u00bb{}\u00bb][et_pb_row _builder_version=\u00bb4.27.4&#8243; _module_preset=\u00bbdefault\u00bb custom_margin=\u00bb0px||0px||false|false\u00bb custom_padding=\u00bb1rem|0px|1rem|0px|true|false\u00bb global_colors_info=\u00bb{}\u00bb][et_pb_column type=\u00bb4_4&#8243; _builder_version=\u00bb4.27.4&#8243; _module_preset=\u00bbdefault\u00bb global_colors_info=\u00bb{}\u00bb][et_pb_heading title=\u00bbDenunciar el Juego Clandestino F\u00edsico\u00bb _builder_version=\u00bb4.27.4&#8243; _module_preset=\u00bbdefault\u00bb title_text_align=\u00bbcenter\u00bb background_color=\u00bbgcid-270b494a-7797-4179-a3cb-58e2ea5a2b33&#8243; custom_margin=\u00bb0px||0px||false|false\u00bb custom_padding=\u00bb1rem|1rem|1rem|1rem|true|true\u00bb border_radii=\u00bbon|8px|8px|8px|8px\u00bb global_colors_info=\u00bb{%22gcid-270b494a-7797-4179-a3cb-58e2ea5a2b33%22:%91%22background_color%22%93}\u00bb][\/et_pb_heading][et_pb_text _builder_version=\u00bb4.27.4&#8243; _module_preset=\u00bbdefault\u00bb custom_margin=\u00bb0px||0px||false|false\u00bb custom_padding=\u00bb1rem|1rem|1rem|1rem|true|true\u00bb global_colors_info=\u00bb{}\u00bb]<\/p>\n<p><span class=\"TextBlock margin-y--xs\" id=\"LBL_SUBTITULO\">\u201cJuego Ilegal es juego con apuestas clandestinas: Bingos, P\u00f3ker, Casinos, Juegos Vivos, Quinielas, Pollas, apuestas deportivas, cuadreras que son practicados en viviendas, locales o predios.\u201d<\/span><\/p>\n<p>[\/et_pb_text][et_pb_button button_url=\u00bbhttps:\/\/ticketsform.mendoza.gov.ar\/ticketsform\/servlet\/responderformulario?DENUNCIA\u00bb url_new_window=\u00bbon\u00bb button_text=\u00bbIngresa Ac\u00e1\u00bb button_alignment=\u00bbcenter\u00bb _builder_version=\u00bb4.27.4&#8243; _module_preset=\u00bbdefault\u00bb custom_button=\u00bbon\u00bb button_text_color=\u00bb#0C71C3&#8243; global_colors_info=\u00bb{}\u00bb][\/et_pb_button][\/et_pb_column][\/et_pb_row][et_pb_row _builder_version=\u00bb4.27.4&#8243; _module_preset=\u00bbdefault\u00bb custom_margin=\u00bb0px||0px||false|false\u00bb custom_padding=\u00bb1rem|0px|1rem|0px|true|false\u00bb global_colors_info=\u00bb{}\u00bb][et_pb_column type=\u00bb4_4&#8243; _builder_version=\u00bb4.27.4&#8243; _module_preset=\u00bbdefault\u00bb global_colors_info=\u00bb{}\u00bb][et_pb_heading title=\u00bbDenunciar el Juego Clandestino en Redes\u00bb _builder_version=\u00bb4.27.4&#8243; _module_preset=\u00bbdefault\u00bb title_text_align=\u00bbcenter\u00bb background_color=\u00bbgcid-270b494a-7797-4179-a3cb-58e2ea5a2b33&#8243; custom_margin=\u00bb0px||0px||false|false\u00bb custom_padding=\u00bb1rem|1rem|1rem|1rem|true|true\u00bb border_radii=\u00bbon|8px|8px|8px|8px\u00bb global_colors_info=\u00bb{%22gcid-270b494a-7797-4179-a3cb-58e2ea5a2b33%22:%91%22background_color%22,%22background_color%22%93}\u00bb][\/et_pb_heading][et_pb_text _builder_version=\u00bb4.27.4&#8243; _module_preset=\u00bbdefault\u00bb custom_margin=\u00bb0px||0px||false|false\u00bb custom_padding=\u00bb1rem|1rem|1rem|1rem|true|true\u00bb global_colors_info=\u00bb{}\u00bb]<\/p>\n<p><span class=\"TextBlock margin-y--xs\" id=\"LBL_SUBTITULO\">\u201cJuego Ilegal es juego con apuestas clandestinas: Bingos, P\u00f3ker, Casinos, Juegos Vivos, Quinielas, Pollas, apuestas deportivas, cuadreras que son practicados mediante el uso de plataformas Facebook e Instagram\u201d<\/span><\/p>\n<p>[\/et_pb_text][et_pb_button button_url=\u00bbhttps:\/\/ticketsform.mendoza.gov.ar\/ticketsform\/servlet\/responderformulario?DENUNCIAJOL\u00bb url_new_window=\u00bbon\u00bb button_text=\u00bbIngresa Ac\u00e1\u00bb button_alignment=\u00bbcenter\u00bb _builder_version=\u00bb4.27.4&#8243; _module_preset=\u00bbdefault\u00bb custom_button=\u00bbon\u00bb button_text_color=\u00bb#0C71C3&#8243; global_colors_info=\u00bb{}\u00bb][\/et_pb_button][\/et_pb_column][\/et_pb_row][et_pb_row _builder_version=\u00bb4.27.4&#8243; _module_preset=\u00bbdefault\u00bb global_colors_info=\u00bb{}\u00bb][et_pb_column type=\u00bb4_4&#8243; _builder_version=\u00bb4.27.4&#8243; _module_preset=\u00bbdefault\u00bb global_colors_info=\u00bb{}\u00bb][et_pb_heading title=\u00bbCanal de Denuncias R\u00e1pidas\u00bb _builder_version=\u00bb4.27.4&#8243; _module_preset=\u00bbdefault\u00bb title_text_align=\u00bbcenter\u00bb background_color=\u00bbgcid-270b494a-7797-4179-a3cb-58e2ea5a2b33&#8243; custom_margin=\u00bb0px||0px||false|false\u00bb custom_padding=\u00bb1rem|1rem|1rem|1rem|true|true\u00bb border_radii=\u00bbon|8px|8px|8px|8px\u00bb global_colors_info=\u00bb{%22gcid-270b494a-7797-4179-a3cb-58e2ea5a2b33%22:%91%22background_color%22,%22background_color%22%93}\u00bb][\/et_pb_heading][et_pb_text _builder_version=\u00bb4.27.4&#8243; _module_preset=\u00bbdefault\u00bb custom_margin=\u00bb0px||0px||false|false\u00bb custom_padding=\u00bb1rem|1rem|1rem|1rem|true|true\u00bb global_colors_info=\u00bb{}\u00bb]<\/p>\n<p>El Juego en L\u00ednea Ilegal se define como aquel que carece de la autorizaci\u00f3n otorgada por la autoridad de aplicaci\u00f3n, conforme al Art\u00edculo 16 de la Ley Provincial de Juegos en L\u00ednea N\u00b0 9.267 de la Provincia de Mendoza.<\/p>\n<p>[\/et_pb_text][et_pb_button button_url=\u00bbhttps:\/\/docs.google.com\/forms\/d\/e\/1FAIpQLSceZ0FGro14RVkdU1BobfTQhHU7YdjaUX_02PBXWuu1FxrM8A\/viewform?pli=1&#8243; url_new_window=\u00bbon\u00bb button_text=\u00bbIngresa Ac\u00e1\u00bb button_alignment=\u00bbcenter\u00bb _builder_version=\u00bb4.27.4&#8243; _module_preset=\u00bbdefault\u00bb hover_enabled=\u00bb0&#8243; global_colors_info=\u00bb{}\u00bb sticky_enabled=\u00bb0&#8243;][\/et_pb_button][et_pb_text _builder_version=\u00bb4.27.4&#8243; _module_preset=\u00bbdefault\u00bb global_colors_info=\u00bb{}\u00bb][\/et_pb_text][\/et_pb_column][\/et_pb_row][\/et_pb_section]<\/p>\n","protected":false},"excerpt":{"rendered":"<p>\u201cJuego Ilegal es juego con apuestas clandestinas: Bingos, P\u00f3ker, Casinos, Juegos Vivos, Quinielas, Pollas, apuestas deportivas, cuadreras que son practicados en viviendas, locales o predios.\u201d\u201cJuego Ilegal es juego con apuestas clandestinas: Bingos, P\u00f3ker, Casinos, Juegos Vivos, Quinielas, Pollas, apuestas deportivas, cuadreras que son practicados mediante el uso de plataformas Facebook e Instagram\u201dEl Juego en L\u00ednea [&hellip;]<\/p>\n","protected":false},"author":29,"featured_media":0,"parent":0,"menu_order":0,"comment_status":"closed","ping_status":"closed","template":"","meta":{"_et_pb_use_builder":"on","_et_pb_old_content":"","_et_gb_content_width":"","footnotes":""},"class_list":["post-394","page","type-page","status-publish","hentry"],"_links":{"self":[{"href":"https:\/\/informacionoficial.mendoza.gob.ar\/juegosycasinos\/wp-json\/wp\/v2\/pages\/394","targetHints":{"allow":["GET"]}}],"collection":[{"href":"https:\/\/informacionoficial.mendoza.gob.ar\/juegosycasinos\/wp-json\/wp\/v2\/pages"}],"about":[{"href":"https:\/\/informacionoficial.mendoza.gob.ar\/juegosycasinos\/wp-json\/wp\/v2\/types\/page"}],"author":[{"embeddable":true,"href":"https:\/\/informacionoficial.mendoza.gob.ar\/juegosycasinos\/wp-json\/wp\/v2\/users\/29"}],"replies":[{"embeddable":true,"href":"https:\/\/informacionoficial.mendoza.gob.ar\/juegosycasinos\/wp-json\/wp\/v2\/comments?post=394"}],"version-history":[{"count":11,"href":"https:\/\/informacionoficial.mendoza.gob.ar\/juegosycasinos\/wp-json\/wp\/v2\/pages\/394\/revisions"}],"predecessor-version":[{"id":517,"href":"https:\/\/informacionoficial.mendoza.gob.ar\/juegosycasinos\/wp-json\/wp\/v2\/pages\/394\/revisions\/517"}],"wp:attachment":[{"href":"https:\/\/informacionoficial.mendoza.gob.ar\/juegosycasinos\/wp-json\/wp\/v2\/media?parent=394"}],"curies":[{"name":"wp","href":"https:\/\/api.w.org\/{rel}","templated":true}]}}