{"id":2080,"date":"2025-10-14T09:30:04","date_gmt":"2025-10-14T12:30:04","guid":{"rendered":"https:\/\/informacionoficial.mendoza.gob.ar\/produccion\/?page_id=2080"},"modified":"2026-04-07T10:43:49","modified_gmt":"2026-04-07T13:43:49","slug":"fenologia","status":"publish","type":"page","link":"https:\/\/informacionoficial.mendoza.gob.ar\/produccion\/fenologia\/","title":{"rendered":"Fenolog\u00eda"},"content":{"rendered":"<p>[et_pb_section fb_built=\u00bb1&#8243; admin_label=\u00bbLanding Hero\u00bb _builder_version=\u00bb4.27.4&#8243; use_background_color_gradient=\u00bbon\u00bb background_color_gradient_stops=\u00bb#474ab6 0%|#9271f6 100%\u00bb background_color_gradient_start=\u00bb#474ab6&#8243; background_color_gradient_end=\u00bb#9271f6&#8243; background_image=\u00bbhttps:\/\/mza-dicaws-portal-uploads-media-prod.s3.amazonaws.com\/informacion-oficial\/uploads\/sites\/17\/2025\/09\/IMG_0459-scaled.jpg\u00bb background_blend=\u00bboverlay\u00bb custom_padding=\u00bb100px|0px|100px|0px|false|\u00bb animation_style=\u00bbslide\u00bb animation_direction=\u00bbtop\u00bb animation_intensity_slide=\u00bb2%\u00bb locked=\u00bboff\u00bb global_colors_info=\u00bb{}\u00bb][et_pb_row column_structure=\u00bb1_2,1_2&#8243; _builder_version=\u00bb4.27.4&#8243; custom_margin=\u00bb|||\u00bb custom_padding=\u00bb65px|||||\u00bb custom_width_px=\u00bb1280px\u00bb global_colors_info=\u00bb{}\u00bb][et_pb_column type=\u00bb1_2&#8243; _builder_version=\u00bb4.16&#8243; custom_padding=\u00bb|||\u00bb global_colors_info=\u00bb{}\u00bb custom_padding__hover=\u00bb|||\u00bb][et_pb_text _builder_version=\u00bb4.27.4&#8243; text_font=\u00bb|&#8211;et_global_body_font_weight|||||||\u00bb header_font=\u00bb|on|||\u00bb header_font_size=\u00bb42px\u00bb header_line_height=\u00bb1.3em\u00bb background_layout=\u00bbdark\u00bb custom_padding=\u00bb|||\u00bb header_font_size_last_edited=\u00bboff|desktop\u00bb text_text_shadow_style=\u00bbpreset2&#8243; header_text_shadow_style=\u00bbpreset4&#8243; locked=\u00bboff\u00bb global_colors_info=\u00bb{}\u00bb]<\/p>\n<h1><strong>Fenolog\u00eda<\/strong><\/h1>\n<p>[\/et_pb_text][\/et_pb_column][et_pb_column type=\u00bb1_2&#8243; _builder_version=\u00bb4.16&#8243; custom_padding=\u00bb|||\u00bb global_colors_info=\u00bb{}\u00bb custom_padding__hover=\u00bb|||\u00bb][\/et_pb_column][\/et_pb_row][\/et_pb_section][et_pb_section fb_built=\u00bb1&#8243; specialty=\u00bbon\u00bb admin_label=\u00bbStats\u00bb _builder_version=\u00bb4.27.4&#8243; _module_preset=\u00bbdefault\u00bb inner_width=\u00bb90%\u00bb inner_max_width=\u00bb1500px\u00bb locked=\u00bboff\u00bb global_colors_info=\u00bb{}\u00bb][et_pb_column type=\u00bb1_3&#8243; _builder_version=\u00bb4.16&#8243; _module_preset=\u00bbdefault\u00bb custom_padding=\u00bb|||\u00bb global_colors_info=\u00bb{}\u00bb custom_padding__hover=\u00bb|||\u00bb][et_pb_image src=\u00bbhttps:\/\/mza-dicaws-portal-uploads-media-prod.s3.amazonaws.com\/informacion-oficial\/uploads\/sites\/17\/2025\/10\/almendro.webp\u00bb title_text=\u00bbalmendro\u00bb _builder_version=\u00bb4.27.4&#8243; _module_preset=\u00bbdefault\u00bb global_colors_info=\u00bb{}\u00bb][\/et_pb_image][\/et_pb_column][et_pb_column type=\u00bb2_3&#8243; specialty_columns=\u00bb2&#8243; _builder_version=\u00bb4.16&#8243; _module_preset=\u00bbdefault\u00bb custom_padding=\u00bb|||\u00bb global_colors_info=\u00bb{}\u00bb custom_padding__hover=\u00bb|||\u00bb][et_pb_row_inner custom_padding_last_edited=\u00bbon|phone\u00bb _builder_version=\u00bb4.25.2&#8243; _module_preset=\u00bbdefault\u00bb custom_padding_tablet=\u00bb0px||0px||true|false\u00bb custom_padding_phone=\u00bb0px||0px||true|false\u00bb global_colors_info=\u00bb{}\u00bb][et_pb_column_inner saved_specialty_column_type=\u00bb2_3&#8243; _builder_version=\u00bb4.25.2&#8243; _module_preset=\u00bbdefault\u00bb global_colors_info=\u00bb{}\u00bb][et_pb_text _builder_version=\u00bb4.25.2&#8243; _module_preset=\u00bb8f4ee22b-d621-458d-8786-b49d19153428&#8243; max_width=\u00bb625px\u00bb global_colors_info=\u00bb{}\u00bb]<\/p>\n<p>La fenolog\u00eda es el estudio de los ciclos naturales de plantas y animales en relaci\u00f3n con el clima. Se centra en eventos biol\u00f3gicos como la floraci\u00f3n, la reproducci\u00f3n y la migraci\u00f3n, ayudando a comprender c\u00f3mo responden los seres vivos a los cambios ambientales. Adem\u00e1s, la fenolog\u00eda es crucial para optimizar cultivos y prevenir plagas, ya que el cambio clim\u00e1tico puede alterar estos ciclos de vida, afectando la supervivencia de las especies.<\/p>\n<p><span>La secci\u00f3n re\u00fane los informes sobre los diferentes estadios fenol\u00f3gicos frut\u00edcolas de los cultivos principales, con resultados obtenidos a partir de relevamientos realizados en fincas distribuidas en toda la provincia.<\/span><\/p>\n<p><span style=\"color: #0c71c3\"><strong>Productor si desea contribuir a la base de datos de la Direcci\u00f3n de Agricultura con la informaci\u00f3n fenol\u00f3gica de su finca, puede hacerlo a trav\u00e9s del siguiente enlace<\/strong><\/span><\/p>\n<p>&nbsp;<\/p>\n<div class=\"wp-block-media-text alignwide is-stacked-on-mobile\"><\/div>\n<p>[\/et_pb_text][\/et_pb_column_inner][\/et_pb_row_inner][\/et_pb_column][\/et_pb_section][et_pb_section fb_built=\u00bb1&#8243; _builder_version=\u00bb4.27.4&#8243; _module_preset=\u00bbdefault\u00bb custom_padding=\u00bb54px|||||\u00bb global_colors_info=\u00bb{}\u00bb][et_pb_row _builder_version=\u00bb4.27.4&#8243; _module_preset=\u00bbdefault\u00bb background_color=\u00bbRGBA(255,255,255,0)\u00bb custom_padding=\u00bb||27px|||\u00bb link_option_url_new_window=\u00bbon\u00bb locked=\u00bboff\u00bb global_colors_info=\u00bb{}\u00bb][et_pb_column type=\u00bb4_4&#8243; _builder_version=\u00bb4.27.4&#8243; _module_preset=\u00bbdefault\u00bb global_colors_info=\u00bb{}\u00bb][et_pb_toggle title=\u00bbInformes Fenol\u00f3gicos\u00bb open_toggle_text_color=\u00bb#0C71C3&#8243; open_toggle_background_color=\u00bb#FFFFFF\u00bb closed_toggle_text_color=\u00bb#FFFFFF\u00bb closed_toggle_background_color=\u00bb#0C71C3&#8243; icon_color=\u00bb#FFFFFF\u00bb open_icon_color=\u00bb#FFFFFF\u00bb _builder_version=\u00bb4.27.4&#8243; _module_preset=\u00bbdefault\u00bb title_text_color=\u00bb#FFFFFF\u00bb body_text_color=\u00bb#000000&#8243; body_link_font=\u00bb||||on|||#0C71C3|\u00bb body_link_text_color=\u00bb#0C71C3&#8243; background_color=\u00bb#0C71C3&#8243; link_option_url_new_window=\u00bbon\u00bb border_radii=\u00bbon|15px|15px|15px|15px\u00bb locked=\u00bboff\u00bb global_colors_info=\u00bb{}\u00bb]<\/p>\n<p><span style=\"color: #000000\"><a href=\"https:\/\/mza-dicaws-portal-uploads-media-prod.s3.amazonaws.com\/informacion-oficial\/uploads\/sites\/17\/2025\/11\/maspas-fenologicos-2025.pdf\" style=\"color: #000000\">Mapas fenol\u00f3gicos 2025<\/a><\/span><br \/><span style=\"color: #000000\"><a href=\"https:\/\/mza-dicaws-portal-uploads-media-prod.s3.amazonaws.com\/informacion-oficial\/uploads\/sites\/17\/2025\/09\/manualdefenologia.pdf\" style=\"color: #000000\">Manual de Fenolog\u00eda<\/a><br \/><a href=\"https:\/\/mza-dicaws-portal-uploads-media-prod.s3.amazonaws.com\/informacion-oficial\/uploads\/sites\/17\/2026\/03\/Informe-Fenologico-Campana-2025-1.pdf\">Informe Fenol\u00f3gico. Campa\u00f1a 2025<\/a><\/span><\/p>\n<p><span style=\"color: #000000\"><a href=\"https:\/\/mza-dicaws-portal-uploads-media-prod.s3.amazonaws.com\/informacion-oficial\/uploads\/sites\/17\/2025\/09\/fenologiaalmendro2025.pdf\" style=\"color: #000000\">Almendro 2025<\/a><\/span><br \/><span style=\"color: #000000\"><a href=\"https:\/\/mza-dicaws-portal-uploads-media-prod.s3.amazonaws.com\/informacion-oficial\/uploads\/sites\/17\/2025\/09\/fenologiacerezo2025.pdf\" style=\"color: #000000\">Cerezo 2025<\/a><\/span><br \/><span style=\"color: #000000\"><a href=\"https:\/\/mza-dicaws-portal-uploads-media-prod.s3.amazonaws.com\/informacion-oficial\/uploads\/sites\/17\/2025\/09\/fenologiacirueloeuropeo2025.pdf\" style=\"color: #000000\">Ciruelo Europeo 2025<\/a><\/span><br \/><span style=\"color: #000000\"><a href=\"https:\/\/mza-dicaws-portal-uploads-media-prod.s3.amazonaws.com\/informacion-oficial\/uploads\/sites\/17\/2025\/09\/fenologiaciruelojapones2025.pdf\" style=\"color: #000000\">Ciruelo Japon\u00e9s 2025<\/a><\/span><br \/><span style=\"color: #000000\"><a href=\"https:\/\/mza-dicaws-portal-uploads-media-prod.s3.amazonaws.com\/informacion-oficial\/uploads\/sites\/17\/2025\/09\/fenologiaduraznofresco2025.pdf\" style=\"color: #000000\">Durazno Fresco 2025<\/a><\/span><br \/><span style=\"color: #000000\"><a href=\"https:\/\/mza-dicaws-portal-uploads-media-prod.s3.amazonaws.com\/informacion-oficial\/uploads\/sites\/17\/2025\/09\/fenologiaduraznoindustria2025.pdf\" style=\"color: #000000\">Durazno Industria 2025<\/a><\/span><br \/><span style=\"color: #000000\"><a href=\"https:\/\/mza-dicaws-portal-uploads-media-prod.s3.amazonaws.com\/informacion-oficial\/uploads\/sites\/17\/2025\/11\/fenologia-olivo-2025-1.pdf\" style=\"color: #000000\">Olivo 2025<\/a><\/span><br \/><span style=\"color: #000000\"><a href=\"https:\/\/mza-dicaws-portal-uploads-media-prod.s3.amazonaws.com\/informacion-oficial\/uploads\/sites\/17\/2025\/11\/fenologia-vid-2025.pdf\" style=\"color: #000000\">Vid 2025<\/a><\/span><br \/><span style=\"color: #000000\"><a href=\"https:\/\/mza-dicaws-portal-uploads-media-prod.s3.amazonaws.com\/informacion-oficial\/uploads\/sites\/17\/2025\/11\/fenologia-nogal-2025-1.pdf\" style=\"color: #000000\">Nogal 2025<\/a><\/span><br \/><span style=\"color: #000000\"><a href=\"https:\/\/mza-dicaws-portal-uploads-media-prod.s3.amazonaws.com\/informacion-oficial\/uploads\/sites\/17\/2025\/12\/Hoja-Divulgacion-Cerezo-Brooks-2025.pdf\" style=\"color: #000000\">Cerezo Brooks 2025<\/a><\/span><br \/><span style=\"color: #000000\"><a href=\"https:\/\/mza-dicaws-portal-uploads-media-prod.s3.amazonaws.com\/informacion-oficial\/uploads\/sites\/17\/2025\/12\/Hoja-Divulgacion-Fenologia-Cerezo-Norte-2025.pdf\" style=\"color: #000000\">Cerezo Norte 2025<\/a><\/span><br \/><span style=\"color: #000000\"><a href=\"https:\/\/mza-dicaws-portal-uploads-media-prod.s3.amazonaws.com\/informacion-oficial\/uploads\/sites\/17\/2025\/12\/Hoja-Divulgacion-Cerezo-Bing-2025.pdf\" style=\"color: #000000\">Cerezo Bing 2025<\/a><\/span><br \/><span style=\"color: #000000\"><a href=\"https:\/\/mza-dicaws-portal-uploads-media-prod.s3.amazonaws.com\/informacion-oficial\/uploads\/sites\/17\/2025\/12\/Hoja-Divulgacion-Loadel-Este-y-Sur-2025.pdf\" style=\"color: #000000\">Loadel Este y Sur 2025<\/a><\/span><br \/><span style=\"color: #000000\"><a href=\"https:\/\/mza-dicaws-portal-uploads-media-prod.s3.amazonaws.com\/informacion-oficial\/uploads\/sites\/17\/2025\/12\/Hoja-de-divulgacion-Chandler-2025.pdf\" style=\"color: #000000\">Chandler 2025<\/a><\/span><br \/><span style=\"color: #000000\"><a href=\"https:\/\/mza-dicaws-portal-uploads-media-prod.s3.amazonaws.com\/informacion-oficial\/uploads\/sites\/17\/2025\/12\/Hoja-Divulgacion-Almendro-Este-2025.pdf\" style=\"color: #000000\">Almendro Este 2025<\/a><\/span><\/p>\n<p><span style=\"color: #000000\"><a href=\"https:\/\/mza-dicaws-portal-uploads-media-prod.s3.amazonaws.com\/informacion-oficial\/uploads\/sites\/17\/2025\/10\/hojadedivulgacionduraznobowen2025.pdf\" style=\"color: #000000\">Hoja de divulgaci\u00f3n durazno Bowen 2025<\/a><\/span><br \/><span style=\"color: #000000\"><a href=\"https:\/\/mza-dicaws-portal-uploads-media-prod.s3.amazonaws.com\/informacion-oficial\/uploads\/sites\/17\/2025\/10\/hojadedivulgacionduraznopaviecatherine2025.pdf\" style=\"color: #000000\">Hoja de divulgaci\u00f3n durazno Pavie Catherine 2025<\/a><\/span><br \/><span style=\"color: #000000\"><a href=\"https:\/\/mza-dicaws-portal-uploads-media-prod.s3.amazonaws.com\/informacion-oficial\/uploads\/sites\/17\/2025\/10\/hojadivulgacionalmendrofelitziayguara2025.pdf\" style=\"color: #000000\">Hoja divulgaci\u00f3n almendro Felitzia y guara 2025<\/a><\/span><br \/><span style=\"color: #000000\"><a href=\"https:\/\/mza-dicaws-portal-uploads-media-prod.s3.amazonaws.com\/informacion-oficial\/uploads\/sites\/17\/2025\/10\/hojadivulgaciondurazneroandross2025.pdf\" style=\"color: #000000\">Hoja divulgaci\u00f3n duraznero Andross 2025<\/a><\/span><\/p>\n<p><a href=\"https:\/\/mza-dicaws-portal-uploads-media-prod.s3.amazonaws.com\/informacion-oficial\/uploads\/sites\/17\/2026\/04\/Horas-de-frio-en-Frutales-2025.pdf\">Horas de fr\u00edo en frutales<\/a><\/p>\n<p>&nbsp;<\/p>\n<p>[\/et_pb_toggle][\/et_pb_column][\/et_pb_row][et_pb_row _builder_version=\u00bb4.27.4&#8243; _module_preset=\u00bbdefault\u00bb global_colors_info=\u00bb{}\u00bb][et_pb_column type=\u00bb4_4&#8243; _builder_version=\u00bb4.27.4&#8243; _module_preset=\u00bbdefault\u00bb global_colors_info=\u00bb{}\u00bb][\/et_pb_column][\/et_pb_row][\/et_pb_section]<\/p>\n","protected":false},"excerpt":{"rendered":"<p>Fenolog\u00edaLa fenolog\u00eda es el estudio de los ciclos naturales de plantas y animales en relaci\u00f3n con el clima. Se centra en eventos biol\u00f3gicos como la floraci\u00f3n, la reproducci\u00f3n y la migraci\u00f3n, ayudando a comprender c\u00f3mo responden los seres vivos a los cambios ambientales. Adem\u00e1s, la fenolog\u00eda es crucial para optimizar cultivos y prevenir plagas, ya [&hellip;]<\/p>\n","protected":false},"author":22,"featured_media":0,"parent":0,"menu_order":0,"comment_status":"closed","ping_status":"closed","template":"","meta":{"_et_pb_use_builder":"on","_et_pb_old_content":"","_et_gb_content_width":"","footnotes":""},"class_list":["post-2080","page","type-page","status-publish","hentry"],"_links":{"self":[{"href":"https:\/\/informacionoficial.mendoza.gob.ar\/produccion\/wp-json\/wp\/v2\/pages\/2080","targetHints":{"allow":["GET"]}}],"collection":[{"href":"https:\/\/informacionoficial.mendoza.gob.ar\/produccion\/wp-json\/wp\/v2\/pages"}],"about":[{"href":"https:\/\/informacionoficial.mendoza.gob.ar\/produccion\/wp-json\/wp\/v2\/types\/page"}],"author":[{"embeddable":true,"href":"https:\/\/informacionoficial.mendoza.gob.ar\/produccion\/wp-json\/wp\/v2\/users\/22"}],"replies":[{"embeddable":true,"href":"https:\/\/informacionoficial.mendoza.gob.ar\/produccion\/wp-json\/wp\/v2\/comments?post=2080"}],"version-history":[{"count":35,"href":"https:\/\/informacionoficial.mendoza.gob.ar\/produccion\/wp-json\/wp\/v2\/pages\/2080\/revisions"}],"predecessor-version":[{"id":3138,"href":"https:\/\/informacionoficial.mendoza.gob.ar\/produccion\/wp-json\/wp\/v2\/pages\/2080\/revisions\/3138"}],"wp:attachment":[{"href":"https:\/\/informacionoficial.mendoza.gob.ar\/produccion\/wp-json\/wp\/v2\/media?parent=2080"}],"curies":[{"name":"wp","href":"https:\/\/api.w.org\/{rel}","templated":true}]}}