{"id":854,"date":"2025-08-05T07:25:39","date_gmt":"2025-08-05T05:25:39","guid":{"rendered":"https:\/\/informacionoficial.mendoza.gob.ar\/produccion\/?page_id=854"},"modified":"2026-01-28T12:30:05","modified_gmt":"2026-01-28T15:30:05","slug":"agencia-mendocina-de-innovacion-ciencia-y-tecnologia","status":"publish","type":"page","link":"https:\/\/informacionoficial.mendoza.gob.ar\/produccion\/agencia-mendocina-de-innovacion-ciencia-y-tecnologia\/","title":{"rendered":"Agencia Mendocina de Innovaci\u00f3n, Ciencia y Tecnolog\u00eda"},"content":{"rendered":"<p>[et_pb_section fb_built=\u00bb1&#8243; _builder_version=\u00bb4.27.4&#8243; _module_preset=\u00bbdefault\u00bb module_alignment=\u00bbcenter\u00bb global_colors_info=\u00bb{}\u00bb][et_pb_row _builder_version=\u00bb4.27.4&#8243; _module_preset=\u00bbdefault\u00bb global_colors_info=\u00bb{}\u00bb][et_pb_column type=\u00bb4_4&#8243; _builder_version=\u00bb4.27.4&#8243; _module_preset=\u00bbdefault\u00bb global_colors_info=\u00bb{}\u00bb][et_pb_slider _builder_version=\u00bb4.27.4&#8243; _module_preset=\u00bbdefault\u00bb global_colors_info=\u00bb{}\u00bb][et_pb_slide heading=\u00bbAgencia Mendocina de Innovaci\u00f3n, Ciencia y Tecnolog\u00eda\u00bb image=\u00bbhttps:\/\/mza-dicaws-portal-uploads-media-prod.s3.us-east-1.amazonaws.com\/informacion-oficial\/uploads\/sites\/17\/2025\/08\/coding-isometric-01.png\u00bb _builder_version=\u00bb4.27.4&#8243; _module_preset=\u00bbdefault\u00bb global_colors_info=\u00bb{}\u00bb sticky_transition=\u00bbon\u00bb]<\/p>\n<p>Transformamos ideas en oportunidades para Mendoza<\/p>\n<p>[\/et_pb_slide][et_pb_slide heading=\u00bbTrabajamos por una provincia m\u00e1s productiva, sostenible y preparada para los desaf\u00edos del futuro\u00bb image=\u00bbhttps:\/\/mza-dicaws-portal-uploads-media-prod.s3.us-east-1.amazonaws.com\/informacion-oficial\/uploads\/sites\/17\/2025\/08\/coding-isometric-03.png\u00bb _builder_version=\u00bb4.27.4&#8243; _module_preset=\u00bbdefault\u00bb global_colors_info=\u00bb{}\u00bb sticky_transition=\u00bbon\u00bb][\/et_pb_slide][\/et_pb_slider][\/et_pb_column][\/et_pb_row][\/et_pb_section][et_pb_section fb_built=\u00bb1&#8243; _builder_version=\u00bb4.27.4&#8243; _module_preset=\u00bbdefault\u00bb global_colors_info=\u00bb{}\u00bb][et_pb_row column_structure=\u00bb3_5,2_5&#8243; _builder_version=\u00bb4.27.4&#8243; _module_preset=\u00bbdefault\u00bb global_colors_info=\u00bb{}\u00bb][et_pb_column type=\u00bb3_5&#8243; _builder_version=\u00bb4.27.4&#8243; _module_preset=\u00bbdefault\u00bb global_colors_info=\u00bb{}\u00bb][et_pb_toggle title=\u00bbTransformamos ideas en oportunidades para Mendoza\u00bb open_toggle_text_color=\u00bb#FFFFFF\u00bb open_toggle_background_color=\u00bb#0C71C3&#8243; closed_toggle_background_color=\u00bb#0C71C3&#8243; icon_color=\u00bb#FFFFFF\u00bb open_icon_color=\u00bb#FFFFFF\u00bb _builder_version=\u00bb4.27.4&#8243; _module_preset=\u00bbdefault\u00bb title_text_color=\u00bb#FFFFFF\u00bb body_text_color=\u00bb#FFFFFF\u00bb border_radii=\u00bbon|15px|15px|15px|15px\u00bb locked=\u00bboff\u00bb global_colors_info=\u00bb{}\u00bb]<\/p>\n<p>La Agencia de Innovaci\u00f3n, Ciencia y Tecnolog\u00eda desarrolla los siguientes programas orientados a impulsar la innovaci\u00f3n, la sostenibilidad y el crecimiento del ecosistema productivo de Mendoza.<br \/>Para m\u00e1s informaci\u00f3n, visit\u00e1 <a href=\"https:\/\/competitividadmendoza.com.ar\/agencia-innovacion\/\">https:\/\/competitividadmendoza.com.ar\/agencia-innovacion\/<\/a><\/p>\n<p>[\/et_pb_toggle][et_pb_toggle title=\u00bbAutoridades\u00bb open_toggle_text_color=\u00bb#FFFFFF\u00bb open_toggle_background_color=\u00bb#0C71C3&#8243; closed_toggle_background_color=\u00bb#0C71C3&#8243; icon_color=\u00bb#FFFFFF\u00bb open_icon_color=\u00bb#FFFFFF\u00bb _builder_version=\u00bb4.27.4&#8243; _module_preset=\u00bbdefault\u00bb title_text_color=\u00bb#FFFFFF\u00bb body_text_color=\u00bb#FFFFFF\u00bb background_color=\u00bb#FFFFFF\u00bb hover_enabled=\u00bb0&#8243; border_radii=\u00bbon|15px|15px|15px|15px\u00bb locked=\u00bboff\u00bb global_colors_info=\u00bb{}\u00bb sticky_enabled=\u00bb0&#8243;]<\/p>\n<p><strong>Presidente:<\/strong><\/p>\n<ul>\n<li>Federico Mor\u00e1bito<\/li>\n<\/ul>\n<p><strong>Comit\u00e9 Asesor:<\/strong><\/p>\n<p><strong>CONICET<\/strong><\/p>\n<ul>\n<li>Titular: Walter Manucha<\/li>\n<li>Suplente: Rodolfo Wuilloud<\/li>\n<\/ul>\n<p><strong>DGE<\/strong><\/p>\n<ul>\n<li>Titular: Daniela Garc\u00eda<\/li>\n<li>Suplente: Ingrid Tamara Salom\u00f3n<\/li>\n<\/ul>\n<p><strong>INTA<\/strong><\/p>\n<ul>\n<li>Titular: Claudio R\u00f3mulo Galmarini<\/li>\n<li>Suplente: Daniela Dubbini<\/li>\n<\/ul>\n<p><strong>INTI<\/strong><\/p>\n<ul>\n<li>Titular: Juan Carlos Najul<\/li>\n<li>Suplente: Cecilia Espejo<\/li>\n<\/ul>\n<p><strong>UNCUYO<\/strong><\/p>\n<ul>\n<li>Titular: Mar\u00eda Teresa Damiani<\/li>\n<li>Suplente: Gabriel Fidel<\/li>\n<\/ul>\n<p><strong>UTN<\/strong><\/p>\n<ul>\n<li>Titular: Antonio \u00c1lvarez Abril<\/li>\n<li>Suplente: Jorge Alberto Abraham<\/li>\n<\/ul>\n<p><strong>Universidades Privadas<\/strong><\/p>\n<ul>\n<li>Titular: Enzo Completa<\/li>\n<li>Suplente: Lizzet Vejling\n<\/li>\n<\/ul>\n<p><strong>Sector Privado<\/strong><\/p>\n<ul>\n<li>Titulares: Antonella Tassaroli, Sebasti\u00e1n Wolff, Arturo E. Pechemiel, Leandro Bernardi<\/li>\n<li>Suplente: Alberto Tassaroli<\/li>\n<\/ul>\n<p>&nbsp;<\/p>\n<p>[\/et_pb_toggle][\/et_pb_column][et_pb_column type=\u00bb2_5&#8243; _builder_version=\u00bb4.27.4&#8243; _module_preset=\u00bbdefault\u00bb global_colors_info=\u00bb{}\u00bb][et_pb_image src=\u00bbhttps:\/\/mza-dicaws-portal-uploads-media-prod.s3.us-east-1.amazonaws.com\/informacion-oficial\/uploads\/sites\/17\/2025\/08\/coding-isometric-05.png\u00bb title_text=\u00bbcoding-isometric-05&#8243; _builder_version=\u00bb4.27.4&#8243; _module_preset=\u00bbdefault\u00bb global_colors_info=\u00bb{}\u00bb][\/et_pb_image][\/et_pb_column][\/et_pb_row][et_pb_row _builder_version=\u00bb4.27.4&#8243; _module_preset=\u00bbdefault\u00bb global_colors_info=\u00bb{}\u00bb][et_pb_column type=\u00bb4_4&#8243; _builder_version=\u00bb4.27.4&#8243; _module_preset=\u00bbdefault\u00bb global_colors_info=\u00bb{}\u00bb][et_pb_heading title=\u00bbProgramas\u00bb _builder_version=\u00bb4.27.4&#8243; _module_preset=\u00bbdefault\u00bb title_text_color=\u00bb#000F9F\u00bb hover_enabled=\u00bb0&#8243; global_colors_info=\u00bb{}\u00bb sticky_enabled=\u00bb0&#8243;][\/et_pb_heading][\/et_pb_column][\/et_pb_row][et_pb_row _builder_version=\u00bb4.27.4&#8243; _module_preset=\u00bbdefault\u00bb][et_pb_column _builder_version=\u00bb4.27.4&#8243; _module_preset=\u00bbdefault\u00bb type=\u00bb4_4&#8243;][et_pb_text _builder_version=\u00bb4.27.4&#8243; _module_preset=\u00bbdefault\u00bb]<\/p>\n<p>La Agencia de Innovaci\u00f3n, Ciencia y Tecnolog\u00eda desarrolla los siguientes programas orientados a impulsar la innovaci\u00f3n, la sostenibilidad y el crecimiento del ecosistema productivo de Mendoza.<\/p>\n<p>[\/et_pb_text][\/et_pb_column][\/et_pb_row][et_pb_row column_structure=\u00bb1_2,1_2&#8243; _builder_version=\u00bb4.27.4&#8243; _module_preset=\u00bbdefault\u00bb locked=\u00bboff\u00bb global_colors_info=\u00bb{}\u00bb][et_pb_column type=\u00bb1_2&#8243; _builder_version=\u00bb4.27.4&#8243; _module_preset=\u00bbdefault\u00bb global_colors_info=\u00bb{}\u00bb][et_pb_toggle title=\u00bbMendoza Sostenible\u00bb open_toggle_text_color=\u00bb#FFFFFF\u00bb open_toggle_background_color=\u00bb#0C71C3&#8243; closed_toggle_background_color=\u00bb#0C71C3&#8243; icon_color=\u00bb#FFFFFF\u00bb open_icon_color=\u00bb#FFFFFF\u00bb _builder_version=\u00bb4.27.4&#8243; _module_preset=\u00bbdefault\u00bb title_text_color=\u00bb#FFFFFF\u00bb body_text_color=\u00bb#FFFFFF\u00bb hover_enabled=\u00bb0&#8243; border_radii=\u00bbon|15px|15px|15px|15px\u00bb global_colors_info=\u00bb{}\u00bb sticky_enabled=\u00bb0&#8243;]<\/p>\n<p>\u00a0Mendoza Sostenible es un programa que busca consolidar una pol\u00edtica p\u00fablica de gesti\u00f3n orientada al desarrollo sostenible en el marco de las econom\u00edas de impacto. Su finalidad es armonizar el crecimiento econ\u00f3mico, la inclusi\u00f3n social y la protecci\u00f3n del ambiente en la provincia. A trav\u00e9s de mesas de sostenibilidad por regiones, integradas por el sector privado, las universidades y organismos p\u00fablicos, se promueven acciones de articulaci\u00f3n y cooperaci\u00f3n. Entre sus principales l\u00edneas de trabajo se destacan la gesti\u00f3n integral de residuos s\u00f3lidos urbanos (GIRSU), la vinculaci\u00f3n entre cooperativas de recuperadores urbanos y empresas recicladoras, y la promoci\u00f3n de modelos productivos en contextos de encierro como oportunidades laborales para personas que recuperan la libertad. Tambi\u00e9n impulsa puntos verdes textiles para el acopio de residuos con fines de innovaci\u00f3n social, jornadas de visibilizaci\u00f3n del ecosistema de impacto vinculadas a los Objetivos de Desarrollo Sostenible (ODS), y capacitaciones en educaci\u00f3n sostenible dirigidas a empresas, organizaciones y emprendedores.<\/p>\n<p>&nbsp;<\/p>\n<p>[\/et_pb_toggle][\/et_pb_column][et_pb_column type=\u00bb1_2&#8243; _builder_version=\u00bb4.27.4&#8243; _module_preset=\u00bbdefault\u00bb global_colors_info=\u00bb{}\u00bb][et_pb_toggle title=\u00bbIndustria 5.0&#8243; open_toggle_text_color=\u00bb#0C71C3&#8243; open_toggle_background_color=\u00bb#FFFFFF\u00bb closed_toggle_background_color=\u00bb#FFFFFF\u00bb icon_color=\u00bb#0C71C3&#8243; open_icon_color=\u00bb#0C71C3&#8243; _builder_version=\u00bb4.27.4&#8243; _module_preset=\u00bbdefault\u00bb title_text_color=\u00bb#0C71C3&#8243; body_text_color=\u00bb#141414&#8243; border_radii=\u00bbon|15px|15px|15px|15px\u00bb box_shadow_style=\u00bbpreset3&#8243; box_shadow_spread=\u00bb-14px\u00bb global_colors_info=\u00bb{}\u00bb]<\/p>\n<p>\u00a0El programa promueve y desarrolla la Industria 5.0 y la transformaci\u00f3n digital en las empresas mendocinas. Desde la Agencia Mendocina de Innovaci\u00f3n, Ciencia y Tecnolog\u00eda se impulsa la adopci\u00f3n de tecnolog\u00edas que mejoren la competitividad y la eficiencia productiva, brindando soluciones personalizadas para cada empresa. A trav\u00e9s del Laboratorio de Transformaci\u00f3n Digital Mendoza se generan sinergias entre empresas proveedoras de soluciones tecnol\u00f3gicas y aquellas que buscan digitalizar sus procesos. El objetivo es construir un ecosistema digital s\u00f3lido que permita a las empresas crecer, innovar y adaptarse a los desaf\u00edos del futuro.<\/p>\n<p>[\/et_pb_toggle][\/et_pb_column][\/et_pb_row][et_pb_row _builder_version=\u00bb4.27.4&#8243; _module_preset=\u00bbdefault\u00bb locked=\u00bboff\u00bb global_colors_info=\u00bb{}\u00bb column_structure=\u00bb1_2,1_2&#8243;][et_pb_column type=\u00bb1_2&#8243; _builder_version=\u00bb4.27.4&#8243; _module_preset=\u00bbdefault\u00bb global_colors_info=\u00bb{}\u00bb][et_pb_toggle title=\u00bbMendoza Film Commission\u00bb open_toggle_text_color=\u00bb#0C71C3&#8243; open_toggle_background_color=\u00bb#FFFFFF\u00bb closed_toggle_background_color=\u00bb#FFFFFF\u00bb icon_color=\u00bb#0C71C3&#8243; open_icon_color=\u00bb#0C71C3&#8243; _builder_version=\u00bb4.27.4&#8243; _module_preset=\u00bbdefault\u00bb title_text_color=\u00bb#0C71C3&#8243; body_text_color=\u00bb#141414&#8243; border_radii=\u00bbon|15px|15px|15px|15px\u00bb box_shadow_style=\u00bbpreset3&#8243; box_shadow_spread=\u00bb-14px\u00bb global_colors_info=\u00bb{}\u00bb]<\/p>\n<p>&nbsp;<\/p>\n<p>\u00a0La Mendoza Film Commission es el organismo oficial del Gobierno de Mendoza encargado de promover, facilitar y acompa\u00f1ar la producci\u00f3n audiovisual en la provincia. Su prop\u00f3sito es posicionar a Mendoza como un polo audiovisual internacional, articulando el sector p\u00fablico y privado para atraer inversiones, generar empleo y fortalecer la identidad local. Ofrece atenci\u00f3n personalizada a productores, asesoramiento integral en locaciones, permisos, log\u00edstica y recursos t\u00e9cnicos, as\u00ed como articulaci\u00f3n con organismos, c\u00e1maras, universidades y empresas del sector. Adem\u00e1s, desarrolla cat\u00e1logos de empresas y profesionales, impulsa capacitaciones especializadas y administra el programa de incentivos <strong>Cash Rebate<\/strong>, que reintegra hasta el 40% de la inversi\u00f3n local en proyectos audiovisuales. Hasta la fecha se han realizado cuatro llamados del concurso, con un total de 36 largometrajes adjudicados. Mendoza ofrece ventajas competitivas \u00fanicas: diversidad de paisajes, m\u00e1s de 300 d\u00edas de sol al a\u00f1o, infraestructura tur\u00edstica y audiovisual en crecimiento, conectividad a\u00e9rea, un marco legal s\u00f3lido y capital humano calificado.<br \/>\u00a0<strong>Contacto:<\/strong> Av. Peltier 611, Ciudad de Mendoza |<span> <a href=\"https:\/\/mendozafilmcommission.com.ar\">mendozafilmcommission.com.ar<\/a><\/span> |<span> <a href=\"https:\/\/www.instagram.com\/mendoza.film\/\">Instagram<\/a><\/span> | mendozafilmcommission@gmail.com<\/p>\n<p>[\/et_pb_toggle][\/et_pb_column][et_pb_column type=\u00bb1_2&#8243; _builder_version=\u00bb4.27.4&#8243; _module_preset=\u00bbdefault\u00bb global_colors_info=\u00bb{}\u00bb][et_pb_toggle title=\u00bbIncorporacion de talentos\u00bb open_toggle_text_color=\u00bb#FFFFFF\u00bb open_toggle_background_color=\u00bb#0C71C3&#8243; closed_toggle_background_color=\u00bb#0C71C3&#8243; icon_color=\u00bb#FFFFFF\u00bb open_icon_color=\u00bb#FFFFFF\u00bb _builder_version=\u00bb4.27.4&#8243; _module_preset=\u00bbdefault\u00bb title_text_color=\u00bb#FFFFFF\u00bb body_text_color=\u00bb#FFFFFF\u00bb border_radii=\u00bbon|15px|15px|15px|15px\u00bb global_colors_info=\u00bb{}\u00bb]<\/p>\n<p>El programa est\u00e1 orientado a conectar empresas de Mendoza con investigadores altamente capacitados, con el fin de abordar desaf\u00edos de investigaci\u00f3n y desarrollo tecnol\u00f3gico dentro del ecosistema productivo provincial. Cada investigador \u2014con formaci\u00f3n de posgrado o estudios avanzados\u2014 es asignado a un desaf\u00edo espec\u00edfico planteado por una empresa y recibe un aporte no reembolsable por un per\u00edodo de hasta cinco meses para la ejecuci\u00f3n de la soluci\u00f3n propuesta. De esta manera, el programa promueve la vinculaci\u00f3n entre el conocimiento cient\u00edfico y las necesidades reales del sector productivo mendocino.<\/p>\n<p>[\/et_pb_toggle][\/et_pb_column][\/et_pb_row][et_pb_row _builder_version=\u00bb4.27.4&#8243; _module_preset=\u00bbdefault\u00bb locked=\u00bboff\u00bb global_colors_info=\u00bb{}\u00bb][et_pb_column type=\u00bb4_4&#8243; _builder_version=\u00bb4.27.4&#8243; _module_preset=\u00bbdefault\u00bb global_colors_info=\u00bb{}\u00bb][et_pb_heading title=\u00bbFinanciamientos\u00bb _builder_version=\u00bb4.27.4&#8243; _module_preset=\u00bbdefault\u00bb title_text_color=\u00bb#000F9F\u00bb hover_enabled=\u00bb0&#8243; global_colors_info=\u00bb{}\u00bb sticky_enabled=\u00bb0&#8243;][\/et_pb_heading][et_pb_text _builder_version=\u00bb4.27.4&#8243; _module_preset=\u00bbdefault\u00bb hover_enabled=\u00bb0&#8243; sticky_enabled=\u00bb0&#8243;]<\/p>\n<p>La Agencia de Innovaci\u00f3n, Ciencia y Tecnolog\u00eda presenta sus l\u00edneas de financiamiento destinadas a impulsar la innovaci\u00f3n, el desarrollo productivo y la transformaci\u00f3n tecnol\u00f3gica en Mendoza.<\/p>\n<p>[\/et_pb_text][\/et_pb_column][\/et_pb_row][et_pb_row column_structure=\u00bb1_2,1_2&#8243; _builder_version=\u00bb4.27.4&#8243; _module_preset=\u00bbdefault\u00bb locked=\u00bboff\u00bb global_colors_info=\u00bb{}\u00bb][et_pb_column type=\u00bb1_2&#8243; _builder_version=\u00bb4.27.4&#8243; _module_preset=\u00bbdefault\u00bb global_colors_info=\u00bb{}\u00bb][et_pb_toggle title=\u00bbSoluciones empresariales\u00bb open_toggle_text_color=\u00bb#FFFFFF\u00bb open_toggle_background_color=\u00bb#C8A977&#8243; closed_toggle_background_color=\u00bb#C8A977&#8243; icon_color=\u00bb#FFFFFF\u00bb open_icon_color=\u00bb#FFFFFF\u00bb _builder_version=\u00bb4.27.4&#8243; _module_preset=\u00bbdefault\u00bb title_text_color=\u00bb#FFFFFF\u00bb body_text_color=\u00bb#FFFFFF\u00bb hover_enabled=\u00bb0&#8243; border_radii=\u00bbon|15px|15px|15px|15px\u00bb global_colors_info=\u00bb{}\u00bb sticky_enabled=\u00bb0&#8243;]<\/p>\n<p>&nbsp;<\/p>\n<p>El programa est\u00e1 dirigido a empresas privadas radicadas en Mendoza que enfrenten desaf\u00edos estrat\u00e9gicos en sus procesos productivos, tecnol\u00f3gicos o de gesti\u00f3n, y que requieran soluciones basadas en ciencia y tecnolog\u00eda. Tambi\u00e9n pueden participar actores especializados en I+D+i capaces de desarrollar respuestas a los desaf\u00edos planteados, como empresas privadas con capacidades t\u00e9cnicas espec\u00edficas, entidades educativas (universidades p\u00fablicas y privadas, centros acad\u00e9micos), organismos de desarrollo cient\u00edfico y t\u00e9cnico (centros de investigaci\u00f3n, laboratorios), instituciones p\u00fablicas o semip\u00fablicas con capacidades de investigaci\u00f3n y desarrollo, y consultores o expertos independientes con experiencia en soluciones tecnol\u00f3gicas o cient\u00edficas.<\/p>\n<p>[\/et_pb_toggle][\/et_pb_column][et_pb_column type=\u00bb1_2&#8243; _builder_version=\u00bb4.27.4&#8243; _module_preset=\u00bbdefault\u00bb global_colors_info=\u00bb{}\u00bb][et_pb_toggle title=\u00bbTransformaci\u00f3n Digital de PyMEs\u00bb open_toggle_text_color=\u00bb#0C71C3&#8243; open_toggle_background_color=\u00bb#FFFFFF\u00bb closed_toggle_background_color=\u00bb#FFFFFF\u00bb icon_color=\u00bb#0C71C3&#8243; open_icon_color=\u00bb#0C71C3&#8243; _builder_version=\u00bb4.27.4&#8243; _module_preset=\u00bbdefault\u00bb title_text_color=\u00bb#0C71C3&#8243; body_text_color=\u00bb#141414&#8243; border_radii=\u00bbon|15px|15px|15px|15px\u00bb box_shadow_style=\u00bbpreset3&#8243; box_shadow_spread=\u00bb-14px\u00bb global_colors_info=\u00bb{}\u00bb]<\/p>\n<p>\u00a0Esta l\u00ednea tiene por objetivo financiar proyectos de transformaci\u00f3n digital que promuevan la adopci\u00f3n de tecnolog\u00edas innovadoras en PyMEs y MiPyMEs de Mendoza. Busca mejorar los procesos, productos y servicios de las empresas, as\u00ed como fortalecer su presencia en el mercado. Se contemplan dos modalidades: <em>Mendoza Digital \u2013 B\u00e1sico<\/em>, para empresas que inician su transformaci\u00f3n digital o buscan mejorar su presencia en entornos digitales, y <em>Mendoza 5.0 \u2013 Avanzado<\/em>, destinada a empresas que buscan integrar de manera m\u00e1s profunda la tecnolog\u00eda en todas sus \u00e1reas, mediante herramientas como IoT, Big Data, inteligencia artificial, rob\u00f3tica o realidad aumentada.<\/p>\n<p>[\/et_pb_toggle][\/et_pb_column][\/et_pb_row][et_pb_row column_structure=\u00bb1_2,1_2&#8243; _builder_version=\u00bb4.27.4&#8243; _module_preset=\u00bbdefault\u00bb locked=\u00bboff\u00bb global_colors_info=\u00bb{}\u00bb][et_pb_column type=\u00bb1_2&#8243; _builder_version=\u00bb4.27.4&#8243; _module_preset=\u00bbdefault\u00bb global_colors_info=\u00bb{}\u00bb][et_pb_toggle title=\u00bbMendoza Innova con Impacto\u00bb open_toggle_text_color=\u00bb#0C71C3&#8243; open_toggle_background_color=\u00bb#FFFFFF\u00bb closed_toggle_background_color=\u00bb#FFFFFF\u00bb icon_color=\u00bb#0C71C3&#8243; open_icon_color=\u00bb#0C71C3&#8243; _builder_version=\u00bb4.27.4&#8243; _module_preset=\u00bbdefault\u00bb title_text_color=\u00bb#0C71C3&#8243; body_text_color=\u00bb#141414&#8243; border_radii=\u00bbon|15px|15px|15px|15px\u00bb box_shadow_style=\u00bbpreset3&#8243; box_shadow_spread=\u00bb-14px\u00bb global_colors_info=\u00bb{}\u00bb]<\/p>\n<p>\u00a0El programa busca potenciar el desarrollo sostenible y la competitividad en Mendoza mediante el financiamiento de proyectos innovadores. A trav\u00e9s de esta iniciativa se apoya a empresas, emprendedores y organizaciones que integren tecnolog\u00edas disruptivas y enfoques alineados con la econom\u00eda circular y los Objetivos de Desarrollo Sostenible (ODS). Los proyectos deben abordar desaf\u00edos sociales, tecnol\u00f3gicos o ambientales mediante la innovaci\u00f3n, incorporar componentes de transformaci\u00f3n digital, econom\u00eda circular o econom\u00edas de impacto, y enfocarse en actividades productivas como agroindustria, base tecnol\u00f3gica, turismo, servicios, miner\u00eda, entre otros.<\/p>\n<p><strong><span>\u00a0<\/span><\/strong><\/p>\n<p>[\/et_pb_toggle][\/et_pb_column][et_pb_column _builder_version=\u00bb4.27.4&#8243; _module_preset=\u00bbdefault\u00bb type=\u00bb1_2&#8243;][et_pb_toggle title=\u00bbFortalecimiento de Clusters\u00bb open_toggle_text_color=\u00bb#FFFFFF\u00bb open_toggle_background_color=\u00bb#0C71C3&#8243; closed_toggle_background_color=\u00bb#0C71C3&#8243; icon_color=\u00bb#FFFFFF\u00bb open_icon_color=\u00bb#FFFFFF\u00bb _builder_version=\u00bb4.27.4&#8243; _module_preset=\u00bbdefault\u00bb title_text_color=\u00bb#FFFFFF\u00bb body_text_color=\u00bb#FFFFFF\u00bb border_radii=\u00bbon|15px|15px|15px|15px\u00bb global_colors_info=\u00bb{}\u00bb]<\/p>\n<p>\u00a0El programa promueve un modelo de desarrollo basado en la especializaci\u00f3n productiva, la concentraci\u00f3n geogr\u00e1fica, la masa cr\u00edtica, la innovaci\u00f3n y la cooperaci\u00f3n entre empresas (coo-petencia). Su objetivo es financiar iniciativas que impulsen el desarrollo empresarial, la innovaci\u00f3n productiva, el crecimiento del empleo y las exportaciones en sectores productivos clave de la provincia, sin requerir una metodolog\u00eda de clusters definida. Se financian proyectos de desarrollo de productos o servicios asociativos, equipamiento de espacios de desarrollo, asistencia t\u00e9cnica y capacitaci\u00f3n, creaci\u00f3n o consolidaci\u00f3n de clusters y gerenciamiento especializado.<\/p>\n<p>[\/et_pb_toggle][\/et_pb_column][\/et_pb_row][et_pb_row column_structure=\u00bb1_2,1_2&#8243; _builder_version=\u00bb4.27.4&#8243; _module_preset=\u00bbdefault\u00bb locked=\u00bboff\u00bb global_colors_info=\u00bb{}\u00bb][et_pb_column type=\u00bb1_2&#8243; _builder_version=\u00bb4.27.4&#8243; _module_preset=\u00bbdefault\u00bb global_colors_info=\u00bb{}\u00bb][et_pb_toggle title=\u00bbTEC Asociativo 3&#8243; open_toggle_text_color=\u00bb#FFFFFF\u00bb open_toggle_background_color=\u00bb#C8A977&#8243; closed_toggle_background_color=\u00bb#C8A977&#8243; icon_color=\u00bb#FFFFFF\u00bb open_icon_color=\u00bb#FFFFFF\u00bb _builder_version=\u00bb4.27.4&#8243; _module_preset=\u00bbdefault\u00bb title_text_color=\u00bb#FFFFFF\u00bb body_text_color=\u00bb#FFFFFF\u00bb border_radii=\u00bbon|15px|15px|15px|15px\u00bb global_colors_info=\u00bb{}\u00bb]<\/p>\n<p><strong><\/strong>El programa financia proyectos de innovaci\u00f3n p\u00fablico-privados a trav\u00e9s de Aportes No Reembolsables (ANR), destinados a solucionar problem\u00e1ticas comunes del sector productivo en Mendoza. Est\u00e1 dirigido a entidades asociativas de la provincia, como c\u00e1maras empresariales, federaciones, cooperativas, fundaciones, consejos y colegios profesionales. Podr\u00e1n participar aquellas entidades legalmente constituidas que representen sectores productivos primarios, industriales o de servicios, con capacidad para desarrollar soluciones tecnol\u00f3gicas y\/o cient\u00edficas.<\/p>\n<p>[\/et_pb_toggle][\/et_pb_column][et_pb_column type=\u00bb1_2&#8243; _builder_version=\u00bb4.27.4&#8243; _module_preset=\u00bbdefault\u00bb global_colors_info=\u00bb{}\u00bb][\/et_pb_column][\/et_pb_row][\/et_pb_section][et_pb_section fb_built=\u00bb1&#8243; fullwidth=\u00bbon\u00bb theme_builder_area=\u00bbpost_content\u00bb _builder_version=\u00bb4.27.4&#8243; _module_preset=\u00bbdefault\u00bb][et_pb_fullwidth_code _builder_version=\u00bb4.27.4&#8243; _module_preset=\u00bbdefault\u00bb theme_builder_area=\u00bbpost_content\u00bb hover_enabled=\u00bb0&#8243; sticky_enabled=\u00bb0&#8243;][\/et_pb_fullwidth_code][et_pb_fullwidth_header title=\u00bbSu t\u00edtulo va aqu\u00ed\u00bb button_one_text=\u00bbClics\u00bb _builder_version=\u00bb4.27.4&#8243; _module_preset=\u00bbdefault\u00bb theme_builder_area=\u00bbpost_content\u00bb hover_enabled=\u00bb0&#8243; sticky_enabled=\u00bb0&#8243;]<\/p>\n<p>Your content goes here. Edit or remove this text inline or in the module Content settings. You can also style every aspect of this content in the module Design settings and even apply custom CSS to this text in the module Advanced settings.<\/p>\n<p>[\/et_pb_fullwidth_header][\/et_pb_section]<\/p>\n","protected":false},"excerpt":{"rendered":"<p>Transformamos ideas en oportunidades para MendozaLa Agencia de Innovaci\u00f3n, Ciencia y Tecnolog\u00eda desarrolla los siguientes programas orientados a impulsar la innovaci\u00f3n, la sostenibilidad y el crecimiento del ecosistema productivo de Mendoza.Para m\u00e1s informaci\u00f3n, visit\u00e1 https:\/\/competitividadmendoza.com.ar\/agencia-innovacion\/Presidente: Federico Mor\u00e1bito Comit\u00e9 Asesor: CONICET Titular: Walter Manucha Suplente: Rodolfo Wuilloud DGE Titular: Daniela Garc\u00eda Suplente: Ingrid Tamara Salom\u00f3n INTA [&hellip;]<\/p>\n","protected":false},"author":22,"featured_media":0,"parent":0,"menu_order":0,"comment_status":"closed","ping_status":"closed","template":"","meta":{"_et_pb_use_builder":"on","_et_pb_old_content":"","_et_gb_content_width":"","footnotes":""},"class_list":["post-854","page","type-page","status-publish","hentry"],"_links":{"self":[{"href":"https:\/\/informacionoficial.mendoza.gob.ar\/produccion\/wp-json\/wp\/v2\/pages\/854","targetHints":{"allow":["GET"]}}],"collection":[{"href":"https:\/\/informacionoficial.mendoza.gob.ar\/produccion\/wp-json\/wp\/v2\/pages"}],"about":[{"href":"https:\/\/informacionoficial.mendoza.gob.ar\/produccion\/wp-json\/wp\/v2\/types\/page"}],"author":[{"embeddable":true,"href":"https:\/\/informacionoficial.mendoza.gob.ar\/produccion\/wp-json\/wp\/v2\/users\/22"}],"replies":[{"embeddable":true,"href":"https:\/\/informacionoficial.mendoza.gob.ar\/produccion\/wp-json\/wp\/v2\/comments?post=854"}],"version-history":[{"count":14,"href":"https:\/\/informacionoficial.mendoza.gob.ar\/produccion\/wp-json\/wp\/v2\/pages\/854\/revisions"}],"predecessor-version":[{"id":2649,"href":"https:\/\/informacionoficial.mendoza.gob.ar\/produccion\/wp-json\/wp\/v2\/pages\/854\/revisions\/2649"}],"wp:attachment":[{"href":"https:\/\/informacionoficial.mendoza.gob.ar\/produccion\/wp-json\/wp\/v2\/media?parent=854"}],"curies":[{"name":"wp","href":"https:\/\/api.w.org\/{rel}","templated":true}]}}