{"id":1638,"date":"2025-07-21T11:53:25","date_gmt":"2025-07-21T14:53:25","guid":{"rendered":"https:\/\/informacionoficial.mendoza.gob.ar\/saludydeportes\/?page_id=1638"},"modified":"2025-07-21T11:53:25","modified_gmt":"2025-07-21T14:53:25","slug":"alerta-triquinosis","status":"publish","type":"page","link":"https:\/\/informacionoficial.mendoza.gob.ar\/saludydeportes\/alerta-triquinosis\/","title":{"rendered":"Alerta. Triquinosis"},"content":{"rendered":"\n<p style=\"font-size:28px\"><strong>Triquinosis<\/strong><\/p>\n\n\n\n<p><\/p>\n\n\n\n<p><a href=\"https:\/\/www.mendoza.gov.ar\/wp-content\/uploads\/sites\/7\/2024\/06\/ALERTA-EPIDEMIOLOGICA-TRIQUINOSIS-25-06-2024.pdf\" target=\"_blank\" rel=\"noreferrer noopener\">Alerta Epidemiol\u00f3gica Triquinosis 25-06-2024<\/a><br><a href=\"https:\/\/www.mendoza.gov.ar\/wp-content\/uploads\/sites\/7\/2022\/10\/ACTUALIZACION-TRIQUINOSIS.-26-10-22.pdf\" target=\"_blank\" rel=\"noreferrer noopener\">Actualizaci\u00f3n Triquinosis 26-10-22<\/a><br><a href=\"https:\/\/www.mendoza.gov.ar\/wp-content\/uploads\/sites\/7\/2022\/07\/ALERTA-EPIDEMIOLOGICA-TRIQUINOSIS.pdf\" target=\"_blank\" rel=\"noreferrer noopener\">Alerta Epidemiol\u00f3gica Triquinosis<\/a><br><a href=\"https:\/\/www.mendoza.gov.ar\/salud\/wp-content\/uploads\/sites\/7\/2018\/10\/FICHA-TRIQUINOSIS.pdf\" target=\"_blank\" rel=\"noreferrer noopener\">Ficha Cl\u00ednico-epidemiol\u00f3gica Triquinosis<\/a><\/p>\n","protected":false},"excerpt":{"rendered":"<p>Triquinosis Alerta Epidemiol\u00f3gica Triquinosis 25-06-2024Actualizaci\u00f3n Triquinosis 26-10-22Alerta Epidemiol\u00f3gica TriquinosisFicha Cl\u00ednico-epidemiol\u00f3gica Triquinosis<\/p>\n","protected":false},"author":41,"featured_media":0,"parent":0,"menu_order":0,"comment_status":"closed","ping_status":"closed","template":"","meta":{"_et_pb_use_builder":"","_et_pb_old_content":"","_et_gb_content_width":"","footnotes":""},"class_list":["post-1638","page","type-page","status-publish","hentry"],"_links":{"self":[{"href":"https:\/\/informacionoficial.mendoza.gob.ar\/saludydeportes\/wp-json\/wp\/v2\/pages\/1638","targetHints":{"allow":["GET"]}}],"collection":[{"href":"https:\/\/informacionoficial.mendoza.gob.ar\/saludydeportes\/wp-json\/wp\/v2\/pages"}],"about":[{"href":"https:\/\/informacionoficial.mendoza.gob.ar\/saludydeportes\/wp-json\/wp\/v2\/types\/page"}],"author":[{"embeddable":true,"href":"https:\/\/informacionoficial.mendoza.gob.ar\/saludydeportes\/wp-json\/wp\/v2\/users\/41"}],"replies":[{"embeddable":true,"href":"https:\/\/informacionoficial.mendoza.gob.ar\/saludydeportes\/wp-json\/wp\/v2\/comments?post=1638"}],"version-history":[{"count":2,"href":"https:\/\/informacionoficial.mendoza.gob.ar\/saludydeportes\/wp-json\/wp\/v2\/pages\/1638\/revisions"}],"predecessor-version":[{"id":1640,"href":"https:\/\/informacionoficial.mendoza.gob.ar\/saludydeportes\/wp-json\/wp\/v2\/pages\/1638\/revisions\/1640"}],"wp:attachment":[{"href":"https:\/\/informacionoficial.mendoza.gob.ar\/saludydeportes\/wp-json\/wp\/v2\/media?parent=1638"}],"curies":[{"name":"wp","href":"https:\/\/api.w.org\/{rel}","templated":true}]}}