{"id":1733,"date":"2025-06-23T11:53:46","date_gmt":"2025-06-23T14:53:46","guid":{"rendered":"https:\/\/informacionoficial.mendoza.gob.ar\/saludydeportes\/?page_id=1733"},"modified":"2026-03-18T17:08:08","modified_gmt":"2026-03-18T20:08:08","slug":"informacion-institucional-para-ministerios","status":"publish","type":"page","link":"https:\/\/informacionoficial.mendoza.gob.ar\/saludydeportes\/informacion-institucional-para-ministerios\/","title":{"rendered":"Informaci\u00f3n Institucional"},"content":{"rendered":"<p>[et_pb_section fb_built=\u00bb1&#8243; _builder_version=\u00bb4.27.2&#8243; _module_preset=\u00bbdefault\u00bb custom_margin=\u00bb0px||0px||false|false\u00bb custom_padding=\u00bb0px||0px||false|false\u00bb global_colors_info=\u00bb{}\u00bb][et_pb_row _builder_version=\u00bb4.27.4&#8243; _module_preset=\u00bbdefault\u00bb max_width=\u00bb100%\u00bb global_colors_info=\u00bb{}\u00bb][et_pb_column type=\u00bb4_4&#8243; _builder_version=\u00bb4.27.4&#8243; _module_preset=\u00bbdefault\u00bb global_colors_info=\u00bb{}\u00bb][et_pb_text _builder_version=\u00bb4.27.4&#8243; _module_preset=\u00bbdefault\u00bb text_font=\u00bb|600|||||||\u00bb text_text_color=\u00bb#000F9F\u00bb text_font_size=\u00bb30px\u00bb hover_enabled=\u00bb0&#8243; global_colors_info=\u00bb{}\u00bb sticky_enabled=\u00bb0&#8243;]<\/p>\n<p style=\"text-align: center\">Informaci\u00f3n institucional<\/p>\n<p>[\/et_pb_text][\/et_pb_column][\/et_pb_row][\/et_pb_section][et_pb_section fb_built=\u00bb1&#8243; _builder_version=\u00bb4.27.2&#8243; _module_preset=\u00bbdefault\u00bb custom_margin=\u00bb0px||0px||false|false\u00bb custom_padding=\u00bb0px||0px||false|false\u00bb global_colors_info=\u00bb{}\u00bb][et_pb_row _builder_version=\u00bb4.27.4&#8243; _module_preset=\u00bbdefault\u00bb max_width=\u00bb100%\u00bb global_colors_info=\u00bb{}\u00bb][et_pb_column type=\u00bb4_4&#8243; _builder_version=\u00bb4.27.4&#8243; _module_preset=\u00bbdefault\u00bb global_colors_info=\u00bb{}\u00bb][et_pb_heading title=\u00bbMisi\u00f3n\u00bb _builder_version=\u00bb4.27.4&#8243; _module_preset=\u00bbdefault\u00bb title_level=\u00bbh2&#8243; title_text_align=\u00bbcenter\u00bb background_color=\u00bb#C8A977&#8243; custom_margin=\u00bb0px||0px||false|false\u00bb custom_padding=\u00bb1em||1em||false|false\u00bb hover_enabled=\u00bb0&#8243; border_radii=\u00bboff|15px|15px||\u00bb global_colors_info=\u00bb{}\u00bb title_font_size=\u00bb25px\u00bb title_font=\u00bb|600|||||||\u00bb title_text_color=\u00bb#000000&#8243; sticky_enabled=\u00bb0&#8243;][\/et_pb_heading][et_pb_text _builder_version=\u00bb4.27.4&#8243; _module_preset=\u00bbdefault\u00bb text_font=\u00bb|600|||||||\u00bb text_font_size=\u00bb20px\u00bb text_orientation=\u00bbjustified\u00bb custom_margin=\u00bb0px||0px||false|false\u00bb custom_padding=\u00bb1em|1em|1em|1em|false|false\u00bb border_radii=\u00bboff|||15px|15px\u00bb border_width_all=\u00bb1px\u00bb global_colors_info=\u00bb{}\u00bb]<\/p>\n<p>El <b>Ministerio de Salud y Deportes<\/b> trabaja para que todos en Mendoza tengamos las mejores condiciones para nuestra <b>salud<\/b>. Esto significa que se encargan de <b>promover h\u00e1bitos saludables<\/b>, prevenir enfermedades, protegernos, ayudarnos a recuperarnos si nos enfermamos y rehabilitarnos. Lo hacen pensando en que todos tengamos las mismas oportunidades, actuando con justicia y de manera completa, y siempre buscando la participaci\u00f3n de todos. Adem\u00e1s, este Ministerio busca que las personas, familias y comunidades puedan <b>desarrollarse plenamente<\/b>, eliminando cualquier obst\u00e1culo que impida su crecimiento y su buena integraci\u00f3n en la sociedad, siempre respetando sus derechos y la igualdad en todo el territorio. Finalmente, tambi\u00e9n se encargan de <b>impulsar y apoyar el deporte<\/b>, asegur\u00e1ndose de que sea accesible e inclusivo para todos en la provincia.<\/p>\n<p>[\/et_pb_text][\/et_pb_column][\/et_pb_row][et_pb_row _builder_version=\u00bb4.27.4&#8243; _module_preset=\u00bbdefault\u00bb max_width=\u00bb100%\u00bb global_colors_info=\u00bb{}\u00bb][et_pb_column type=\u00bb4_4&#8243; _builder_version=\u00bb4.27.4&#8243; _module_preset=\u00bbdefault\u00bb global_colors_info=\u00bb{}\u00bb][et_pb_heading title=\u00bbOrganigrama\u00bb _builder_version=\u00bb4.27.4&#8243; _module_preset=\u00bbdefault\u00bb title_level=\u00bbh2&#8243; title_text_align=\u00bbcenter\u00bb background_color=\u00bb#C8A977&#8243; custom_margin=\u00bb0px||0px||false|false\u00bb custom_padding=\u00bb1em||1em||false|false\u00bb hover_enabled=\u00bb0&#8243; border_radii=\u00bboff|15px|15px||\u00bb global_colors_info=\u00bb{}\u00bb title_font=\u00bb|600|||||||\u00bb title_text_color=\u00bb#000000&#8243; title_font_size=\u00bb25px\u00bb sticky_enabled=\u00bb0&#8243;][\/et_pb_heading][et_pb_toggle title=\u00bbVer\u00bb open_toggle_text_color=\u00bbRGBA(255,255,255,0)\u00bb icon_color=\u00bb#666666&#8243; toggle_icon=\u00bb&#x3b;||divi||400&#8243; use_icon_font_size=\u00bbon\u00bb icon_font_size=\u00bb25px\u00bb open_icon_color=\u00bb#000F9F\u00bb _builder_version=\u00bb4.27.4&#8243; _module_preset=\u00bbdefault\u00bb text_orientation=\u00bbcenter\u00bb custom_margin=\u00bb0px||0px||false|false\u00bb border_radii=\u00bboff|||15px|15px\u00bb global_colors_info=\u00bb{}\u00bb]<\/p>\n<p><img loading=\"lazy\" decoding=\"async\" src=\"https:\/\/mza-dicaws-portal-uploads-media-prod.s3.amazonaws.com\/informacion-oficial\/uploads\/sites\/15\/2026\/03\/WhatsApp-Image-2026-03-18-at-12.04.59-854x1024.jpeg\" width=\"854\" height=\"1024\" alt=\"\" class=\"wp-image-6619 aligncenter size-large\" \/><\/p>\n<p>[\/et_pb_toggle][\/et_pb_column][\/et_pb_row][\/et_pb_section][et_pb_section fb_built=\u00bb1&#8243; _builder_version=\u00bb4.27.2&#8243; _module_preset=\u00bbdefault\u00bb custom_margin=\u00bb0px||0px||false|false\u00bb custom_padding=\u00bb0px||0px||false|false\u00bb global_colors_info=\u00bb{}\u00bb][et_pb_row _builder_version=\u00bb4.27.4&#8243; _module_preset=\u00bbdefault\u00bb max_width=\u00bb100%\u00bb global_colors_info=\u00bb{}\u00bb][et_pb_column type=\u00bb4_4&#8243; _builder_version=\u00bb4.27.4&#8243; _module_preset=\u00bbdefault\u00bb global_colors_info=\u00bb{}\u00bb][et_pb_heading title=\u00bbPlan estrat\u00e9gico\u00bb _builder_version=\u00bb4.27.4&#8243; _module_preset=\u00bbdefault\u00bb title_level=\u00bbh2&#8243; title_text_align=\u00bbcenter\u00bb background_color=\u00bb#C8A977&#8243; custom_margin=\u00bb0px||0px||false|false\u00bb custom_padding=\u00bb1em||1em||false|false\u00bb hover_enabled=\u00bb0&#8243; border_radii=\u00bboff|15px|15px||\u00bb global_colors_info=\u00bb{}\u00bb title_font=\u00bb|600|||||||\u00bb title_font_size=\u00bb25px\u00bb title_text_color=\u00bb#000000&#8243; sticky_enabled=\u00bb0&#8243;][\/et_pb_heading][et_pb_text _builder_version=\u00bb4.27.4&#8243; _module_preset=\u00bbdefault\u00bb text_font=\u00bb||||||||\u00bb text_font_size=\u00bb20px\u00bb custom_margin=\u00bb0px||0px||false|false\u00bb custom_padding=\u00bb1em|1em|1em|1em|false|false\u00bb hover_enabled=\u00bb0&#8243; border_radii=\u00bboff|||15px|15px\u00bb border_width_all=\u00bb1px\u00bb global_colors_info=\u00bb{}\u00bb sticky_enabled=\u00bb0&#8243;]<\/p>\n<p><strong>Nos propusimos llevar a cabo una reforma profunda del sistema de salud de Mendoza con el objetivo de mejorar las condiciones de vida de la poblaci\u00f3n de nuestra provincia, aumentando el acceso efectivo, oportuno, integral y continuo a los servicios de salud. <\/strong><\/p>\n<p><strong>Principales ejes de gesti\u00f3n de Salud<\/strong><\/p>\n<ul>\n<li>Salud como pol\u00edtica de estado, para que exista continuidad de las pol\u00edticas sanitarias en los distintos ciclos de gobierno.<\/li>\n<li>Reforzar el sistema p\u00fablico de salud, mejorando la calidad y la seguridad en la atenci\u00f3n y organizando la red prestacional a trav\u00e9s de atenci\u00f3n primaria de la salud.<\/li>\n<li>Mejorar la gobernanza sobre todo el sistema. Articular el sector p\u00fablico y el privado, coordinando acciones que permitan mejorar la oportunidad y el acceso de toda la poblaci\u00f3n.<\/li>\n<li>Transformaci\u00f3n digital en salud, que ayude a reformar todos los procesos, y que le lleve informaci\u00f3n precisa, a las personas adecuadas, en el momento oportuno.<\/li>\n<li>Promover cambios culturales en favor de estilos de vida m\u00e1s saludables<\/li>\n<li>Ordenar y potenciar las condiciones del capital humano en salud, trabajando tanto en la formaci\u00f3n como en el ejercicio profesional. Trabajadores m\u00e1s preparados, con mejores condiciones laborales y mejor remunerados, que trabajan como equipo persiguiendo objetivos claros.<\/li>\n<li>Foco en el desarrollo de pol\u00edticas integrales de salud mental y consumo problem\u00e1tico as\u00ed como en el fortalecimiento del servicio coordinado de emergencias.<\/li>\n<li>Mejorar la eficiencia y la eficacia del gasto en salud. Toma de decisiones de pol\u00edtica de salud basadas en evidencia cient\u00edfica y en recomendaciones de la agencia de evaluaci\u00f3n de tecnolog\u00eda sanitaria provincial. Pol\u00edtica racional de medicamentos y de adquisiciones. Asegurar el recupero de fondos a obras sociales, cobrando la atenci\u00f3n a sus afiliados y reinvirtiendo los recursos en el sistema p\u00fablico.<\/li>\n<li>Facilitar la participaci\u00f3n y el control social y legislativo de la gesti\u00f3n de gobierno.<\/li>\n<\/ul>\n<p><strong>\u00a0<\/strong><\/p>\n<p><strong>Principios rectores<\/strong><\/p>\n<p><strong>Solidaridad y equidad<\/strong><\/p>\n<p>El sistema de salud debe basarse en mecanismos solidarios de financiaci\u00f3n. La atenci\u00f3n m\u00e9dica de las personas no puede depender de su capacidad adquisitiva.<\/p>\n<p><strong>Respeto por las personas<\/strong><\/p>\n<p>La gesti\u00f3n de Salud busca ser respetuoso con los principios en que se sustenta nuestra sociedad plural, promoviendo la autonom\u00eda personal y el respeto de los valores y preferencias de cada persona.<\/p>\n<p>Se intenta garantizar la humanizaci\u00f3n en el trato, lo que debe materializarse en el derecho a consentir o desestimar las actuaciones preventivas o asistenciales que se proponen. Tambi\u00e9n, promover un especial respeto con las personas que forman parte de colectivos m\u00e1s vulnerables, como son los ni\u00f1os, las personas que sufren problemas de salud mental o deterioro cognitivo, las que tienen alg\u00fan tipo de discapacidad o grado de dependencia o las que se encuentran en la \u00faltima etapa de la vida.<\/p>\n<p><strong>Eficiencia y sostenibilidad<\/strong><\/p>\n<p>La adecuada utilizaci\u00f3n de los recursos permitir\u00e1 mejorar los objetivos de salud que se plantea la sociedad en su conjunto y de las personas en forma individual.<\/p>\n<p>La responsabilidad profesional, mediante la utilizaci\u00f3n de gu\u00edas de pr\u00e1ctica basadas en un conocimiento riguroso e interpretado de acuerdo con las necesidades de cada persona, \u00a0evitando la realizaci\u00f3n de actuaciones dudosas o innecesarias que pueden producir da\u00f1o, perjuicio o efecto negativo en la salud de los \u00a0pacientes.<\/p>\n<p>De igual forma, la evaluaci\u00f3n continua de los resultados de las intervenciones tambi\u00e9n contribuye a mejorar la eficiencia, lo que requiere la responsabilidad de los ciudadanos en la utilizaci\u00f3n de los recursos de manera cuidadosa y adecuada.<\/p>\n<p><strong>Gobernabilidad<\/strong><\/p>\n<p>Es imprescindible la coordinaci\u00f3n entre los distintos subsectores para llevar mejores resultados sanitarios a la poblaci\u00f3n<\/p>\n<p><a href=\"https:\/\/mza-dicaws-portal-uploads-media-prod.s3.us-east-1.amazonaws.com\/informacion-oficial\/uploads\/sites\/15\/2025\/07\/PLAN-PROVINCIAL-DE-SALUD-2024-2028.pdf\">Plan Provincial de Salud 2024-2028<\/a><\/p>\n<p>[\/et_pb_text][\/et_pb_column][\/et_pb_row][\/et_pb_section]<\/p>\n","protected":false},"excerpt":{"rendered":"<p>Informaci\u00f3n institucionalEl Ministerio de Salud y Deportes trabaja para que todos en Mendoza tengamos las mejores condiciones para nuestra salud. Esto significa que se encargan de promover h\u00e1bitos saludables, prevenir enfermedades, protegernos, ayudarnos a recuperarnos si nos enfermamos y rehabilitarnos. Lo hacen pensando en que todos tengamos las mismas oportunidades, actuando con justicia y de [&hellip;]<\/p>\n","protected":false},"author":60,"featured_media":0,"parent":0,"menu_order":0,"comment_status":"closed","ping_status":"closed","template":"","meta":{"_et_pb_use_builder":"on","_et_pb_old_content":"","_et_gb_content_width":"","footnotes":""},"class_list":["post-1733","page","type-page","status-publish","hentry"],"_links":{"self":[{"href":"https:\/\/informacionoficial.mendoza.gob.ar\/saludydeportes\/wp-json\/wp\/v2\/pages\/1733","targetHints":{"allow":["GET"]}}],"collection":[{"href":"https:\/\/informacionoficial.mendoza.gob.ar\/saludydeportes\/wp-json\/wp\/v2\/pages"}],"about":[{"href":"https:\/\/informacionoficial.mendoza.gob.ar\/saludydeportes\/wp-json\/wp\/v2\/types\/page"}],"author":[{"embeddable":true,"href":"https:\/\/informacionoficial.mendoza.gob.ar\/saludydeportes\/wp-json\/wp\/v2\/users\/60"}],"replies":[{"embeddable":true,"href":"https:\/\/informacionoficial.mendoza.gob.ar\/saludydeportes\/wp-json\/wp\/v2\/comments?post=1733"}],"version-history":[{"count":16,"href":"https:\/\/informacionoficial.mendoza.gob.ar\/saludydeportes\/wp-json\/wp\/v2\/pages\/1733\/revisions"}],"predecessor-version":[{"id":6625,"href":"https:\/\/informacionoficial.mendoza.gob.ar\/saludydeportes\/wp-json\/wp\/v2\/pages\/1733\/revisions\/6625"}],"wp:attachment":[{"href":"https:\/\/informacionoficial.mendoza.gob.ar\/saludydeportes\/wp-json\/wp\/v2\/media?parent=1733"}],"curies":[{"name":"wp","href":"https:\/\/api.w.org\/{rel}","templated":true}]}}