{"id":1766,"date":"2025-07-21T11:54:18","date_gmt":"2025-07-21T14:54:18","guid":{"rendered":"https:\/\/informacionoficial.mendoza.gob.ar\/saludydeportes\/?page_id=1766"},"modified":"2025-07-21T11:54:18","modified_gmt":"2025-07-21T14:54:18","slug":"alertas-encefalitis-equina","status":"publish","type":"page","link":"https:\/\/informacionoficial.mendoza.gob.ar\/saludydeportes\/alertas-encefalitis-equina\/","title":{"rendered":"Alertas. Encefalitis equina"},"content":{"rendered":"\n<p style=\"font-size:28px\"><strong>Encefalitis Equina del Oeste<\/strong><\/p>\n\n\n\n<p><\/p>\n\n\n\n<p><a href=\"https:\/\/www.mendoza.gov.ar\/wp-content\/uploads\/sites\/7\/2024\/01\/Actualizacion-Encefalitis-equina-del-oeste-10-de-enero-de-2024.pdf\" target=\"_blank\" rel=\"noreferrer noopener\">Actualizaci\u00f3n Encefalitis Equina del Oeste \u2013 10 de enero de 2024<\/a><\/p>\n\n\n\n<p><a href=\"https:\/\/www.mendoza.gov.ar\/wp-content\/uploads\/sites\/7\/2023\/11\/alerta-encefalitis-equina-del-oeste.pdf\" target=\"_blank\" rel=\"noreferrer noopener\">Alerta Encefalitis Equina del Oeste<\/a><\/p>\n\n\n\n<p><a href=\"https:\/\/www.mendoza.gov.ar\/wp-content\/uploads\/sites\/7\/2023\/12\/ACTUALIZACION-ENCEFALITIS-EQUINA-DEL-OESTE-20-12-2023.pdf\" target=\"_blank\" rel=\"noreferrer noopener\">Actualizaci\u00f3n Encefalitis Equina del Oeste 20-12-2023<\/a><\/p>\n\n\n\n<p><a href=\"https:\/\/www.mendoza.gov.ar\/wp-content\/uploads\/sites\/7\/2023\/12\/encuesta_epidemiologica_en-terreno.pdf\" target=\"_blank\" rel=\"noreferrer noopener\">Encuesta Epidemiol\u00f3gica en terreno<\/a><\/p>\n\n\n\n<p><a href=\"https:\/\/www.mendoza.gov.ar\/wp-content\/uploads\/sites\/7\/2023\/12\/actualizacion-ficha-epidemiologica_encefacilitis-equina-del-oeste-en-humanos.pdf\" target=\"_blank\" rel=\"noreferrer noopener\">Ficha Epidemiol\u00f3gica<\/a><\/p>\n","protected":false},"excerpt":{"rendered":"<p>Encefalitis Equina del Oeste Actualizaci\u00f3n Encefalitis Equina del Oeste \u2013 10 de enero de 2024 Alerta Encefalitis Equina del Oeste Actualizaci\u00f3n Encefalitis Equina del Oeste 20-12-2023 Encuesta Epidemiol\u00f3gica en terreno Ficha Epidemiol\u00f3gica<\/p>\n","protected":false},"author":41,"featured_media":0,"parent":0,"menu_order":0,"comment_status":"closed","ping_status":"closed","template":"","meta":{"_et_pb_use_builder":"","_et_pb_old_content":"","_et_gb_content_width":"","footnotes":""},"class_list":["post-1766","page","type-page","status-publish","hentry"],"_links":{"self":[{"href":"https:\/\/informacionoficial.mendoza.gob.ar\/saludydeportes\/wp-json\/wp\/v2\/pages\/1766","targetHints":{"allow":["GET"]}}],"collection":[{"href":"https:\/\/informacionoficial.mendoza.gob.ar\/saludydeportes\/wp-json\/wp\/v2\/pages"}],"about":[{"href":"https:\/\/informacionoficial.mendoza.gob.ar\/saludydeportes\/wp-json\/wp\/v2\/types\/page"}],"author":[{"embeddable":true,"href":"https:\/\/informacionoficial.mendoza.gob.ar\/saludydeportes\/wp-json\/wp\/v2\/users\/41"}],"replies":[{"embeddable":true,"href":"https:\/\/informacionoficial.mendoza.gob.ar\/saludydeportes\/wp-json\/wp\/v2\/comments?post=1766"}],"version-history":[{"count":1,"href":"https:\/\/informacionoficial.mendoza.gob.ar\/saludydeportes\/wp-json\/wp\/v2\/pages\/1766\/revisions"}],"predecessor-version":[{"id":1767,"href":"https:\/\/informacionoficial.mendoza.gob.ar\/saludydeportes\/wp-json\/wp\/v2\/pages\/1766\/revisions\/1767"}],"wp:attachment":[{"href":"https:\/\/informacionoficial.mendoza.gob.ar\/saludydeportes\/wp-json\/wp\/v2\/media?parent=1766"}],"curies":[{"name":"wp","href":"https:\/\/api.w.org\/{rel}","templated":true}]}}