{"id":2155,"date":"2025-07-15T11:20:25","date_gmt":"2025-07-15T14:20:25","guid":{"rendered":"https:\/\/informacionoficial.mendoza.gob.ar\/saludydeportes\/?page_id=2155"},"modified":"2026-04-10T13:27:15","modified_gmt":"2026-04-10T16:27:15","slug":"direccion-de-epidemiologia-calidad-y-control-de-gestion","status":"publish","type":"page","link":"https:\/\/informacionoficial.mendoza.gob.ar\/saludydeportes\/direccion-de-epidemiologia-calidad-y-control-de-gestion\/","title":{"rendered":"Direcci\u00f3n de Epidemiolog\u00eda, Calidad y Control de Gesti\u00f3n"},"content":{"rendered":"<p>[et_pb_section fb_built=\u00bb1&#8243; _builder_version=\u00bb4.27.4&#8243; _module_preset=\u00bbdefault\u00bb background_color=\u00bb#FFFFFF\u00bb height=\u00bb100%\u00bb custom_margin=\u00bb0px|0px|0px|0px|false|false\u00bb custom_padding=\u00bb0px|0px|0px|0px|false|false\u00bb border_color_bottom=\u00bb#C8A977&#8243; global_colors_info=\u00bb{}\u00bb][et_pb_row _builder_version=\u00bb4.27.4&#8243; _module_preset=\u00bbdefault\u00bb max_width=\u00bb100%\u00bb height=\u00bb100%\u00bb custom_margin=\u00bb1rem|auto|1rem|auto|true|false\u00bb custom_padding=\u00bb1rem||1rem||true|false\u00bb global_colors_info=\u00bb{}\u00bb][et_pb_column type=\u00bb4_4&#8243; _builder_version=\u00bb4.27.2&#8243; _module_preset=\u00bbdefault\u00bb global_colors_info=\u00bb{}\u00bb][et_pb_heading title=\u00bbDirecci\u00f3n de Epidemiolog\u00eda, Calidad y Control de Gesti\u00f3n\u00bb _builder_version=\u00bb4.27.4&#8243; _module_preset=\u00bbdefault\u00bb title_font=\u00bb&#8211;et_global_heading_font|600|||||||\u00bb title_text_color=\u00bb#000F9F\u00bb custom_margin=\u00bb0px|0px|0px|0px|false|false\u00bb custom_padding=\u00bb1rem||1rem||true|false\u00bb hover_enabled=\u00bb0&#8243; global_colors_info=\u00bb{}\u00bb sticky_enabled=\u00bb0&#8243;][\/et_pb_heading][et_pb_text _builder_version=\u00bb4.27.4&#8243; _module_preset=\u00bbdefault\u00bb text_font=\u00bb&#8211;et_global_heading_font||||||||\u00bb text_text_color=\u00bb#000000&#8243; text_font_size=\u00bb20px\u00bb header_font=\u00bb&#8211;et_global_heading_font||||||||\u00bb custom_margin=\u00bb0px|0px|0px|0px|false|false\u00bb custom_padding=\u00bb1rem||1rem||true|false\u00bb global_colors_info=\u00bb{}\u00bb]<\/p>\n<p>Dra. Andrea Falaschi<br \/>Directora<br \/>Avda. L. Peltier 351 &#8211; 5to, Piso<br \/>C.P. 5500 &#8211; Mza. &#8211; Tel. 3852980<\/p>\n<p>[\/et_pb_text][\/et_pb_column][\/et_pb_row][et_pb_row _builder_version=\u00bb4.27.4&#8243; _module_preset=\u00bbdefault\u00bb custom_margin=\u00bb20px||20px||false|false\u00bb custom_margin_tablet=\u00bb20px||10px||false|false\u00bb custom_margin_phone=\u00bb20px||10px||false|false\u00bb custom_margin_last_edited=\u00bbon|desktop\u00bb custom_padding=\u00bb0px|0px|0px|0px|true|true\u00bb border_radii=\u00bbon|12px|12px|12px|12px\u00bb border_width_all=\u00bb2px\u00bb border_color_all=\u00bb#C8A977&#8243; global_colors_info=\u00bb{}\u00bb][et_pb_column type=\u00bb4_4&#8243; _builder_version=\u00bb4.27.4&#8243; _module_preset=\u00bbdefault\u00bb global_colors_info=\u00bb{}\u00bb][et_pb_toggle title=\u00bbMisi\u00f3n\u00bb open_toggle_text_color=\u00bb#C8A977&#8243; open_toggle_background_color=\u00bbRGBA(255,255,255,0)\u00bb closed_toggle_text_color=\u00bb#C8A977&#8243; closed_toggle_background_color=\u00bbRGBA(255,255,255,0)\u00bb icon_color=\u00bb#C8A977&#8243; toggle_icon=\u00bb&#xe050;||divi||400&#8243; open_icon_color=\u00bb#C8A977&#8243; open_toggle_icon=\u00bb&#x21;||divi||400&#8243; admin_label=\u00bbConmutador\u00bb _builder_version=\u00bb4.27.4&#8243; _module_preset=\u00bbdefault\u00bb title_text_color=\u00bb#C8A977&#8243; title_level=\u00bbh4&#8243; title_font=\u00bb&#8211;et_global_body_font|600|||||||\u00bb body_font=\u00bb&#8211;et_global_body_font||||||||\u00bb body_text_color=\u00bb#02000A\u00bb background_color=\u00bb#C8A977&#8243; custom_padding=\u00bb||20px|||\u00bb hover_enabled=\u00bb0&#8243; border_width_all=\u00bb2px\u00bb border_color_all=\u00bb#C8A977&#8243; border_style_all=\u00bbnone\u00bb global_colors_info=\u00bb{}\u00bb sticky_enabled=\u00bb0&#8243;]<\/p>\n<p style=\"text-align: justify\">Atender las necesidades sanitarias de la Provincia, a trav\u00e9s de una concepci\u00f3n integral y sist\u00e9mica de investigaci\u00f3n, detecci\u00f3n, control y tratamiento de las enfermedades, supervisando y gestionando las acciones y operaciones destinadas a la vigilancia epidemiol\u00f3gica, el seguimiento, evaluaci\u00f3n y gesti\u00f3n de la calidad de los efectores de salud p\u00fablica.<\/p>\n<p style=\"text-align: justify\">Asesorar al Ministro de Salud y Deportes y colaborar con los equipos de salud, para brindar atenciones en salud, con calidad, oportuna, eficiente, humanizada, en un marco de respeto y de seguridad hacia el paciente, as\u00ed como contribuir a la mejora continua de los procesos claves de atenci\u00f3n, favoreciendo la promoci\u00f3n y difusi\u00f3n de una cultura de calidad.<\/p>\n<p>[\/et_pb_toggle][\/et_pb_column][\/et_pb_row][et_pb_row _builder_version=\u00bb4.27.4&#8243; _module_preset=\u00bbdefault\u00bb custom_margin=\u00bb20px||20px||false|false\u00bb custom_margin_tablet=\u00bb20px||10px||false|false\u00bb custom_margin_phone=\u00bb20px||10px||false|false\u00bb custom_margin_last_edited=\u00bbon|desktop\u00bb custom_padding=\u00bb0px|0px|0px|0px|true|true\u00bb border_radii=\u00bbon|12px|12px|12px|12px\u00bb border_width_all=\u00bb2px\u00bb border_color_all=\u00bb#C8A977&#8243; global_colors_info=\u00bb{}\u00bb][et_pb_column type=\u00bb4_4&#8243; _builder_version=\u00bb4.27.2&#8243; _module_preset=\u00bbdefault\u00bb global_colors_info=\u00bb{}\u00bb][et_pb_toggle title=\u00bbFunciones\u00bb open_toggle_text_color=\u00bb#C8A977&#8243; open_toggle_background_color=\u00bbRGBA(255,255,255,0)\u00bb closed_toggle_text_color=\u00bb#C8A977&#8243; closed_toggle_background_color=\u00bbRGBA(255,255,255,0)\u00bb icon_color=\u00bb#C8A977&#8243; toggle_icon=\u00bb&#xe050;||divi||400&#8243; open_icon_color=\u00bb#C8A977&#8243; open_toggle_icon=\u00bb&#x21;||divi||400&#8243; admin_label=\u00bbConmutador\u00bb _builder_version=\u00bb4.27.4&#8243; _module_preset=\u00bbdefault\u00bb title_text_color=\u00bb#C8A977&#8243; title_level=\u00bbh4&#8243; title_font=\u00bb&#8211;et_global_heading_font|600|||||||\u00bb body_font=\u00bb&#8211;et_global_body_font||||||||\u00bb body_text_color=\u00bb#02000A\u00bb background_color=\u00bb#C8A977&#8243; custom_padding=\u00bb||20px|||\u00bb hover_enabled=\u00bb0&#8243; border_width_all=\u00bb2px\u00bb border_color_all=\u00bb#C8A977&#8243; border_style_all=\u00bbnone\u00bb global_colors_info=\u00bb{}\u00bb sticky_enabled=\u00bb0&#8243;]<\/p>\n<ul>\n<li style=\"text-align: justify\">Planificar y establecer con la Subsecretaria los objetivos para la gesti\u00f3n integral de las enfermedades, el plan de acci\u00f3n y estrategias para llevarlos a cabo en funci\u00f3n de la pol\u00edtica ministerial.<\/li>\n<li style=\"text-align: justify\">Dirigir, organizar y gestionar los recursos disponibles y proponer procedimientos y jerarqu\u00edas para poner en pr\u00e1ctica el plan de acci\u00f3n previamente dise\u00f1ado.<\/li>\n<li style=\"text-align: justify\">Liderar e impulsar que los equipos se ajusten a los criterios y procesos establecidos.<\/li>\n<li style=\"text-align: justify\">Controlar y evaluar si se estuvieran generando desajustes, y de ser necesario, reorganizar las actividades para ajustarlas y que cumplan con el prop\u00f3sito inicial de forma productiva.<\/li>\n<li style=\"text-align: justify\">Supervisar y promover el desarrollo de los procesos de coordinaci\u00f3n, en pos de la ejecuci\u00f3n de los objetivos planteados.<\/li>\n<li style=\"text-align: justify\">Supervisar que las acciones planificadas se llevan de acuerdo a lo programado.<\/li>\n<li style=\"text-align: justify\">Generar la implantaci\u00f3n de actividades de gesti\u00f3n de la calidad en los sistemas de salud mediante actividades internas, con mejoras procedimentales y documentales.<\/li>\n<li style=\"text-align: justify\">Monitorear y evaluar los sistemas de salud, estableciendo niveles de mejora continua.<\/li>\n<li style=\"text-align: justify\">Desarrollar una red de comunicaci\u00f3n que permita la incorporaci\u00f3n de aprendizaje y gesti\u00f3n de la informaci\u00f3n.<\/li>\n<li style=\"text-align: justify\">Incorporar la gesti\u00f3n del riesgo en la programaci\u00f3n y planificaci\u00f3n de las actividades.<\/li>\n<li style=\"text-align: justify\">Promover y establecer normas de prevenci\u00f3n y asistencia de enfermedades transmisibles y agudas prevalentes.<\/li>\n<li style=\"text-align: justify\">Colaborar, promover y\/o programar acciones de prevenci\u00f3n, asistencia y erradicaci\u00f3n de enfermedades infecto contagiosas.<\/li>\n<li style=\"text-align: justify\">Desarrollar y promover el desarrollo de investigaciones sobre enfermedades transmisibles, agudas prevalentes e inmunoprevenibles.<\/li>\n<li style=\"text-align: justify\">Supervisar y coordinar la red de laboratorios a nivel provincial y m\u00e9todos y procedimientos de control de calidad conforme al principio de subsidiariedad.<\/li>\n<li style=\"text-align: justify\">Intervenir en programas internacionales en los temas de su competencia.<\/li>\n<li style=\"text-align: justify\">Desarrollar, mantener y supervisar mecanismos efectivos y oportunos de an\u00e1lisis de datos provenientes de la notificaci\u00f3n de enfermedades de denuncia obligatoria, seg\u00fan normas y leyes vigentes, as\u00ed como otros indicadores, a fin de monitorear la situaci\u00f3n de salud.<\/li>\n<li style=\"text-align: justify\">Establecer la cultura de la calidad, la seguridad de pacientes y del cumplimiento de la Ley de Derechos del Paciente; impulsando, coordinando e integrando acciones que tiendan a la protecci\u00f3n del ciudadano en pos de la provisi\u00f3n de una respuesta sanitaria\u00a0\u00a0 oportuna, eficaz y eficiente.<\/li>\n<li style=\"text-align: justify\">Entender en la implementaci\u00f3n de pr\u00e1cticas sanitarias tendientes a prevenir y disminuir el impacto de las Infecciones Asociadas a los Cuidados de la Salud (IACS) en los pacientes asistidos en distintos centros sanitarios, mediante la implementaci\u00f3n de acciones, programas y\/o comit\u00e9s en las distintas instituciones de salud, controlando y supervisando sus actividades.<\/li>\n<li style=\"text-align: justify\">Elaborar normas de organizaci\u00f3n y funcionamiento y gu\u00edas de pr\u00e1ctica cl\u00ednica de los Servicios de Salud y de la seguridad del paciente.<\/li>\n<li style=\"text-align: justify\">Dise\u00f1ar e implementar indicadores de calidad vinculados a los procesos y resultados producidos en los Servicios y Establecimientos de Salud teniendo en cuenta la eficacia, efectividad y eficiencia producida en el grado de satisfacci\u00f3n del paciente.<\/li>\n<li style=\"text-align: justify\">Coordinar a trav\u00e9s del dise\u00f1o de herramientas y procesos de capacitaci\u00f3n, la cultura de la calidad en los establecimientos asistenciales con la generaci\u00f3n de Comit\u00e9s de Calidad hospitalarios.<\/li>\n<li style=\"text-align: justify\">Evaluar y generar acciones e instrumentos que permitan propender a la seguridad de los pacientes en los establecimientos asistenciales.<\/li>\n<li style=\"text-align: justify\"><\/li>\n<\/ul>\n<p>[\/et_pb_toggle][\/et_pb_column][\/et_pb_row][et_pb_row _builder_version=\u00bb4.27.4&#8243; _module_preset=\u00bbdefault\u00bb max_width=\u00bb100%\u00bb height=\u00bb100%\u00bb custom_margin=\u00bb0px||0px||false|false\u00bb custom_padding=\u00bb1rem|0px|1rem|0px|true|false\u00bb global_colors_info=\u00bb{}\u00bb][et_pb_column type=\u00bb4_4&#8243; _builder_version=\u00bb4.27.4&#8243; _module_preset=\u00bbdefault\u00bb global_colors_info=\u00bb{}\u00bb][et_pb_text _builder_version=\u00bb4.27.4&#8243; _module_preset=\u00bbdefault\u00bb text_font=\u00bb&#8211;et_global_heading_font|600|||||||\u00bb text_text_color=\u00bb#3CB4E5&#8243; text_font_size=\u00bb25px\u00bb header_3_font_size=\u00bb75px\u00bb text_orientation=\u00bbcenter\u00bb global_colors_info=\u00bb{}\u00bb]<\/p>\n<p>Dependencias<\/p>\n<p>[\/et_pb_text][\/et_pb_column][\/et_pb_row][et_pb_row column_structure=\u00bb1_2,1_2&#8243; _builder_version=\u00bb4.27.4&#8243; _module_preset=\u00bbdefault\u00bb global_colors_info=\u00bb{}\u00bb][et_pb_column type=\u00bb1_2&#8243; _builder_version=\u00bb4.27.4&#8243; _module_preset=\u00bbdefault\u00bb global_colors_info=\u00bb{}\u00bb][et_pb_blurb title=\u00bbDepartamento de coordinaci\u00f3n y procesamiento de an\u00e1lisis de datos\u00bb use_icon=\u00bbon\u00bb font_icon=\u00bb&#xe0ec;||divi||400&#8243; icon_placement=\u00bbleft\u00bb content_max_width=\u00bb100%\u00bb _builder_version=\u00bb4.27.4&#8243; _module_preset=\u00bbdefault\u00bb header_font=\u00bb&#8211;et_global_heading_font|600|||||||\u00bb header_text_color=\u00bb#000F9F\u00bb header_font_size=\u00bb20px\u00bb body_font=\u00bb&#8211;et_global_body_font||||||||\u00bb width=\u00bb100%\u00bb max_width=\u00bb100%\u00bb height=\u00bb100%\u00bb custom_margin=\u00bb0px|0px|0px|0px|false|false\u00bb custom_padding=\u00bb1rem|1rem|1rem|1rem|true|true\u00bb hover_enabled=\u00bb0&#8243; border_radii=\u00bbon|15px|15px|15px|15px\u00bb box_shadow_style=\u00bbpreset1&#8243; global_colors_info=\u00bb{}\u00bb body_text_color=\u00bb#000000&#8243; body_font_size=\u00bb15px\u00bb sticky_enabled=\u00bb0&#8243;]<\/p>\n<p>Dra. Adriana Koch<br \/><strong>Responsable<\/strong><br \/><strong>Contacto<\/strong><br \/>Correo electr\u00f3nico: salasituacion@mendoza.gov.ar<br \/>Tel\u00e9fono: (261) 3852973<\/p>\n<p>[\/et_pb_blurb][\/et_pb_column][et_pb_column type=\u00bb1_2&#8243; _builder_version=\u00bb4.27.4&#8243; _module_preset=\u00bbdefault\u00bb global_colors_info=\u00bb{}\u00bb][et_pb_blurb title=\u00bbDepartamento de Epidemiolog\u00eda\u00bb use_icon=\u00bbon\u00bb font_icon=\u00bb&#xe061;||fa||900&#8243; icon_placement=\u00bbleft\u00bb content_max_width=\u00bb100%\u00bb _builder_version=\u00bb4.27.4&#8243; _module_preset=\u00bbdefault\u00bb header_font=\u00bb&#8211;et_global_heading_font|600|||||||\u00bb header_text_color=\u00bb#000F9F\u00bb header_font_size=\u00bb20px\u00bb body_font=\u00bb&#8211;et_global_body_font||||||||\u00bb width=\u00bb100%\u00bb max_width=\u00bb100%\u00bb height=\u00bb100%\u00bb custom_margin=\u00bb0px|0px|0px|0px|false|false\u00bb custom_padding=\u00bb1rem|1rem|1rem|1rem|true|true\u00bb hover_enabled=\u00bb0&#8243; border_radii=\u00bbon|15px|15px|15px|15px\u00bb box_shadow_style=\u00bbpreset1&#8243; global_colors_info=\u00bb{}\u00bb body_font_size=\u00bb15px\u00bb body_text_color=\u00bb#000000&#8243; sticky_enabled=\u00bb0&#8243;]<\/p>\n<p>Dra. Mercedes Toplikar<br \/><strong>Responsable<\/strong><br \/><strong>Contacto<\/strong>:<br \/>Correo electr\u00f3nico: mtoplikar@mendoza.gov.ar<br \/>Tel\u00e9fonos: (0261) 385-2953<\/p>\n<p>[\/et_pb_blurb][\/et_pb_column][\/et_pb_row][et_pb_row column_structure=\u00bb1_2,1_2&#8243; _builder_version=\u00bb4.27.4&#8243; _module_preset=\u00bbdefault\u00bb global_colors_info=\u00bb{}\u00bb][et_pb_column type=\u00bb1_2&#8243; _builder_version=\u00bb4.27.4&#8243; _module_preset=\u00bbdefault\u00bb global_colors_info=\u00bb{}\u00bb][et_pb_blurb title=\u00bbDepartamento de Bioestad\u00edstica\u00bb use_icon=\u00bbon\u00bb font_icon=\u00bb&#xe0e9;||divi||400&#8243; icon_placement=\u00bbleft\u00bb content_max_width=\u00bb100%\u00bb _builder_version=\u00bb4.27.4&#8243; _module_preset=\u00bbdefault\u00bb header_font=\u00bb&#8211;et_global_heading_font|600|||||||\u00bb header_text_color=\u00bb#000F9F\u00bb header_font_size=\u00bb20px\u00bb body_font=\u00bb&#8211;et_global_body_font||||||||\u00bb width=\u00bb100%\u00bb max_width=\u00bb100%\u00bb height=\u00bb100%\u00bb custom_margin=\u00bb0px|0px|0px|0px|false|false\u00bb custom_padding=\u00bb1rem|1rem|1rem|1rem|true|true\u00bb hover_enabled=\u00bb0&#8243; border_radii=\u00bbon|15px|15px|15px|15px\u00bb box_shadow_style=\u00bbpreset1&#8243; global_colors_info=\u00bb{}\u00bb body_font_size=\u00bb15px\u00bb body_text_color=\u00bb#000000&#8243; sticky_enabled=\u00bb0&#8243;]<\/p>\n<p>Lic. Ana Pogonza<br \/><strong>Responsable<\/strong><br \/><strong>Contacto:<\/strong><br \/>Correo electr\u00f3nico: <a href=\"mailto:bioestadistica@mendoza.gov.ar\">bioestadistica@mendoza.gov.ar<\/a><\/p>\n<p>Podr\u00e1s ver en toda nuestra producci\u00f3n estad\u00edstica en <a href=\"https:\/\/infosalud.mendoza.gov.ar\/\" target=\"_blank\" rel=\"noopener noreferrer\">infosalud.mendoza.gov.ar<\/a><\/p>\n<p><a href=\"https:\/\/informacionoficial.mendoza.gob.ar\/saludydeportes\/rehabilitacion-discapacidad\/\"><\/a><\/p>\n<p>[\/et_pb_blurb][\/et_pb_column][et_pb_column type=\u00bb1_2&#8243; _builder_version=\u00bb4.27.4&#8243; _module_preset=\u00bbdefault\u00bb global_colors_info=\u00bb{}\u00bb][et_pb_blurb title=\u00bbDepartamento de Inmunizaciones\u00bb use_icon=\u00bbon\u00bb font_icon=\u00bb&#xf48e;||fa||900&#8243; icon_placement=\u00bbleft\u00bb content_max_width=\u00bb100%\u00bb _builder_version=\u00bb4.27.4&#8243; _module_preset=\u00bbdefault\u00bb header_font=\u00bb&#8211;et_global_heading_font|600|||||||\u00bb header_text_color=\u00bb#000F9F\u00bb header_font_size=\u00bb20px\u00bb body_font=\u00bb&#8211;et_global_body_font||||||||\u00bb width=\u00bb100%\u00bb max_width=\u00bb100%\u00bb height=\u00bb100%\u00bb custom_margin=\u00bb0px|0px|0px|0px|false|false\u00bb custom_padding=\u00bb1rem|1rem|1rem|1rem|true|true\u00bb hover_enabled=\u00bb0&#8243; border_radii=\u00bbon|15px|15px|15px|15px\u00bb box_shadow_style=\u00bbpreset1&#8243; global_colors_info=\u00bb{}\u00bb body_text_color=\u00bb#000000&#8243; body_font_size=\u00bb15px\u00bb sticky_enabled=\u00bb0&#8243;]<\/p>\n<p>Dra. Iris Soledad Aguilar<br \/><strong>Responsable<\/strong><br \/><strong>Contacto<\/strong><br \/>Correo electr\u00f3nico: inmen@mendoza.gov.ar<br \/>Tel\u00e9fonos: 148<\/p>\n<p>[\/et_pb_blurb][\/et_pb_column][\/et_pb_row][et_pb_row column_structure=\u00bb1_2,1_2&#8243; _builder_version=\u00bb4.27.4&#8243; _module_preset=\u00bbdefault\u00bb global_colors_info=\u00bb{}\u00bb][et_pb_column type=\u00bb1_2&#8243; _builder_version=\u00bb4.27.4&#8243; _module_preset=\u00bbdefault\u00bb global_colors_info=\u00bb{}\u00bb][et_pb_blurb title=\u00bbDepartamento de Calidad y Seguridad del Paciente\u00bb use_icon=\u00bbon\u00bb font_icon=\u00bb&#xf505;||fa||900&#8243; icon_placement=\u00bbleft\u00bb content_max_width=\u00bb100%\u00bb _builder_version=\u00bb4.27.4&#8243; _module_preset=\u00bbdefault\u00bb header_font=\u00bb&#8211;et_global_heading_font|600|||||||\u00bb header_text_color=\u00bb#000F9F\u00bb header_font_size=\u00bb20px\u00bb body_font=\u00bb&#8211;et_global_body_font||||||||\u00bb width=\u00bb100%\u00bb max_width=\u00bb100%\u00bb height=\u00bb100%\u00bb custom_margin=\u00bb0px|0px|0px|0px|false|false\u00bb custom_padding=\u00bb1rem|1rem|1rem|1rem|true|true\u00bb hover_enabled=\u00bb0&#8243; border_radii=\u00bbon|15px|15px|15px|15px\u00bb box_shadow_style=\u00bbpreset1&#8243; global_colors_info=\u00bb{}\u00bb sticky_enabled=\u00bb0&#8243; body_text_color=\u00bb#000000&#8243; body_font_size=\u00bb15px\u00bb]<\/p>\n<p>Dra. Andrea Falaschi<br \/><strong>Responsable<\/strong><br \/><strong>Contacto<\/strong><br \/>Correo electr\u00f3nico: calidad.seguridaddelpaciente@gmail.com<br \/>Tel\u00e9fono: (261) 3852980 \/3852923<\/p>\n<p>Ingres\u00e1 aqui al <a href=\"https:\/\/informacionoficial.mendoza.gob.ar\/saludydeportes\/programa-provincial-de-control-de-infecciones-asociadas-al-cuidado-de-la-salud-iacs\/\">PROGRAMA PROVINCIAL DE CONTROL DE INFECCIONES ASOCIADAS AL CUIDADO DE LA SALUD (IACS)<\/a><\/p>\n<p>[\/et_pb_blurb][\/et_pb_column][et_pb_column type=\u00bb1_2&#8243; _builder_version=\u00bb4.27.4&#8243; _module_preset=\u00bbdefault\u00bb global_colors_info=\u00bb{}\u00bb][et_pb_blurb title=\u00bbDepartamento de Inocuidad Alimentaria\u00bb use_icon=\u00bbon\u00bb font_icon=\u00bb&#xf2e7;||fa||900&#8243; icon_placement=\u00bbleft\u00bb content_max_width=\u00bb100%\u00bb _builder_version=\u00bb4.27.4&#8243; _module_preset=\u00bbdefault\u00bb header_font=\u00bb&#8211;et_global_heading_font|600|||||||\u00bb header_text_color=\u00bb#000F9F\u00bb header_font_size=\u00bb20px\u00bb body_font=\u00bb&#8211;et_global_body_font||||||||\u00bb width=\u00bb100%\u00bb max_width=\u00bb100%\u00bb height=\u00bb100%\u00bb custom_margin=\u00bb0px|0px|0px|0px|false|false\u00bb custom_padding=\u00bb1rem|1rem|1rem|1rem|true|true\u00bb hover_enabled=\u00bb0&#8243; border_radii=\u00bbon|15px|15px|15px|15px\u00bb box_shadow_style=\u00bbpreset1&#8243; global_colors_info=\u00bb{}\u00bb body_text_color=\u00bb#000000&#8243; body_font_size=\u00bb15px\u00bb sticky_enabled=\u00bb0&#8243;]<\/p>\n<p>Lic. Daniel Rabino<br \/><strong>Responsable<\/strong><br \/>San Mart\u00edn 601. Piso 3 Mendoza (5500)<br \/><strong>Contacto<\/strong><br \/>Correo electr\u00f3nico: dinha@mendoza.gov.ar<br \/>Tel\u00e9fonos: Cel.: 261 594 799<\/p>\n<p>[\/et_pb_blurb][\/et_pb_column][\/et_pb_row][\/et_pb_section]<\/p>\n","protected":false},"excerpt":{"rendered":"<p>Dra. Andrea FalaschiDirectoraAvda. L. Peltier 351 &#8211; 5to, PisoC.P. 5500 &#8211; Mza. &#8211; Tel. 3852980Atender las necesidades sanitarias de la Provincia, a trav\u00e9s de una concepci\u00f3n integral y sist\u00e9mica de investigaci\u00f3n, detecci\u00f3n, control y tratamiento de las enfermedades, supervisando y gestionando las acciones y operaciones destinadas a la vigilancia epidemiol\u00f3gica, el seguimiento, evaluaci\u00f3n y gesti\u00f3n [&hellip;]<\/p>\n","protected":false},"author":18,"featured_media":0,"parent":0,"menu_order":0,"comment_status":"closed","ping_status":"closed","template":"","meta":{"_et_pb_use_builder":"on","_et_pb_old_content":"","_et_gb_content_width":"","footnotes":""},"class_list":["post-2155","page","type-page","status-publish","hentry"],"_links":{"self":[{"href":"https:\/\/informacionoficial.mendoza.gob.ar\/saludydeportes\/wp-json\/wp\/v2\/pages\/2155","targetHints":{"allow":["GET"]}}],"collection":[{"href":"https:\/\/informacionoficial.mendoza.gob.ar\/saludydeportes\/wp-json\/wp\/v2\/pages"}],"about":[{"href":"https:\/\/informacionoficial.mendoza.gob.ar\/saludydeportes\/wp-json\/wp\/v2\/types\/page"}],"author":[{"embeddable":true,"href":"https:\/\/informacionoficial.mendoza.gob.ar\/saludydeportes\/wp-json\/wp\/v2\/users\/18"}],"replies":[{"embeddable":true,"href":"https:\/\/informacionoficial.mendoza.gob.ar\/saludydeportes\/wp-json\/wp\/v2\/comments?post=2155"}],"version-history":[{"count":13,"href":"https:\/\/informacionoficial.mendoza.gob.ar\/saludydeportes\/wp-json\/wp\/v2\/pages\/2155\/revisions"}],"predecessor-version":[{"id":7007,"href":"https:\/\/informacionoficial.mendoza.gob.ar\/saludydeportes\/wp-json\/wp\/v2\/pages\/2155\/revisions\/7007"}],"wp:attachment":[{"href":"https:\/\/informacionoficial.mendoza.gob.ar\/saludydeportes\/wp-json\/wp\/v2\/media?parent=2155"}],"curies":[{"name":"wp","href":"https:\/\/api.w.org\/{rel}","templated":true}]}}