{"id":3209,"date":"2025-07-30T14:30:52","date_gmt":"2025-07-30T17:30:52","guid":{"rendered":"https:\/\/informacionoficial.mendoza.gob.ar\/saludydeportes\/?page_id=3209"},"modified":"2025-07-30T14:33:05","modified_gmt":"2025-07-30T17:33:05","slug":"programa-prevencion-y-asistencia","status":"publish","type":"page","link":"https:\/\/informacionoficial.mendoza.gob.ar\/saludydeportes\/programa-prevencion-y-asistencia\/","title":{"rendered":"Programa Prevenci\u00f3n y Asistencia"},"content":{"rendered":"<p>[et_pb_section fb_built=\u00bb1&#8243; _builder_version=\u00bb4.27.4&#8243; _module_preset=\u00bbdefault\u00bb background_color=\u00bb#FFFFFF\u00bb background_enable_image=\u00bboff\u00bb background_size=\u00bbcontain\u00bb background_enable_video_mp4=\u00bboff\u00bb background_video_width=\u00bb100%\u00bb background_video_height=\u00bb100%\u00bb module_alignment=\u00bbcenter\u00bb min_height=\u00bb397px\u00bb custom_margin=\u00bb0px|0px|0px|0px|false|false\u00bb custom_padding=\u00bb0px|0px|0px|0px|false|false\u00bb locked=\u00bboff\u00bb global_colors_info=\u00bb{}\u00bb theme_builder_area=\u00bbpost_content\u00bb][et_pb_row _builder_version=\u00bb4.27.4&#8243; _module_preset=\u00bbdefault\u00bb custom_margin=\u00bb0px||0px||false|false\u00bb custom_padding=\u00bb1rem||1rem||true|false\u00bb global_colors_info=\u00bb{}\u00bb theme_builder_area=\u00bbpost_content\u00bb][et_pb_column type=\u00bb4_4&#8243; _builder_version=\u00bb4.27.4&#8243; _module_preset=\u00bbdefault\u00bb global_colors_info=\u00bb{}\u00bb theme_builder_area=\u00bbpost_content\u00bb][et_pb_heading title=\u00bbPrograma Prevenci\u00f3n y Asistencia\u00bb _builder_version=\u00bb4.27.4&#8243; _module_preset=\u00bbdefault\u00bb title_text_color=\u00bb#000F9F\u00bb hover_enabled=\u00bb0&#8243; global_colors_info=\u00bb{}\u00bb theme_builder_area=\u00bbpost_content\u00bb sticky_enabled=\u00bb0&#8243;][\/et_pb_heading][\/et_pb_column][\/et_pb_row][et_pb_row _builder_version=\u00bb4.27.4&#8243; _module_preset=\u00bbdefault\u00bb custom_margin=\u00bb0px||0px||false|false\u00bb custom_padding=\u00bb1rem||1rem||true|false\u00bb global_colors_info=\u00bb{}\u00bb theme_builder_area=\u00bbpost_content\u00bb][et_pb_column type=\u00bb4_4&#8243; _builder_version=\u00bb4.27.4&#8243; _module_preset=\u00bbdefault\u00bb global_colors_info=\u00bb{}\u00bb theme_builder_area=\u00bbpost_content\u00bb][et_pb_text _builder_version=\u00bb4.27.4&#8243; _module_preset=\u00bbdefault\u00bb text_font=\u00bb&#8211;et_global_body_font||||||||\u00bb text_text_color=\u00bb#000000&#8243; text_font_size=\u00bb15px\u00bb text_line_height=\u00bb1.5em\u00bb header_font=\u00bb|600|||||||\u00bb hover_enabled=\u00bb0&#8243; global_colors_info=\u00bb{}\u00bb theme_builder_area=\u00bbpost_content\u00bb sticky_enabled=\u00bb0&#8243;]<\/p>\n<ul>\n<li><strong>Problema que se plantea resolver<\/strong><strong>:<\/strong> Las personas mayores son altamente vulnerables a perder o reducir sus redes de apoyo social y\u00a0familiar.<\/li>\n<\/ul>\n<p style=\"padding-left: 40px\">El reconocimiento del derecho de \u201cenvejecer en casa\u201d y las situaciones de fragilidad que exigen contenci\u00f3n y cuidados, requiere considerar las condiciones que favorezcan una vida con seguridad y dignidad en un entorno familiar y comunitario.<\/p>\n<ul>\n<li><strong>Objetivo principal:<\/strong> Brinda alternativas de contenci\u00f3n a personas adultas mayores en situaci\u00f3n de riesgo social.<\/li>\n<li><strong>Bienes<\/strong><strong>:<br \/><\/strong>\u2013 Subsidios para Cuidadores Domiciliarios.<br \/>\u2013 Subsidios a Familias de Apoyo Biol\u00f3gicas o Solidarias.<br \/>\u2013 Subsidios para Alquiler.<br \/>\u2013 Subsidios para adquisici\u00f3n de Elementos Ortop\u00e9dicos (aud\u00edfonos, silla de\u00a0ruedas, cristales, cama ortop\u00e9dica, etc.).<br \/>\u2013 Subsidios para transporte para tratamiento ambulatorio.<br \/>\u2013 Medicamentos, pa\u00f1ales, leche y suplementos nutricionales.<\/li>\n<li><strong>Servicios:<\/strong>\n<ul>\n<li>Asesoramiento y abordaje interdisciplinario de la demanda.<\/li>\n<li>Valoraci\u00f3n Gerontol\u00f3gico Integral.<\/li>\n<li>Atenci\u00f3n Integral de ancianos con problemas nutricionales.<\/li>\n<li>Talleres de capacitaci\u00f3n de \u201cCuidadores Domiciliarios\u201d.<\/li>\n<li>Coordinaci\u00f3n con otras instituciones.<\/li>\n<li>Capacitaci\u00f3n de cuidadores domiciliarios.<\/li>\n<li>Atenci\u00f3n y asesoramiento a personas v\u00edctimas de violencia y\/o malos tratos.<\/li>\n<li>Abordajes integral e interdisciplinario con Adultos Mayores en situaci\u00f3n de calle.<\/li>\n<li>Protocolo para el abordaje, articulado con la Direcci\u00f3n de Contingencias, Relevamiento de Refugios, UAPSI, Municipios, Polic\u00eda, Juzgados y Hospitales.<\/li>\n<\/ul>\n<\/li>\n<li><strong>Requisitos de accesibilidad<\/strong><strong>:<\/strong> Por demanda espont\u00e1nea, derivaciones de otras instituciones, denuncias, recibidas por los\u00a0Profesionales del Programa o por los Delegados Departamentales de la Direcci\u00f3n de Adultos\u00a0Mayores en toda la Provincia.<\/li>\n<\/ul>\n<p><strong>Deber\u00e1n presentar: <\/strong>Documento de identidad, y las certificaciones requeridas por los\u00a0Profesionales a fin de ampliar la informaci\u00f3n del solicitante y poder determinar la estrategia de\u00a0contenci\u00f3n..<\/p>\n<p>[\/et_pb_text][\/et_pb_column][\/et_pb_row][\/et_pb_section]<\/p>\n","protected":false},"excerpt":{"rendered":"<p>Problema que se plantea resolver: Las personas mayores son altamente vulnerables a perder o reducir sus redes de apoyo social y\u00a0familiar. El reconocimiento del derecho de \u201cenvejecer en casa\u201d y las situaciones de fragilidad que exigen contenci\u00f3n y cuidados, requiere considerar las condiciones que favorezcan una vida con seguridad y dignidad en un entorno familiar [&hellip;]<\/p>\n","protected":false},"author":18,"featured_media":0,"parent":0,"menu_order":0,"comment_status":"closed","ping_status":"closed","template":"","meta":{"_et_pb_use_builder":"on","_et_pb_old_content":"","_et_gb_content_width":"","footnotes":""},"class_list":["post-3209","page","type-page","status-publish","hentry"],"_links":{"self":[{"href":"https:\/\/informacionoficial.mendoza.gob.ar\/saludydeportes\/wp-json\/wp\/v2\/pages\/3209","targetHints":{"allow":["GET"]}}],"collection":[{"href":"https:\/\/informacionoficial.mendoza.gob.ar\/saludydeportes\/wp-json\/wp\/v2\/pages"}],"about":[{"href":"https:\/\/informacionoficial.mendoza.gob.ar\/saludydeportes\/wp-json\/wp\/v2\/types\/page"}],"author":[{"embeddable":true,"href":"https:\/\/informacionoficial.mendoza.gob.ar\/saludydeportes\/wp-json\/wp\/v2\/users\/18"}],"replies":[{"embeddable":true,"href":"https:\/\/informacionoficial.mendoza.gob.ar\/saludydeportes\/wp-json\/wp\/v2\/comments?post=3209"}],"version-history":[{"count":3,"href":"https:\/\/informacionoficial.mendoza.gob.ar\/saludydeportes\/wp-json\/wp\/v2\/pages\/3209\/revisions"}],"predecessor-version":[{"id":3213,"href":"https:\/\/informacionoficial.mendoza.gob.ar\/saludydeportes\/wp-json\/wp\/v2\/pages\/3209\/revisions\/3213"}],"wp:attachment":[{"href":"https:\/\/informacionoficial.mendoza.gob.ar\/saludydeportes\/wp-json\/wp\/v2\/media?parent=3209"}],"curies":[{"name":"wp","href":"https:\/\/api.w.org\/{rel}","templated":true}]}}