{"id":3479,"date":"2025-08-01T10:47:52","date_gmt":"2025-08-01T13:47:52","guid":{"rendered":"https:\/\/informacionoficial.mendoza.gob.ar\/saludydeportes\/?page_id=3479"},"modified":"2025-10-29T09:43:30","modified_gmt":"2025-10-29T12:43:30","slug":"donacion-de-sangre","status":"publish","type":"page","link":"https:\/\/informacionoficial.mendoza.gob.ar\/saludydeportes\/donacion-de-sangre\/","title":{"rendered":"Donaci\u00f3n de Sangre"},"content":{"rendered":"<p>[et_pb_section fb_built=\u00bb1&#8243; _builder_version=\u00bb4.27.4&#8243; _module_preset=\u00bbdefault\u00bb background_color=\u00bb#FFFFFF\u00bb background_enable_image=\u00bboff\u00bb background_size=\u00bbcontain\u00bb background_enable_video_mp4=\u00bboff\u00bb background_video_width=\u00bb100%\u00bb background_video_height=\u00bb100%\u00bb module_alignment=\u00bbcenter\u00bb min_height=\u00bb397px\u00bb custom_margin=\u00bb0px|0px|0px|0px|false|false\u00bb custom_padding=\u00bb0px|0px|0px|0px|false|false\u00bb locked=\u00bboff\u00bb global_colors_info=\u00bb{}\u00bb][et_pb_row _builder_version=\u00bb4.27.4&#8243; _module_preset=\u00bbdefault\u00bb custom_margin=\u00bb0px||0px||false|false\u00bb custom_padding=\u00bb1rem||1rem||true|false\u00bb global_colors_info=\u00bb{}\u00bb][et_pb_column type=\u00bb4_4&#8243; _builder_version=\u00bb4.27.4&#8243; _module_preset=\u00bbdefault\u00bb global_colors_info=\u00bb{}\u00bb][et_pb_heading title=\u00bbDon\u00e1 Sangre\u00bb _builder_version=\u00bb4.27.4&#8243; _module_preset=\u00bbdefault\u00bb title_text_color=\u00bb#000F9F\u00bb global_colors_info=\u00bb{}\u00bb][\/et_pb_heading][\/et_pb_column][\/et_pb_row][et_pb_row column_structure=\u00bb1_2,1_2&#8243; _builder_version=\u00bb4.27.4&#8243; _module_preset=\u00bbdefault\u00bb global_colors_info=\u00bb{}\u00bb][et_pb_column type=\u00bb1_2&#8243; _builder_version=\u00bb4.27.4&#8243; _module_preset=\u00bbdefault\u00bb global_colors_info=\u00bb{}\u00bb][et_pb_social_media_follow _builder_version=\u00bb4.27.4&#8243; _module_preset=\u00bbdefault\u00bb global_colors_info=\u00bb{}\u00bb][et_pb_social_media_follow_network social_network=\u00bbfacebook\u00bb url=\u00bbhttps:\/\/www.facebook.com\/CentroRegionaldeHemoterapiaMendoza\/?locale=es_LA\u00bb _builder_version=\u00bb4.27.4&#8243; _module_preset=\u00bbdefault\u00bb background_color=\u00bb#3b5998&#8243; global_colors_info=\u00bb{}\u00bb follow_button=\u00bboff\u00bb url_new_window=\u00bbon\u00bb]facebook[\/et_pb_social_media_follow_network][et_pb_social_media_follow_network social_network=\u00bbwhatsapp\u00bb url=\u00bbhttps:\/\/wa.me\/5492612777926&#8243; _builder_version=\u00bb4.27.4&#8243; _module_preset=\u00bbdefault\u00bb background_color=\u00bb#25D366&#8243; global_colors_info=\u00bb{}\u00bb follow_button=\u00bboff\u00bb url_new_window=\u00bbon\u00bb]whatsapp[\/et_pb_social_media_follow_network][et_pb_social_media_follow_network social_network=\u00bbinstagram\u00bb url=\u00bbhttps:\/\/www.instagram.com\/crhmendoza\/?hl=es\u00bb _builder_version=\u00bb4.27.4&#8243; _module_preset=\u00bbdefault\u00bb background_color=\u00bb#ea2c59&#8243; global_colors_info=\u00bb{}\u00bb follow_button=\u00bboff\u00bb url_new_window=\u00bbon\u00bb]instagram[\/et_pb_social_media_follow_network][\/et_pb_social_media_follow][\/et_pb_column][et_pb_column type=\u00bb1_2&#8243; _builder_version=\u00bb4.27.4&#8243; _module_preset=\u00bbdefault\u00bb global_colors_info=\u00bb{}\u00bb][et_pb_image src=\u00bbhttps:\/\/mza-dicaws-portal-uploads-media-prod.s3.us-east-1.amazonaws.com\/informacion-oficial\/uploads\/sites\/15\/2025\/08\/hemoterapia.jpg\u00bb title_text=\u00bbhemoterapia\u00bb _builder_version=\u00bb4.27.4&#8243; _module_preset=\u00bbdefault\u00bb global_colors_info=\u00bb{}\u00bb][\/et_pb_image][\/et_pb_column][\/et_pb_row][et_pb_row _builder_version=\u00bb4.27.4&#8243; _module_preset=\u00bbdefault\u00bb custom_margin=\u00bb0px||0px||false|false\u00bb custom_padding=\u00bb1rem||1rem||true|false\u00bb global_colors_info=\u00bb{}\u00bb][et_pb_column type=\u00bb4_4&#8243; _builder_version=\u00bb4.27.4&#8243; _module_preset=\u00bbdefault\u00bb global_colors_info=\u00bb{}\u00bb][et_pb_text _builder_version=\u00bb4.27.4&#8243; _module_preset=\u00bbdefault\u00bb text_font=\u00bb&#8211;et_global_body_font||||||||\u00bb text_text_color=\u00bb#000000&#8243; text_font_size=\u00bb17px\u00bb text_line_height=\u00bb1.5em\u00bb header_font=\u00bb|600|||||||\u00bb hover_enabled=\u00bb0&#8243; global_colors_info=\u00bb{}\u00bb sticky_enabled=\u00bb0&#8243;]<\/p>\n<h3><span style=\"color: #000000\"><strong>Hay alguien que espera tu solidaridad<\/strong><\/span><\/h3>\n<h3><span style=\"color: #000000\"><strong>Don\u00e1 Sangre<\/strong><\/span><\/h3>\n<h3><span style=\"color: #000000\"><strong>Un acto simple que salva vidas<\/strong><\/span><\/h3>\n<p>Pod\u00e9s organizar una campa\u00f1a de donaci\u00f3n de sangre desde tu trabajo donde podr\u00e1s salvar hasta 4 vidas sin alterar las actividades cotidianas. Contactanos<\/p>\n<p>Convertite en donante habitual y voluntario.<\/p>\n<p>Con tu donaci\u00f3n de sangre pod\u00e9s salvar hasta cuatro vidas.<br \/>En el Centro Regional de Hemoterapia buscamos la mayor seguridad transfusional posible y \u00e9sta se refuerza sumando donantes voluntarios y habituales.<br \/>La motivaci\u00f3n fundamental del donante habitual y voluntario es ayudar al pr\u00f3jimo, mejorando as\u00ed la calidad de vida de todos.<\/p>\n<p>\u00bfC\u00f3mo es el proceso para donar sangre?<\/p>\n<p>1- Recepci\u00f3n:\u00a0un equipo profesional te recibir\u00e1 y dar\u00e1 informaci\u00f3n pre-donaci\u00f3n.<\/p>\n<p>2- Entrevista:\u00a0se determinar\u00e1 si pod\u00e9s donar sangre. Toda tu informaci\u00f3n como donante es confidencial.<\/p>\n<p>3- Aprobaci\u00f3n:\u00a0si est\u00e1s apto para donar, pas\u00e1s a la etapa de extracci\u00f3n.<\/p>\n<p>4- Extracci\u00f3n:\u00a0realizada por personal t\u00e9cnico con estrictas normas de seguridad, calidad, higiene y confort.<\/p>\n<p>5- Refrigerio:\u00a0luego de la extracci\u00f3n, obtendr\u00e1s informaci\u00f3n post-donaci\u00f3n.<\/p>\n<p>\u00bfCu\u00e1les son los requisitos?<\/p>\n<ul>\n<li>Tener entre 16 y 65 a\u00f1os.<\/li>\n<li>Pesar m\u00e1s de 50 kg.<\/li>\n<li>Asistir desayunado.<\/li>\n<li>Concurrir con DNI.<\/li>\n<li>Gozar de buena salud.<\/li>\n<li>No haber tenido relaciones sexuales de riesgo el \u00faltimo a\u00f1o.<\/li>\n<\/ul>\n<p>Si te hiciste tatuajes, perforaciones o cirug\u00edas pod\u00e9s donar sangre habiendo pasado seis meses.<\/p>\n<p>[\/et_pb_text][\/et_pb_column][\/et_pb_row][et_pb_row _builder_version=\u00bb4.27.4&#8243; _module_preset=\u00bbdefault\u00bb global_colors_info=\u00bb{}\u00bb][et_pb_column type=\u00bb4_4&#8243; _builder_version=\u00bb4.27.4&#8243; _module_preset=\u00bbdefault\u00bb global_colors_info=\u00bb{}\u00bb][et_pb_image src=\u00bbhttps:\/\/mza-dicaws-portal-uploads-media-prod.s3.amazonaws.com\/informacion-oficial\/uploads\/sites\/15\/2025\/08\/dona-sangre.png\u00bb title_text=\u00bbdona sangre\u00bb _builder_version=\u00bb4.27.4&#8243; _module_preset=\u00bbdefault\u00bb global_colors_info=\u00bb{}\u00bb][\/et_pb_image][\/et_pb_column][\/et_pb_row][et_pb_row _builder_version=\u00bb4.27.4&#8243; _module_preset=\u00bbdefault\u00bb global_colors_info=\u00bb{}\u00bb][et_pb_column type=\u00bb4_4&#8243; _builder_version=\u00bb4.27.4&#8243; _module_preset=\u00bbdefault\u00bb global_colors_info=\u00bb{}\u00bb][et_pb_text _builder_version=\u00bb4.27.4&#8243; _module_preset=\u00bbdefault\u00bb text_font=\u00bb&#8211;et_global_body_font||||||||\u00bb text_text_color=\u00bb#000000&#8243; text_font_size=\u00bb17px\u00bb hover_enabled=\u00bb0&#8243; global_colors_info=\u00bb{}\u00bb sticky_enabled=\u00bb0&#8243;]<\/p>\n<p><strong>\u00bfCon que frecuencia se puede donar sangre?<\/strong><\/p>\n<ul>\n<li>Debe haber transcurrido al menos dos meses desde la \u00faltima donaci\u00f3n.<\/li>\n<li>Los hombres pueden donar hasta 4 veces al a\u00f1o y las mujeres hasta 3 veces al a\u00f1o.<\/li>\n<\/ul>\n<p><strong>A los mitos hay que<br \/>desmitificarlos.<\/strong><\/p>\n<ul>\n<li>Las personas que tienen tatuaje o piercing no pueden donar sangre.<\/li>\n<\/ul>\n<p>VERDADERO\u00a0FALSO<br \/>(Siempre y cuando no hayan sido hechos en el \u00faltimo a\u00f1o)<\/p>\n<ul>\n<li>Se debe ir en ayunas para donar sangre.<\/li>\n<\/ul>\n<p>VERDADERO\u00a0FALSO<\/p>\n<ul>\n<li>Los personas que tuvieron Hepatitis A no pueden donar sangre.<\/li>\n<\/ul>\n<p>VERDADERO\u00a0FALSO<\/p>\n<ul>\n<li>Las personas con diabetes no pueden donar sangre.<\/li>\n<\/ul>\n<p>VERDADERO\u00a0FALSO<br \/>(Excepto los insulinodependientes)<\/p>\n<p><strong>Valle de Uco:<\/strong><\/p>\n<ol>\n<li>Las Heras \u2013\u00a0<strong>TUPUNGATO<\/strong><br \/>H. Tagarelli \u2013\u00a0<strong>SAN CARLOS<\/strong><br \/>H. Scaravelli \u2013\u00a0<strong>TUNUY\u00c1N<\/strong><\/li>\n<\/ol>\n<p><strong>Zona sur:<\/strong><\/p>\n<ol>\n<li>Enfermeros Argentinos \u2013\u00a0<strong>GRAL. ALVEAR<\/strong><br \/>H. Schestakow \u2013\u00a0<strong>SAN RAFAEL<\/strong><br \/>H. Regional Malarg\u00fce \u2013\u00a0<strong>MALARG\u00dcE<\/strong><\/li>\n<\/ol>\n<p><strong>Zona centro:<\/strong><\/p>\n<p>Hospital Notti \u2013\u00a0<strong>GUAYMALL\u00c9N<\/strong><br \/>H. Paroissien (excepto los d\u00edas jueves) \u2013\u00a0<strong>MAIP\u00da<\/strong><br \/>H. Carrillo \u2013\u00a0<strong>LAS HERAS<\/strong><\/p>\n<p><strong>Zona este:<\/strong><\/p>\n<ol>\n<li>Saporiti \u2013\u00a0<strong>RIVADAVIA<\/strong><br \/>H. Perrupato \u2013\u00a0<strong>SAN MART\u00cdN<\/strong><\/li>\n<\/ol>\n<p>[\/et_pb_text][\/et_pb_column][\/et_pb_row][\/et_pb_section]<\/p>\n","protected":false},"excerpt":{"rendered":"<p>Hay alguien que espera tu solidaridad Don\u00e1 Sangre Un acto simple que salva vidas Pod\u00e9s organizar una campa\u00f1a de donaci\u00f3n de sangre desde tu trabajo donde podr\u00e1s salvar hasta 4 vidas sin alterar las actividades cotidianas. Contactanos Convertite en donante habitual y voluntario. Con tu donaci\u00f3n de sangre pod\u00e9s salvar hasta cuatro vidas.En el Centro [&hellip;]<\/p>\n","protected":false},"author":18,"featured_media":0,"parent":0,"menu_order":0,"comment_status":"closed","ping_status":"closed","template":"","meta":{"_et_pb_use_builder":"on","_et_pb_old_content":"","_et_gb_content_width":"","footnotes":""},"class_list":["post-3479","page","type-page","status-publish","hentry"],"_links":{"self":[{"href":"https:\/\/informacionoficial.mendoza.gob.ar\/saludydeportes\/wp-json\/wp\/v2\/pages\/3479","targetHints":{"allow":["GET"]}}],"collection":[{"href":"https:\/\/informacionoficial.mendoza.gob.ar\/saludydeportes\/wp-json\/wp\/v2\/pages"}],"about":[{"href":"https:\/\/informacionoficial.mendoza.gob.ar\/saludydeportes\/wp-json\/wp\/v2\/types\/page"}],"author":[{"embeddable":true,"href":"https:\/\/informacionoficial.mendoza.gob.ar\/saludydeportes\/wp-json\/wp\/v2\/users\/18"}],"replies":[{"embeddable":true,"href":"https:\/\/informacionoficial.mendoza.gob.ar\/saludydeportes\/wp-json\/wp\/v2\/comments?post=3479"}],"version-history":[{"count":6,"href":"https:\/\/informacionoficial.mendoza.gob.ar\/saludydeportes\/wp-json\/wp\/v2\/pages\/3479\/revisions"}],"predecessor-version":[{"id":5324,"href":"https:\/\/informacionoficial.mendoza.gob.ar\/saludydeportes\/wp-json\/wp\/v2\/pages\/3479\/revisions\/5324"}],"wp:attachment":[{"href":"https:\/\/informacionoficial.mendoza.gob.ar\/saludydeportes\/wp-json\/wp\/v2\/media?parent=3479"}],"curies":[{"name":"wp","href":"https:\/\/api.w.org\/{rel}","templated":true}]}}