{"id":565,"date":"2025-05-14T13:31:41","date_gmt":"2025-05-14T11:31:41","guid":{"rendered":"https:\/\/informacionoficial.mendoza.gob.ar\/saludydeportes\/?page_id=565"},"modified":"2025-08-12T10:23:00","modified_gmt":"2025-08-12T13:23:00","slug":"deportes-direccion-de-alto-rendimiento","status":"publish","type":"page","link":"https:\/\/informacionoficial.mendoza.gob.ar\/saludydeportes\/ministerio-de-salud-y-deportes\/deportes\/deportes-direccion-de-alto-rendimiento\/","title":{"rendered":"Direcci\u00f3n de Alto Rendimiento"},"content":{"rendered":"<p>[et_pb_section fb_built=\u00bb1&#8243; _builder_version=\u00bb4.27.4&#8243; _module_preset=\u00bbdefault\u00bb global_colors_info=\u00bb{}\u00bb][et_pb_row column_structure=\u00bb3_5,2_5&#8243; _builder_version=\u00bb4.27.4&#8243; _module_preset=\u00bbdefault\u00bb max_width=\u00bb80%\u00bb locked=\u00bboff\u00bb global_colors_info=\u00bb{}\u00bb][et_pb_column type=\u00bb3_5&#8243; _builder_version=\u00bb4.27.4&#8243; _module_preset=\u00bbdefault\u00bb global_colors_info=\u00bb{}\u00bb][et_pb_accordion _builder_version=\u00bb4.27.4&#8243; _module_preset=\u00bbdefault\u00bb border_radii=\u00bbon|15px|15px|15px|15px\u00bb global_colors_info=\u00bb{}\u00bb][et_pb_accordion_item title=\u00bbDirecci\u00f3n de Alto Rendimiento\u00bb open=\u00bbon\u00bb _builder_version=\u00bb4.27.4&#8243; _module_preset=\u00bbdefault\u00bb global_colors_info=\u00bb{}\u00bb]<\/p>\n<p><span style=\"color: #0000ff\">Misi\u00f3n<\/span><\/p>\n<p>Desarrollar programas de promoci\u00f3n, difusi\u00f3n, captaci\u00f3n, desarrollo de talentos deportivos y desarrollo de las distintas disciplinas deportivas en la Provincia.<\/p>\n<p><span style=\"color: #0000ff\">Funciones<\/span><\/p>\n<p><span style=\"color: #0000ff\"><\/span><\/p>\n<ul>\n<li>Coordinar, planificar conjuntamente con las entidades del deporte organizado, federaciones, asociaciones, clubes y las organizaciones deportivas de los municipios, programas de promoci\u00f3n, difusi\u00f3n, captaci\u00f3n, desarrollo de talentos deportivos y desarrollo de las distintas disciplinas deportivas.<\/li>\n<\/ul>\n<ul>\n<li>Favorecer y facilitar la organizaci\u00f3n y participaci\u00f3n de representaciones deportivas provinciales en eventos de car\u00e1cter regional, nacional e internacional.<\/li>\n<\/ul>\n<ul>\n<li>Evaluar las necesidades y elaborar en coordinaci\u00f3n con las entidades espec\u00edficas los programas t\u00e9cnicos de desarrollo de Alto Rendimiento en la Provincia en base a los est\u00e1ndares de cada disciplina que establezcan las entidades competentes.<\/li>\n<\/ul>\n<ul>\n<li>Propiciar la capacitaci\u00f3n y perfeccionamiento de dirigentes, t\u00e9cnicos, instructores deportivos. Auspiciar y organizar cursos, congresos y conferencias relacionadas con el tema.<\/li>\n<\/ul>\n<ul>\n<li>Garantizar la plena vigencia de la Ley del Deporte, en especial en lo referente al accionar de las instituciones p\u00fablicas y privadas que desarrollen actividades f\u00edsico deportivas.<\/li>\n<\/ul>\n<ul>\n<li>Fiscalizar y controlar el registro de instituciones deportivas p\u00fablicas y privados.<\/li>\n<\/ul>\n<ul>\n<li>Fiscalizar y controlar el registro de entrenadores, t\u00e9cnicos, instructores deportivos y profesores.<\/li>\n<\/ul>\n<ul>\n<li>Fiscalizar y controlar los gimnasios y otros establecimientos afines a la pr\u00e1ctica deportiva, como as\u00ed tambi\u00e9n la matriculaci\u00f3n de los profesionales de la Educaci\u00f3n F\u00edsica.<\/li>\n<\/ul>\n<ul>\n<li>Promover y desarrollar el deporte en la escuela.<\/li>\n<\/ul>\n<ul>\n<li>Planificar y coordinar programas de capacitaci\u00f3n y perfeccionamiento en materia deportiva y\/o recreativa.<\/li>\n<\/ul>\n<ul>\n<li>Promover y coordinar propuestas de intercambio local, nacional e internacional en materia deportiva.<\/li>\n<\/ul>\n<ul>\n<li>Dirigir y controlar los dep\u00f3sitos de bienes de la Dependencia.<\/li>\n<\/ul>\n<ul>\n<li>Dirigir y planificar el Centro de Promoci\u00f3n de Salud y Medicina Deportiva que funciona en la Subsecretar\u00eda de Deportes<\/li>\n<\/ul>\n<p>[\/et_pb_accordion_item][\/et_pb_accordion][et_pb_divider _builder_version=\u00bb4.27.4&#8243; _module_preset=\u00bbdefault\u00bb global_colors_info=\u00bb{}\u00bb][\/et_pb_divider][\/et_pb_column][et_pb_column type=\u00bb2_5&#8243; _builder_version=\u00bb4.27.4&#8243; _module_preset=\u00bbdefault\u00bb global_colors_info=\u00bb{}\u00bb][et_pb_team_member name=\u00bbMauricio Ginestar\u00bb position=\u00bbDirector de Alto Rendimiento\u00bb image_url=\u00bbhttps:\/\/mza-dicaws-portal-uploads-media-prod.s3.us-east-1.amazonaws.com\/informacion-oficial\/uploads\/sites\/15\/2025\/05\/Mauri-web-scaled.png\u00bb icon_color=\u00bb#000F9F\u00bb use_icon_font_size=\u00bbon\u00bb _builder_version=\u00bb4.27.4&#8243; _module_preset=\u00bbdefault\u00bb header_level=\u00bbh2&#8243; header_font=\u00bb|&#8211;et_global_heading_font_weight|||||||\u00bb header_text_color=\u00bb#000F9F\u00bb header_font_size=\u00bb26px\u00bb position_font=\u00bb|&#8211;et_global_heading_font_weight|||||||\u00bb position_text_align=\u00bbleft\u00bb background_color=\u00bbRGBA(255,255,255,0)\u00bb border_radii_image=\u00bbon|15px|15px|15px|15px\u00bb global_colors_info=\u00bb{}\u00bb]<\/p>\n<div class=\"panel-body\">\n<div class=\"media\">\n<div class=\"media-body\">\n<p><a href=\"mailto:mvcanton@mendoza.gov.ar\"><\/a><a rel=\"noopener noreferrer\" href=\"mailto:altorendimientodeportesmendoza@gmail.com\" target=\"_blank\">altorendimientodeportesmendoza@gmail.com<\/a><a href=\"mailto:mvcanton@mendoza.gov.ar\"><\/a><\/p>\n<p>0261 443 9100 \u2013 interno 141<\/p>\n<p>Mauricio Javier Ginestar es un profesional con una destacada trayectoria en la gesti\u00f3n deportiva y la preparaci\u00f3n f\u00edsica. Con una s\u00f3lida formaci\u00f3n acad\u00e9mica y una vasta experiencia en el \u00e1mbito del deporte, ha ocupado diversos cargos en instituciones municipales, provinciales y nacionales, consolid\u00e1ndose como un referente en el desarrollo del alto rendimiento en Mendoza.<\/p>\n<p><strong>Formaci\u00f3n Acad\u00e9mica<\/strong><\/p>\n<p>Profesorado de Educaci\u00f3n F\u00edsica \u2013 IEF Dr. Jorge Coll, Mendoza.<\/p>\n<p>Licenciatura en Educaci\u00f3n F\u00edsica con orientaci\u00f3n en Salud y Gesti\u00f3n Deportiva \u2013 Universidad Juan Agust\u00edn Maza.<\/p>\n<p><strong>Experiencia Profesional<\/strong><\/p>\n<p>Encargado del Estadio Provincial Aconcagua Arena (marzo 2023).<\/p>\n<p>Secretario del Honorable Concejo Deliberante Las Heras (febrero 2022 al 2023).<\/p>\n<p>Director en la Direcci\u00f3n de Deportes de la Municipalidad de Las Heras (enero 2018 \u2013 diciembre 2021).<\/p>\n<p>Subdirector en la Direcci\u00f3n de Deportes de la Municipalidad de Las Heras (diciembre 2015 \u2013 diciembre 2017).<\/p>\n<p>Jefe de Deportes del Polideportivo \u201cLa Colonia\u201d \u2013 Municipalidad de Jun\u00edn (enero 2012 \u2013 diciembre 2015).<\/p>\n<p><strong>Experiencia en Alto Rendimiento<\/strong><\/p>\n<p>Preparador F\u00edsico de la Selecci\u00f3n Argentina de Futsal C20 (2013 \u2013 2018) de la Selecci\u00f3n Mendocina de Fustal Juvenil (2010 \u2013 2014).<\/p>\n<p>Con una amplia experiencia en la planificaci\u00f3n y gesti\u00f3n deportiva, contin\u00faa trabajando para el desarrollo del deporte en Mendoza, impulsando proyectos estrat\u00e9gicos y fortaleciendo el alto rendimiento en la provincia.<strong><\/strong><\/p>\n<\/div>\n<\/div>\n<\/div>\n<p>[\/et_pb_team_member][\/et_pb_column][\/et_pb_row][\/et_pb_section]<\/p>\n","protected":false},"excerpt":{"rendered":"<p>Misi\u00f3n Desarrollar programas de promoci\u00f3n, difusi\u00f3n, captaci\u00f3n, desarrollo de talentos deportivos y desarrollo de las distintas disciplinas deportivas en la Provincia. Funciones Coordinar, planificar conjuntamente con las entidades del deporte organizado, federaciones, asociaciones, clubes y las organizaciones deportivas de los municipios, programas de promoci\u00f3n, difusi\u00f3n, captaci\u00f3n, desarrollo de talentos deportivos y desarrollo de las distintas [&hellip;]<\/p>\n","protected":false},"author":11,"featured_media":0,"parent":31,"menu_order":0,"comment_status":"closed","ping_status":"closed","template":"","meta":{"_et_pb_use_builder":"on","_et_pb_old_content":"","_et_gb_content_width":"","footnotes":""},"class_list":["post-565","page","type-page","status-publish","hentry"],"_links":{"self":[{"href":"https:\/\/informacionoficial.mendoza.gob.ar\/saludydeportes\/wp-json\/wp\/v2\/pages\/565","targetHints":{"allow":["GET"]}}],"collection":[{"href":"https:\/\/informacionoficial.mendoza.gob.ar\/saludydeportes\/wp-json\/wp\/v2\/pages"}],"about":[{"href":"https:\/\/informacionoficial.mendoza.gob.ar\/saludydeportes\/wp-json\/wp\/v2\/types\/page"}],"author":[{"embeddable":true,"href":"https:\/\/informacionoficial.mendoza.gob.ar\/saludydeportes\/wp-json\/wp\/v2\/users\/11"}],"replies":[{"embeddable":true,"href":"https:\/\/informacionoficial.mendoza.gob.ar\/saludydeportes\/wp-json\/wp\/v2\/comments?post=565"}],"version-history":[{"count":7,"href":"https:\/\/informacionoficial.mendoza.gob.ar\/saludydeportes\/wp-json\/wp\/v2\/pages\/565\/revisions"}],"predecessor-version":[{"id":4021,"href":"https:\/\/informacionoficial.mendoza.gob.ar\/saludydeportes\/wp-json\/wp\/v2\/pages\/565\/revisions\/4021"}],"up":[{"embeddable":true,"href":"https:\/\/informacionoficial.mendoza.gob.ar\/saludydeportes\/wp-json\/wp\/v2\/pages\/31"}],"wp:attachment":[{"href":"https:\/\/informacionoficial.mendoza.gob.ar\/saludydeportes\/wp-json\/wp\/v2\/media?parent=565"}],"curies":[{"name":"wp","href":"https:\/\/api.w.org\/{rel}","templated":true}]}}