{"id":570,"date":"2025-05-14T13:32:06","date_gmt":"2025-05-14T11:32:06","guid":{"rendered":"https:\/\/informacionoficial.mendoza.gob.ar\/saludydeportes\/?page_id=570"},"modified":"2025-08-12T10:20:33","modified_gmt":"2025-08-12T13:20:33","slug":"deportes-direccion-de-deporte-social-y-comunitario","status":"publish","type":"page","link":"https:\/\/informacionoficial.mendoza.gob.ar\/saludydeportes\/ministerio-de-salud-y-deportes\/deportes\/deportes-direccion-de-deporte-social-y-comunitario\/","title":{"rendered":"Direcci\u00f3n de Deporte Social y Comunitario"},"content":{"rendered":"<p>[et_pb_section fb_built=\u00bb1&#8243; _builder_version=\u00bb4.27.4&#8243; _module_preset=\u00bbdefault\u00bb global_colors_info=\u00bb{}\u00bb][et_pb_row column_structure=\u00bb3_5,2_5&#8243; _builder_version=\u00bb4.27.4&#8243; _module_preset=\u00bbdefault\u00bb max_width=\u00bb80%\u00bb locked=\u00bboff\u00bb global_colors_info=\u00bb{}\u00bb][et_pb_column type=\u00bb3_5&#8243; _builder_version=\u00bb4.27.4&#8243; _module_preset=\u00bbdefault\u00bb global_colors_info=\u00bb{}\u00bb][et_pb_accordion _builder_version=\u00bb4.27.4&#8243; _module_preset=\u00bbdefault\u00bb border_radii=\u00bbon|15px|15px|15px|15px\u00bb global_colors_info=\u00bb{}\u00bb][et_pb_accordion_item title=\u00bbDirecci\u00f3n de Deporte Social y Comunitario\u00bb open=\u00bbon\u00bb _builder_version=\u00bb4.27.4&#8243; _module_preset=\u00bbdefault\u00bb global_colors_info=\u00bb{}\u00bb]<\/p>\n<p><span style=\"color: #0000ff\">Misi\u00f3n:<\/span><\/p>\n<p>Dirigir y coordinar las acciones tendientes a promover planes de iniciaci\u00f3n y pr\u00e1cticas deportivas, para todos los sectores de la Provincia.<\/p>\n<p><span style=\"color: #0000ff\">Funciones:<\/span><\/p>\n<ul>\n<li>Desarrollar estrategias que favorezcan el acceso al deporte y a la actividad f\u00edsica a grupos poblacionales en situaci\u00f3n de vulnerabilidad.<\/li>\n<li>Facilitar el acceso a la poblaci\u00f3n a las actividades de Vida en la Naturaleza y Deporte Aventura, incentivando la implementaci\u00f3n de programas y actividades en coordinaci\u00f3n con los municipios y organizaciones comunitarias.<\/li>\n<li>Estimular el desarrollo de los recursos humanos en el deporte como factor de integraci\u00f3n social y medio de mejorar la calidad de vida favoreciendo la realizaci\u00f3n de investigaciones, cursos, encuentros, congresos y publicaciones.<\/li>\n<li>Coordinar acciones con instituciones deportivas, municipios, fundaciones, organizaciones no gubernamentales para el desarrollo y ejecuci\u00f3n de programas de promoci\u00f3n deportiva, mejoramiento de la infraestructura y equipamiento deportivo y el desarrollo de los recursos humanos, dirigentes, t\u00e9cnicos, deportistas y estudiantes.<\/li>\n<li>Promover el intercambio deportivo desde y hacia la provincia en clubes, instituciones y organizaciones barriales.<\/li>\n<li>Promover y dirigir programas de inclusi\u00f3n de los sectores sociales m\u00e1s vulnerables, permiti\u00e9ndoles el ingreso a la pr\u00e1ctica de actividades f\u00edsicas y deportivas como instrumento de participaci\u00f3n, integraci\u00f3n social y mejoramiento de la calidad de vida.<\/li>\n<li>Dirigir y controlar los dep\u00f3sitos de bienes de la dependencia.<\/li>\n<\/ul>\n<ul><\/ul>\n<p>[\/et_pb_accordion_item][\/et_pb_accordion][et_pb_divider _builder_version=\u00bb4.27.4&#8243; _module_preset=\u00bbdefault\u00bb global_colors_info=\u00bb{}\u00bb][\/et_pb_divider][\/et_pb_column][et_pb_column type=\u00bb2_5&#8243; _builder_version=\u00bb4.27.4&#8243; _module_preset=\u00bbdefault\u00bb global_colors_info=\u00bb{}\u00bb][et_pb_team_member name=\u00bbViviana Balzarelli\u00bb position=\u00bbDirectora de Deporte Social y Comunitario\u00bb image_url=\u00bbhttps:\/\/mza-dicaws-portal-uploads-media-prod.s3.us-east-1.amazonaws.com\/informacion-oficial\/uploads\/sites\/15\/2025\/05\/vivi-fondo.png\u00bb icon_color=\u00bb#000F9F\u00bb use_icon_font_size=\u00bbon\u00bb _builder_version=\u00bb4.27.4&#8243; _module_preset=\u00bbdefault\u00bb header_level=\u00bbh2&#8243; header_font=\u00bb|&#8211;et_global_heading_font_weight|||||||\u00bb header_text_color=\u00bb#000F9F\u00bb header_font_size=\u00bb26px\u00bb position_font=\u00bb|&#8211;et_global_heading_font_weight|||||||\u00bb position_text_align=\u00bbleft\u00bb background_color=\u00bbRGBA(255,255,255,0)\u00bb border_radii_image=\u00bbon|15px|15px|15px|15px\u00bb global_colors_info=\u00bb{}\u00bb]<\/p>\n<div class=\"panel-body\">\n<div class=\"media\">\n<div class=\"media-body\">\n<p><a href=\"mailto:vbalzarelli@mendoza.gov.ar\" target=\"_blank\" rel=\"noopener\">vbalzarelli@mendoza.gov.ar<\/a><\/p>\n<p><a href=\"mailto:vivianabalzarelli@gmail.com\" target=\"_blank\" rel=\"noopener\">vivianabalzarelli@gmail.com<\/a><\/p>\n<p>0261 443 9100 \u2013 interno 108<\/p>\n<p>Viviana Balzarelli es Profesora Nacional de Educaci\u00f3n F\u00edsica, graduada del Instituto Nacional de Educaci\u00f3n F\u00edsica \u201cDr. Jorge E. Coll\u201d, con 35 a\u00f1os en ejercicio de la profesi\u00f3n. Curs\u00f3 la Licenciatura en Orientaci\u00f3n de Salud en Educaci\u00f3n F\u00edsica en la Universidad Nacional de Cuyo (2004) y actualmente, est\u00e1 finalizando la Licenciatura en Salud, Gesti\u00f3n y Entrenamiento Deportivo en la Universidad J. A. Mazza, con la defensa de su trabajo final en proceso.<br \/>Se desempe\u00f1a como directora de Deporte Social y Comunitario de la Subsecretar\u00eda de Deportes durante las gestiones 2015-2019, 2019-2023 y contin\u00faa en el cargo desde 2023. Fue subdirectora de Gesti\u00f3n y Organizaci\u00f3n de Eventos desde 2008 en la Secretar\u00eda de Deportes del Gobierno de Mendoza. Adem\u00e1s, es docente de la Municipalidad de la Ciudad de Mendoza en el Gimnasio Municipal 1, desde 1990.<br \/>Viviana se caracteriza por su trabajo constante en el desarrollo de pol\u00edticas sociales que involucran diferentes \u00e1mbitos, como la discapacidad, los adultos mayores y el fortalecimiento de instituciones deportivas barriales. Su compromiso con el crecimiento de los clubes barriales de toda la provincia ha sido una de las marcas distintivas de su trayectoria, promoviendo espacios inclusivos y de integraci\u00f3n comunitaria.<\/p>\n<\/div>\n<\/div>\n<\/div>\n<p>[\/et_pb_team_member][\/et_pb_column][\/et_pb_row][\/et_pb_section]<\/p>\n","protected":false},"excerpt":{"rendered":"<p>Misi\u00f3n: Dirigir y coordinar las acciones tendientes a promover planes de iniciaci\u00f3n y pr\u00e1cticas deportivas, para todos los sectores de la Provincia. Funciones: Desarrollar estrategias que favorezcan el acceso al deporte y a la actividad f\u00edsica a grupos poblacionales en situaci\u00f3n de vulnerabilidad. Facilitar el acceso a la poblaci\u00f3n a las actividades de Vida en [&hellip;]<\/p>\n","protected":false},"author":11,"featured_media":0,"parent":31,"menu_order":0,"comment_status":"closed","ping_status":"closed","template":"","meta":{"_et_pb_use_builder":"on","_et_pb_old_content":"","_et_gb_content_width":"","footnotes":""},"class_list":["post-570","page","type-page","status-publish","hentry"],"_links":{"self":[{"href":"https:\/\/informacionoficial.mendoza.gob.ar\/saludydeportes\/wp-json\/wp\/v2\/pages\/570","targetHints":{"allow":["GET"]}}],"collection":[{"href":"https:\/\/informacionoficial.mendoza.gob.ar\/saludydeportes\/wp-json\/wp\/v2\/pages"}],"about":[{"href":"https:\/\/informacionoficial.mendoza.gob.ar\/saludydeportes\/wp-json\/wp\/v2\/types\/page"}],"author":[{"embeddable":true,"href":"https:\/\/informacionoficial.mendoza.gob.ar\/saludydeportes\/wp-json\/wp\/v2\/users\/11"}],"replies":[{"embeddable":true,"href":"https:\/\/informacionoficial.mendoza.gob.ar\/saludydeportes\/wp-json\/wp\/v2\/comments?post=570"}],"version-history":[{"count":7,"href":"https:\/\/informacionoficial.mendoza.gob.ar\/saludydeportes\/wp-json\/wp\/v2\/pages\/570\/revisions"}],"predecessor-version":[{"id":4020,"href":"https:\/\/informacionoficial.mendoza.gob.ar\/saludydeportes\/wp-json\/wp\/v2\/pages\/570\/revisions\/4020"}],"up":[{"embeddable":true,"href":"https:\/\/informacionoficial.mendoza.gob.ar\/saludydeportes\/wp-json\/wp\/v2\/pages\/31"}],"wp:attachment":[{"href":"https:\/\/informacionoficial.mendoza.gob.ar\/saludydeportes\/wp-json\/wp\/v2\/media?parent=570"}],"curies":[{"name":"wp","href":"https:\/\/api.w.org\/{rel}","templated":true}]}}