{"id":1935,"date":"2025-09-16T16:06:50","date_gmt":"2025-09-16T14:06:50","guid":{"rendered":"https:\/\/informacionoficial.mendoza.gob.ar\/seguridadyjusticia\/?page_id=1935"},"modified":"2025-09-16T16:06:50","modified_gmt":"2025-09-16T14:06:50","slug":"decreto-n-2647","status":"publish","type":"page","link":"https:\/\/informacionoficial.mendoza.gob.ar\/seguridadyjusticia\/decreto-n-2647\/","title":{"rendered":"Decreto N\u00b0 2647"},"content":{"rendered":"\n<p>Visto el expediente G&nbsp; N\u00b0 344\/j-81, en el cual se expone la necesidad de actualizar los Planes de Emergencia de la Provincia respecto al Servicio Civil de Defensa en el que intervienen los diferentes escalones que componen la Junta provincial de Defensa Civil, de conformidad a lo dispuesto por el Decreto N\u00b0 1416\/76; lo determinado por el articulo 21\u00b0 de la norma legal citada y,<\/p>\n\n\n\n<p><strong>CONSIDERANDO&nbsp;<\/strong><\/p>\n\n\n\n<p>Que es faculta del poder Ejecutivo crear \u00f3rganos de asesoramiento, ejecuci\u00f3n y fiscalizaci\u00f3n necesarios para la mejor organizaci\u00f3n de la Defensa Civil (inc. a) del articulo 9\u00b0 de la Ley Provincial N\u00b0 3796.<\/p>\n\n\n\n<p>Que de conformidad al <strong>Esquema de la Organizaci\u00f3n Provincial de la Defensa Civil de Mendoza <\/strong>(Anexo 2 del Decreto N\u00b0 1416\/76), es necesario disponer las medidas que permitan desarrollar una acci\u00f3n coherente entre todos los Organismos que lo integran, correspondiendo igualmente su actualizaci\u00f3n en virtud de las directivas impartidas y de las incorporaciones al mismo.<\/p>\n\n\n\n<p>Que, asimismo, se hace indispensable la modificaci\u00f3n de la integraci\u00f3n de la Junta Provincial de Defensa Civil en virtud de las incorporaciones mencionadas precedentemente.<\/p>\n\n\n\n<p>Que, por otra parte, es necesario relevar y actualizar, como as\u00ed tambi\u00e9n establecer los modos de acci\u00f3n a quienes quepa la responsabilidad e intervenci\u00f3n en los Planes de Emergencia Provincial, previendo los respectivos roles de funciones a asumir para el caso de eventualidades y de acuerdo a lo dictaminado por el se\u00f1or Asesor de Gobierno;<\/p>\n\n\n\n<p>Por ello,<\/p>\n\n\n\n<p><strong>EL GOBERNADOR DE LA PROVINCIA&nbsp;<\/strong><\/p>\n\n\n\n<p><strong>DECRETA:&nbsp;<\/strong><\/p>\n\n\n\n<p>Articulo 1\u00b0- Sustit\u00fayase el articulo 7\u00b0 del Decreto N\u00b0 1416 de fecha 30 de julio de 1.976, por el siguiente:<\/p>\n\n\n\n<p>\u201cArt. 7\u00b0- La Junta Provincial de Defensa Civil estar\u00e1 integrada por:<\/p>\n\n\n\n<p>\u201cPresidente: Gobernador de la Provincia, o su representante legal en caso de ausencia\u201d<\/p>\n\n\n\n<p>\u201cSecretario: Director Provincial de Defensa Civil\u201d<\/p>\n\n\n\n<p>\u201c Consejo Asesor:<\/p>\n\n\n\n<p>\u201c Se\u00f1or Ministro de Gobierno.<\/p>\n\n\n\n<p>\u201c Se\u00f1or Ministro de Hacienda.<\/p>\n\n\n\n<p>\u201c Se\u00f1or Ministro de Econom\u00eda.<\/p>\n\n\n\n<p>\u201c Se\u00f1or Ministro de Bienestar Social.<\/p>\n\n\n\n<p>\u201c Se\u00f1or Ministro de Obras y Servicios P\u00fablicos.<\/p>\n\n\n\n<p>\u201c Se\u00f1or Ministro de cultura y Educaci\u00f3n.<\/p>\n\n\n\n<p>\u201c Se\u00f1or Secretario General de la Gobernaci\u00f3n.<\/p>\n\n\n\n<p>\u201c Se\u00f1or Secretario de Planeamiento y Coordinaci\u00f3n.<\/p>\n\n\n\n<p>\u201c Un Delegado del Ministerio de Defensa Nacional.<\/p>\n\n\n\n<p>\u201c Vocales Permanentes.<\/p>\n\n\n\n<p>\u201c Se\u00f1or Subsecretario de Salud Publica.<\/p>\n\n\n\n<p>\u201c Jefe del Servicio Social de Emergencia.<\/p>\n\n\n\n<p>\u201c Se\u00f1or subsecretario de Promoci\u00f3n Social y Vivienda.<\/p>\n\n\n\n<p>\u201c Jefe del Servicio de Transporte y Jefe del Servicio de Ingenier\u00eda y Rehabilitaci\u00f3n de<\/p>\n\n\n\n<p>\u201c Servicios P\u00fablicos.<\/p>\n\n\n\n<p>\u201c Se\u00f1or Subsecretario de Obras Publicas.<\/p>\n\n\n\n<p>\u201c Jefe del Servicio de Comunicaciones y Alarma.<\/p>\n\n\n\n<p>\u201c Se\u00f1or Subsecretario de Servicios P\u00fablicos.<\/p>\n\n\n\n<p>\u201c Jefe del Servicio de Orden Publico y Alarma.<\/p>\n\n\n\n<p>\u201c Jefe de Operaciones de la Jefatura de Polic\u00eda.<\/p>\n\n\n\n<p>\u201c Jefe de Transporte A\u00e9reo.<\/p>\n\n\n\n<p>\u201c Director Provincial de Aeron\u00e1utica.<\/p>\n\n\n\n<p>\u201c Jefe del Servicio Protecci\u00f3n Contraincendio y Salvamento.<\/p>\n\n\n\n<p>\u201c Jefe del Cuerpo de Bomberos de la Polic\u00eda de Mendoza.<\/p>\n\n\n\n<p>Vocales Temporarios.<\/p>\n\n\n\n<p>\u201c Se\u00f1or presidente de la Filial Mendoza de la Cruz Roja Argentina.<\/p>\n\n\n\n<p>\u201c Se\u00f1or Asesor para la creaci\u00f3n de Cuerpos de bomberos Voluntarios de la Provincia.<\/p>\n\n\n\n<p>\u201c Se\u00f1or Presidente del Radio Cuyo Club.<\/p>\n\n\n\n<p>\u201c Se\u00f1or Asesor de los Cuerpos de Scoutismo.<\/p>\n\n\n\n<p>Articulo 2\u00b0- Sustit\u00fayase el Anexo 2 ( <strong>&nbsp;Esquema de la Organizaci\u00f3n Provincial de la Defensa Civil de Mendoza)<\/strong>, del Art. 10\u00b0 del Decreto N\u00b0 1416 de fecha 30 de junio de 1.976, por el Anexo 2 del presente Decreto, el que forma parte del mismo.<\/p>\n\n\n\n<p>Articulo 3\u00b0- Los Ministerios, Secretarias, Organismos Aut\u00e1rquicos, descentralizados y empresas del Estado Provincial, proceder\u00e1n a elaborar su propio <strong>Plan Operativo de Emergencia, <\/strong>&nbsp;en concordancia a los enunciados de los considerados del presente Decreto y del Plan de Emergencia Provincial emitido por el Poder Ejecutivo.<\/p>\n\n\n\n<p>Articulo 4\u00b0- Para la elaboraci\u00f3n&nbsp; del Plan se\u00f1alado, sin perjuicio de las directivas particulares que emiten los se\u00f1ores Ministros y Secretarios dentro de sus respectivas \u00e1reas, la Direcci\u00f3n Provincial de Defensa Civil har\u00e1 llegar las gu\u00edas y normas existentes, como asimismo prestara el asesoramiento pertinente que le sea requerido para la tarea.<\/p>\n\n\n\n<p>Articulo 5\u00b0- Establ\u00e9cese como termino para la remisi\u00f3n a la Direcci\u00f3n Provincial de Defensa Civil del Plan se\u00f1alado, compaginado por Ministerios y\/o Secretarias, dentro de los 60 (sesenta) d\u00edas contados a partir de la publicaci\u00f3n del presenta Decreto.<\/p>\n\n\n\n<p>Articulo 6\u00b0- Comun\u00edquese, publ\u00edquese, dese al Registro Oficial y arch\u00edvese.<\/p>\n\n\n\n<p>Elaborado: ROLANDO JOSE GHISANI<\/p>\n","protected":false},"excerpt":{"rendered":"<p>Visto el expediente G&nbsp; N\u00b0 344\/j-81, en el cual se expone la necesidad de actualizar los Planes de Emergencia de la Provincia respecto al Servicio Civil de Defensa en el que intervienen los diferentes escalones que componen la Junta provincial de Defensa Civil, de conformidad a lo dispuesto por el Decreto N\u00b0 1416\/76; lo determinado [&hellip;]<\/p>\n","protected":false},"author":27,"featured_media":0,"parent":0,"menu_order":0,"comment_status":"closed","ping_status":"closed","template":"","meta":{"_et_pb_use_builder":"off","_et_pb_old_content":"","_et_gb_content_width":"1080","footnotes":""},"class_list":["post-1935","page","type-page","status-publish","hentry"],"_links":{"self":[{"href":"https:\/\/informacionoficial.mendoza.gob.ar\/seguridadyjusticia\/wp-json\/wp\/v2\/pages\/1935","targetHints":{"allow":["GET"]}}],"collection":[{"href":"https:\/\/informacionoficial.mendoza.gob.ar\/seguridadyjusticia\/wp-json\/wp\/v2\/pages"}],"about":[{"href":"https:\/\/informacionoficial.mendoza.gob.ar\/seguridadyjusticia\/wp-json\/wp\/v2\/types\/page"}],"author":[{"embeddable":true,"href":"https:\/\/informacionoficial.mendoza.gob.ar\/seguridadyjusticia\/wp-json\/wp\/v2\/users\/27"}],"replies":[{"embeddable":true,"href":"https:\/\/informacionoficial.mendoza.gob.ar\/seguridadyjusticia\/wp-json\/wp\/v2\/comments?post=1935"}],"version-history":[{"count":1,"href":"https:\/\/informacionoficial.mendoza.gob.ar\/seguridadyjusticia\/wp-json\/wp\/v2\/pages\/1935\/revisions"}],"predecessor-version":[{"id":1936,"href":"https:\/\/informacionoficial.mendoza.gob.ar\/seguridadyjusticia\/wp-json\/wp\/v2\/pages\/1935\/revisions\/1936"}],"wp:attachment":[{"href":"https:\/\/informacionoficial.mendoza.gob.ar\/seguridadyjusticia\/wp-json\/wp\/v2\/media?parent=1935"}],"curies":[{"name":"wp","href":"https:\/\/api.w.org\/{rel}","templated":true}]}}

<p>Visto el expediente G&nbsp; N° 344/j-81, en el cual se expone la necesidad de actualizar los Planes de Emergencia de la Provincia respecto al Servicio Civil de Defensa en el que intervienen los diferentes escalones que componen la Junta provincial de Defensa Civil, de conformidad a lo dispuesto por el Decreto N° 1416/76; lo determinado por el articulo 21° de la norma legal citada y,</p>



<p><strong>CONSIDERANDO&nbsp;</strong></p>



<p>Que es faculta del poder Ejecutivo crear órganos de asesoramiento, ejecución y fiscalización necesarios para la mejor organización de la Defensa Civil (inc. a) del articulo 9° de la Ley Provincial N° 3796.</p>



<p>Que de conformidad al <strong>Esquema de la Organización Provincial de la Defensa Civil de Mendoza </strong>(Anexo 2 del Decreto N° 1416/76), es necesario disponer las medidas que permitan desarrollar una acción coherente entre todos los Organismos que lo integran, correspondiendo igualmente su actualización en virtud de las directivas impartidas y de las incorporaciones al mismo.</p>



<p>Que, asimismo, se hace indispensable la modificación de la integración de la Junta Provincial de Defensa Civil en virtud de las incorporaciones mencionadas precedentemente.</p>



<p>Que, por otra parte, es necesario relevar y actualizar, como así también establecer los modos de acción a quienes quepa la responsabilidad e intervención en los Planes de Emergencia Provincial, previendo los respectivos roles de funciones a asumir para el caso de eventualidades y de acuerdo a lo dictaminado por el señor Asesor de Gobierno;</p>



<p>Por ello,</p>



<p><strong>EL GOBERNADOR DE LA PROVINCIA&nbsp;</strong></p>



<p><strong>DECRETA:&nbsp;</strong></p>



<p>Articulo 1°- Sustitúyase el articulo 7° del Decreto N° 1416 de fecha 30 de julio de 1.976, por el siguiente:</p>



<p>“Art. 7°- La Junta Provincial de Defensa Civil estará integrada por:</p>



<p>“Presidente: Gobernador de la Provincia, o su representante legal en caso de ausencia”</p>



<p>“Secretario: Director Provincial de Defensa Civil”</p>



<p>“ Consejo Asesor:</p>



<p>“ Señor Ministro de Gobierno.</p>



<p>“ Señor Ministro de Hacienda.</p>



<p>“ Señor Ministro de Economía.</p>



<p>“ Señor Ministro de Bienestar Social.</p>



<p>“ Señor Ministro de Obras y Servicios Públicos.</p>



<p>“ Señor Ministro de cultura y Educación.</p>



<p>“ Señor Secretario General de la Gobernación.</p>



<p>“ Señor Secretario de Planeamiento y Coordinación.</p>



<p>“ Un Delegado del Ministerio de Defensa Nacional.</p>



<p>“ Vocales Permanentes.</p>



<p>“ Señor Subsecretario de Salud Publica.</p>



<p>“ Jefe del Servicio Social de Emergencia.</p>



<p>“ Señor subsecretario de Promoción Social y Vivienda.</p>



<p>“ Jefe del Servicio de Transporte y Jefe del Servicio de Ingeniería y Rehabilitación de</p>



<p>“ Servicios Públicos.</p>



<p>“ Señor Subsecretario de Obras Publicas.</p>



<p>“ Jefe del Servicio de Comunicaciones y Alarma.</p>



<p>“ Señor Subsecretario de Servicios Públicos.</p>



<p>“ Jefe del Servicio de Orden Publico y Alarma.</p>



<p>“ Jefe de Operaciones de la Jefatura de Policía.</p>



<p>“ Jefe de Transporte Aéreo.</p>



<p>“ Director Provincial de Aeronáutica.</p>



<p>“ Jefe del Servicio Protección Contraincendio y Salvamento.</p>



<p>“ Jefe del Cuerpo de Bomberos de la Policía de Mendoza.</p>



<p>Vocales Temporarios.</p>



<p>“ Señor presidente de la Filial Mendoza de la Cruz Roja Argentina.</p>



<p>“ Señor Asesor para la creación de Cuerpos de bomberos Voluntarios de la Provincia.</p>



<p>“ Señor Presidente del Radio Cuyo Club.</p>



<p>“ Señor Asesor de los Cuerpos de Scoutismo.</p>



<p>Articulo 2°- Sustitúyase el Anexo 2 ( <strong>&nbsp;Esquema de la Organización Provincial de la Defensa Civil de Mendoza)</strong>, del Art. 10° del Decreto N° 1416 de fecha 30 de junio de 1.976, por el Anexo 2 del presente Decreto, el que forma parte del mismo.</p>



<p>Articulo 3°- Los Ministerios, Secretarias, Organismos Autárquicos, descentralizados y empresas del Estado Provincial, procederán a elaborar su propio <strong>Plan Operativo de Emergencia, </strong>&nbsp;en concordancia a los enunciados de los considerados del presente Decreto y del Plan de Emergencia Provincial emitido por el Poder Ejecutivo.</p>



<p>Articulo 4°- Para la elaboración&nbsp; del Plan señalado, sin perjuicio de las directivas particulares que emiten los señores Ministros y Secretarios dentro de sus respectivas áreas, la Dirección Provincial de Defensa Civil hará llegar las guías y normas existentes, como asimismo prestara el asesoramiento pertinente que le sea requerido para la tarea.</p>



<p>Articulo 5°- Establécese como termino para la remisión a la Dirección Provincial de Defensa Civil del Plan señalado, compaginado por Ministerios y/o Secretarias, dentro de los 60 (sesenta) días contados a partir de la publicación del presenta Decreto.</p>



<p>Articulo 6°- Comuníquese, publíquese, dese al Registro Oficial y archívese.</p>



<p>Elaborado: ROLANDO JOSE GHISANI</p>
