{"id":1937,"date":"2025-09-16T16:07:28","date_gmt":"2025-09-16T14:07:28","guid":{"rendered":"https:\/\/informacionoficial.mendoza.gob.ar\/seguridadyjusticia\/?page_id=1937"},"modified":"2025-09-16T16:07:28","modified_gmt":"2025-09-16T14:07:28","slug":"decreto-n-2648","status":"publish","type":"page","link":"https:\/\/informacionoficial.mendoza.gob.ar\/seguridadyjusticia\/decreto-n-2648\/","title":{"rendered":"Decreto N\u00b0 2648"},"content":{"rendered":"\n<p>Visto el expediente G N\u00b0344\/J-81, ene l cual se expone la necesidad de disponer la organizaci\u00f3n y funcionamiento del Escal\u00f3n Civil de la Defensa Civil en la lucha contra siniestros; y<\/p>\n\n\n\n<p><strong>CONSIDERANDO<\/strong><\/p>\n\n\n\n<p>Que la Ley N\u00b0 3796 \u2013 de la organizaci\u00f3n de la Defensa Civil en la Provincia -, establece, dentro de las responsabilidades asignadas al Poder Ejecutivo, la de <strong>Planificar programas de Defensa Civil en la coordinaci\u00f3n con las nacionales y las de las provincias lim\u00edtrofes;&nbsp;<\/strong><\/p>\n\n\n\n<p>Que, en cumplimiento de los mismos objetivos, ha asignado facultades de :<strong>Subdividir la Provincia en zonas de defensa civil para la mejor coordinaci\u00f3n y fiscalizaci\u00f3n de las tareas en el nivel local.&nbsp;<\/strong><\/p>\n\n\n\n<p>Por ello, en virtud de las facultades previstas por el Inc. b) del articulo 9\u00b0 de la Ley N\u00b0 3796, y de acuerdo a lo dictaminado por el Se\u00f1or Asesor de Gobierno;<\/p>\n\n\n\n<p><strong>EL GOBERNADOR DE LA PROVINCIA&nbsp;<\/strong><\/p>\n\n\n\n<p><strong>DECRETA:&nbsp;<\/strong><\/p>\n\n\n\n<p>Articulo 1\u00b0- Apru\u00e9bese el <strong>Plan Operativo&nbsp; para la Divisi\u00f3n del Territorio Provincial de Mendoza en Zonas de Defensa Civil <\/strong>&nbsp;que como apartado se adjunta y forma parte del presente Decreto, con sus respectivos Anexos.<\/p>\n\n\n\n<p>Articulo 2\u00b0- El presente Decreto ser\u00e1 refrendado por todos los se\u00f1ores ministros.<\/p>\n\n\n\n<p>Articulo 3\u00b0- Comun\u00edquese,&nbsp; publ\u00edquese, dese al Registro Oficial y arch\u00edvese.<\/p>\n\n\n\n<p>Firmado: ROLANDO JOSE GHISANI<\/p>\n\n\n\n<p>TEOFILO RAMIREZ DOLAN<\/p>\n\n\n\n<p>JOSE A. DONNA BONELLI<\/p>\n\n\n\n<p>HORACIO MARTIN DOVAL<\/p>\n\n\n\n<p>CARLOS ALVES CARNIERO<\/p>\n\n\n\n<p>TOMAS ANIBAL MONTES<\/p>\n\n\n\n<p>MARIO C. APUGLIESE<\/p>\n\n\n\n<p><strong>PLAN OPERATIVO PARA LA DIVISION DEL TERRITORIO PROVINCIAL DE MENDOZA EN ZONAS DE DEFENSA CIVIL&nbsp;<\/strong><\/p>\n\n\n\n<p><strong>1- SITUACION&nbsp;<\/strong><\/p>\n\n\n\n<p>1.1-La considerable extensi\u00f3n del territorio de la Provincia, dividido en 18 departamentos, algunos de los cuales con mas relevancia sobre otros por su capacidad operativa, en m\u00e9rito a la cantidad de medios disponibles, deben asumir la responsabilidad de apoyo con elementos, tanto para personal como material, hacia la Zona de Emergencia.<\/p>\n\n\n\n<p>1.2-Por otra parte, la escasez de medios disponibles de otras municipalidades para dar cobertura de Defensa civil en toda su extensi\u00f3n, hace necesario concentrar los medios y esfuerzos con que cuentan otras comunas, a fin de asumir la responsabilidad de apoyo y atenci\u00f3n a aquellas \u00e1reas mas desaguamecidas.<\/p>\n\n\n\n<p>1.3-La situaci\u00f3n que conforma todo siniestro, estrago o da\u00f1o, tanto de origen natural, accidental o provocado por personas y que por su magnitud no pueden ser superados por medios normales previstos para ese fin requieren, por su condici\u00f3n de emergencia, un inmediato incremento y\/o fortalecimiento con los medios disponibles dentro del \u00e1mbito provincial (teniendo su empleo car\u00e1cter de eventualidad y excepcionalidad ).<\/p>\n\n\n\n<p>1.4- Para el caso de explosiones y\/o incendios de establecimientos industriales, dep\u00f3sitos de gas, dentro del \u00e1mbito provincial y otros fen\u00f3menos tales como; terremotos, nevadas, aludes, roturas de diques, etc. Imponen la necesidad de agrupar las distintas Municipalidades en un Plan Conjunto que apunte a preservar y salvaguardar, en la medida de lo posible, el potencial humano y patrimonial de la Provincia.<\/p>\n\n\n\n<p><strong>2- MISION&nbsp;<\/strong><\/p>\n\n\n\n<p><strong>2.1-Coordinar, en forma organizada, los esfuerzos de las Municipalidades que las constituyen, y los modos de acci\u00f3n apropiados a seguir, a fin de disminuir los efectos de eventuales siniestros, <\/strong>prop\u00f3sito que se lograra mediante la formaci\u00f3n y conducci\u00f3n de un Escal\u00f3n M\u00f3vil en cada uno de los Municipios.<\/p>\n\n\n\n<p>2.2-A la vez, se fijara como misi\u00f3n general para los Escalones M\u00f3viles, lo mismo que rige para los servicios de las Juntas Municipales de Defensa Civil.<\/p>\n\n\n\n<p>2.3-La <strong><em>conducci\u00f3n operativa<\/em><\/strong> de lucha contra los eventos ocurridos, la ejercer\u00e1 el Intendente municipal en cuya Jurisdicci\u00f3n este o haya ocurrido el siniestro, con los esfuerzos provenientes de comunas de la misma <strong>Zona de Defensa Civil <\/strong>que dicha autoridad habr\u00e1 requerido como medida de apoyo a la emergencia.<\/p>\n\n\n\n<p>2.4- Las Jefaturas de Polic\u00eda de cada jurisdicci\u00f3n tendr\u00e1n, en lo que hace a Defensa Civil, exclusivamente la responsabilidad de funciones de <strong>VIGILANCIA, ALARMA y ORDEN, <\/strong>adhiriendo a la planificaci\u00f3n y ordenes impartidas por la autoridad delegada en cada <strong>ZONA DE DEFENSA CIVIL<\/strong>, representada por el intendente municipal.<\/p>\n\n\n\n<p><strong>3-EJECUCION&nbsp;<\/strong><\/p>\n\n\n\n<p>3.1-La divisi\u00f3n territorial en <strong>ZONA DE DEFENSA CIVIL, <\/strong>consiste en enmarcar la divisi\u00f3n pol\u00edtica de la Provincia en <strong>ZONAS DE DEFENSA CIVIL<\/strong>, conforme lo se\u00f1alado en el Anexo Y.<\/p>\n\n\n\n<p>3.2-La Zona de Frontera, por su ubicaci\u00f3n geogr\u00e1fica (zona cordillerana) y con emplazamientos de Unidades de Ejercito y Gendarmer\u00eda Nacional, ser\u00e1 asignada bajo jurisdicci\u00f3n y control de Zona Militar.<\/p>\n\n\n\n<p>3.3-Las Municipalidades integrantes de cada <strong>ZONA DE DEFENSA CIVIL,<\/strong> con los medios disponibles con que cuentan, coordinaran sus esfuerzos con personal y elementos, para acudir en apoyo y protecci\u00f3n sobre aquellas \u00e1reas y sectores afectados.<\/p>\n\n\n\n<p>3.3.1-Para el cumplimiento de las responsabilidades que competen a cada <strong>ZONA DE DEFENSA CIVIL, <\/strong>se integrara un n\u00facleo de acci\u00f3n operativa que se denominara <strong>ESCALON MOVIL.<\/strong> Dicho <strong>&nbsp;MOVIL<\/strong>, seg\u00fan el Anexo II que se adjunta, ser\u00e1 organizado y conducido por cada Intendente municipal, con expresa participaci\u00f3n del Delegado Coordinador de Zonas, de probada capacidad e idoneidad en la materia de Defensa Civil y compartiendo las responsabilidades que la Junta Municipal de Defensa Civil tenga previsto en sus correspondientes planes operativos de emergencia.<\/p>\n\n\n\n<p><strong>4- INSTRUCCIONES DE COORDINACION&nbsp;<\/strong><\/p>\n\n\n\n<p><strong>4.1-Definici\u00f3n de Escal\u00f3n M\u00f3vil:<\/strong> ES el conjunto de personal y material organizado en circunstancias normales y en forma permanente, para entrar en acci\u00f3n en forma inmediata ante cualquier evento. Ser\u00e1 integrado por la totalidad de los elementos que conforman los servicios de Protecci\u00f3n Civil de la Junta Municipal.<\/p>\n\n\n\n<p><strong>4.2-Organizaci\u00f3n del Escal\u00f3n M\u00f3vil: <\/strong>Seg\u00fan modelo del Anexo II<\/p>\n\n\n\n<p>4.2.1-Plan de empleo del Escal\u00f3n M\u00f3vil : Consistir\u00e1 en el desarrollo de las siguientes fases:<\/p>\n\n\n\n<p>&#8211; Recepci\u00f3n de la Comunicaci\u00f3n sobre el siniestro.<\/p>\n\n\n\n<p>&#8211; Confirmaci\u00f3n de I siniestro por parte de la autoridad municipal \u2013 policial correspondiente.<\/p>\n\n\n\n<p>&#8211; Aprobaci\u00f3n de la situaci\u00f3n ( lugar \u2013 zona \u2013 caracter\u00edsticas topogr\u00e1ficas \u2013 fitogeograficas \u2013 clima \u2013 meteorolog\u00eda y medios disponibles en el lugar).<\/p>\n\n\n\n<p>&#8211; Reconocimiento a\u00e9reo, ya que por parte de la Direcci\u00f3n Provincial de Aeron\u00e1utica o IV Brigada A\u00e9rea, cuando fuere necesario.<\/p>\n\n\n\n<p>&#8211; Concentraci\u00f3n de medios y desplazamientos del Escal\u00f3n m\u00f3vil.<\/p>\n\n\n\n<p>&#8211; Informar a su Zona de Defensa Civil y generar alerta operativa y Alarma Operativa.<\/p>\n\n\n\n<p>&#8211; Informar magnitud y capacidad operativa para afrontar el evento.<\/p>\n\n\n\n<p>&#8211; Evaluar da\u00f1os y riesgos inminentes, para obtener mayor apoyo.<\/p>\n\n\n\n<p>&#8211; Coordinar el repliegue y verificar las propias novedades, finalizado el siniestro.<\/p>\n\n\n\n<p>4.2.2-Los participantes del Escal\u00f3n M\u00f3vil deber\u00e1n vestir indumentaria adecuada para la tarea a desarrollar.<\/p>\n\n\n\n<p>4.2.3-Alerta: Cada comuna deber\u00e1 tener previsto un sistema de aviso a los Organismos participantes, donde se destaque claramente.<\/p>\n\n\n\n<p><strong>&#8211; ALERTA OPERATIVA:<\/strong> poner en conocimiento del <strong>ESCALON MOVIL<\/strong>, del siniestro que se trate y ordenar al aislamiento de los medios organizados.<\/p>\n\n\n\n<p><strong>&#8211; ALARMA OPERATIVA:<\/strong> poner en movimiento el <strong>ESCALON MOVIL<\/strong>, propio hacia el lugar del siniestro; prevenir con <strong>ALERTA OPERATIVA <\/strong>&nbsp;a las intendencias y\/o comunas de su <strong>ZONA DE DEFENSA CIVIL,<\/strong> ante la posibilidad de que se vea superado, y comenzar a atacar&nbsp; el siniestro en la forma mas segura, r\u00e1pida y eficaz como para controlar el evento.<\/p>\n\n\n\n<p><strong>4.2.4- Lugar de Reuni\u00f3n:<\/strong> los lugares de reuni\u00f3n de los elementos que componen los <strong>ESCALONES MOVILES,<\/strong> deber\u00e1n ser establecidos por la intendencia municipal de la zona afectada.<\/p>\n\n\n\n<p><strong>4.2.5- Convenios de Apoyo y Ayuda Mutua:<\/strong> las Juntas Municipales de Defensa civil deber\u00e1n poner en vigencia todos los convenios de apoyo y ayuda mutua intercomunales existentes, lo que posibilitara una efectiva integraci\u00f3n de los medios disponibles.<\/p>\n\n\n\n<p><strong>5- SERVICIO DE APOYO LOGISTICO<\/strong><\/p>\n\n\n\n<p><strong>5.1 -Transporte:<\/strong> se emplearan, en primer lugar, los automotores que pudiese disponer cada intendencia; de carecerse y\/o no disponerse, se comprometer\u00e1 a los automotores necesarios, <strong>oficiales y privados<\/strong> que hubiere en el lugar, que por vigencia de la Ley Provincial N\u00b0 3796 y su Decreto Reglamentario N\u00b0 1416\/76, deben colaborar obligatoriamente&nbsp; en toda circunstancia de emergencia y\/o siniestro, que revista car\u00e1cter de eventualidad y excepcionalidad. Tales medios: personal y automotores, deben ser planificados (titular y reemplazante), preparados y comprometida su colaboraci\u00f3n antes de la emergencia y no en el momento que esta se produzca.<\/p>\n\n\n\n<p><strong>5.2- Abastecimiento y racionamiento:<\/strong> cada una de las intendencias municipales satisfacera las necesidades de abastecimiento y racionamiento del personal participante, ya sean propios o de otras dependencias concurrentes al siniestro, nacionales y\/o provinciales.<\/p>\n\n\n\n<p><strong>5.3- Combustibles y lubricantes:<\/strong> de la misma manera, se proceder\u00e1 con las necesidades de abastecimiento de combustible y lubricantes de los automotores oficiales, excluyendo los medios privados, que satisfaceran sus propias necesidades, toda vez que normalmente se acuda en auxilio de los mismos.<\/p>\n\n\n\n<p><strong>6- COMANDO Y COMUNICACIONES<\/strong><\/p>\n\n\n\n<p><strong>6.1- Comando: <\/strong>&nbsp;cada Municipio de la Zona de Defensa Civil donde se registre el siniestro, mantendr\u00e1 operado, mientras dure la emergencia, un Puesto de Comando Principal, instalado en la sede natural del Municipio, dotado de equipos de comunicaciones de largo alcance, pudiendo mantener un Puesto de Comando Alternativo (m\u00f3vil) cuando dicha Jefatura se desplace con sus medios de comunicaciones y enlaces, para ejercer en el terreno.<\/p>\n\n\n\n<p><strong>6.2- Comunicaciones:<\/strong> mantendr\u00e1 comunicaciones telef\u00f3nicas y radioelectricas con la Direcci\u00f3n Provincial de Defensa Civil \u2013 tel\u00e9fono directo 4-499057 o al 103.<\/p>\n","protected":false},"excerpt":{"rendered":"<p>Visto el expediente G N\u00b0344\/J-81, ene l cual se expone la necesidad de disponer la organizaci\u00f3n y funcionamiento del Escal\u00f3n Civil de la Defensa Civil en la lucha contra siniestros; y CONSIDERANDO Que la Ley N\u00b0 3796 \u2013 de la organizaci\u00f3n de la Defensa Civil en la Provincia -, establece, dentro de las responsabilidades asignadas [&hellip;]<\/p>\n","protected":false},"author":27,"featured_media":0,"parent":0,"menu_order":0,"comment_status":"closed","ping_status":"closed","template":"","meta":{"_et_pb_use_builder":"off","_et_pb_old_content":"","_et_gb_content_width":"1080","footnotes":""},"class_list":["post-1937","page","type-page","status-publish","hentry"],"_links":{"self":[{"href":"https:\/\/informacionoficial.mendoza.gob.ar\/seguridadyjusticia\/wp-json\/wp\/v2\/pages\/1937","targetHints":{"allow":["GET"]}}],"collection":[{"href":"https:\/\/informacionoficial.mendoza.gob.ar\/seguridadyjusticia\/wp-json\/wp\/v2\/pages"}],"about":[{"href":"https:\/\/informacionoficial.mendoza.gob.ar\/seguridadyjusticia\/wp-json\/wp\/v2\/types\/page"}],"author":[{"embeddable":true,"href":"https:\/\/informacionoficial.mendoza.gob.ar\/seguridadyjusticia\/wp-json\/wp\/v2\/users\/27"}],"replies":[{"embeddable":true,"href":"https:\/\/informacionoficial.mendoza.gob.ar\/seguridadyjusticia\/wp-json\/wp\/v2\/comments?post=1937"}],"version-history":[{"count":1,"href":"https:\/\/informacionoficial.mendoza.gob.ar\/seguridadyjusticia\/wp-json\/wp\/v2\/pages\/1937\/revisions"}],"predecessor-version":[{"id":1938,"href":"https:\/\/informacionoficial.mendoza.gob.ar\/seguridadyjusticia\/wp-json\/wp\/v2\/pages\/1937\/revisions\/1938"}],"wp:attachment":[{"href":"https:\/\/informacionoficial.mendoza.gob.ar\/seguridadyjusticia\/wp-json\/wp\/v2\/media?parent=1937"}],"curies":[{"name":"wp","href":"https:\/\/api.w.org\/{rel}","templated":true}]}}

<p>Visto el expediente G N°344/J-81, ene l cual se expone la necesidad de disponer la organización y funcionamiento del Escalón Civil de la Defensa Civil en la lucha contra siniestros; y</p>



<p><strong>CONSIDERANDO</strong></p>



<p>Que la Ley N° 3796 – de la organización de la Defensa Civil en la Provincia -, establece, dentro de las responsabilidades asignadas al Poder Ejecutivo, la de <strong>Planificar programas de Defensa Civil en la coordinación con las nacionales y las de las provincias limítrofes;&nbsp;</strong></p>



<p>Que, en cumplimiento de los mismos objetivos, ha asignado facultades de :<strong>Subdividir la Provincia en zonas de defensa civil para la mejor coordinación y fiscalización de las tareas en el nivel local.&nbsp;</strong></p>



<p>Por ello, en virtud de las facultades previstas por el Inc. b) del articulo 9° de la Ley N° 3796, y de acuerdo a lo dictaminado por el Señor Asesor de Gobierno;</p>



<p><strong>EL GOBERNADOR DE LA PROVINCIA&nbsp;</strong></p>



<p><strong>DECRETA:&nbsp;</strong></p>



<p>Articulo 1°- Apruébese el <strong>Plan Operativo&nbsp; para la División del Territorio Provincial de Mendoza en Zonas de Defensa Civil </strong>&nbsp;que como apartado se adjunta y forma parte del presente Decreto, con sus respectivos Anexos.</p>



<p>Articulo 2°- El presente Decreto será refrendado por todos los señores ministros.</p>



<p>Articulo 3°- Comuníquese,&nbsp; publíquese, dese al Registro Oficial y archívese.</p>



<p>Firmado: ROLANDO JOSE GHISANI</p>



<p>TEOFILO RAMIREZ DOLAN</p>



<p>JOSE A. DONNA BONELLI</p>



<p>HORACIO MARTIN DOVAL</p>



<p>CARLOS ALVES CARNIERO</p>



<p>TOMAS ANIBAL MONTES</p>



<p>MARIO C. APUGLIESE</p>



<p><strong>PLAN OPERATIVO PARA LA DIVISION DEL TERRITORIO PROVINCIAL DE MENDOZA EN ZONAS DE DEFENSA CIVIL&nbsp;</strong></p>



<p><strong>1- SITUACION&nbsp;</strong></p>



<p>1.1-La considerable extensión del territorio de la Provincia, dividido en 18 departamentos, algunos de los cuales con mas relevancia sobre otros por su capacidad operativa, en mérito a la cantidad de medios disponibles, deben asumir la responsabilidad de apoyo con elementos, tanto para personal como material, hacia la Zona de Emergencia.</p>



<p>1.2-Por otra parte, la escasez de medios disponibles de otras municipalidades para dar cobertura de Defensa civil en toda su extensión, hace necesario concentrar los medios y esfuerzos con que cuentan otras comunas, a fin de asumir la responsabilidad de apoyo y atención a aquellas áreas mas desaguamecidas.</p>



<p>1.3-La situación que conforma todo siniestro, estrago o daño, tanto de origen natural, accidental o provocado por personas y que por su magnitud no pueden ser superados por medios normales previstos para ese fin requieren, por su condición de emergencia, un inmediato incremento y/o fortalecimiento con los medios disponibles dentro del ámbito provincial (teniendo su empleo carácter de eventualidad y excepcionalidad ).</p>



<p>1.4- Para el caso de explosiones y/o incendios de establecimientos industriales, depósitos de gas, dentro del ámbito provincial y otros fenómenos tales como; terremotos, nevadas, aludes, roturas de diques, etc. Imponen la necesidad de agrupar las distintas Municipalidades en un Plan Conjunto que apunte a preservar y salvaguardar, en la medida de lo posible, el potencial humano y patrimonial de la Provincia.</p>



<p><strong>2- MISION&nbsp;</strong></p>



<p><strong>2.1-Coordinar, en forma organizada, los esfuerzos de las Municipalidades que las constituyen, y los modos de acción apropiados a seguir, a fin de disminuir los efectos de eventuales siniestros, </strong>propósito que se lograra mediante la formación y conducción de un Escalón Móvil en cada uno de los Municipios.</p>



<p>2.2-A la vez, se fijara como misión general para los Escalones Móviles, lo mismo que rige para los servicios de las Juntas Municipales de Defensa Civil.</p>



<p>2.3-La <strong><em>conducción operativa</em></strong> de lucha contra los eventos ocurridos, la ejercerá el Intendente municipal en cuya Jurisdicción este o haya ocurrido el siniestro, con los esfuerzos provenientes de comunas de la misma <strong>Zona de Defensa Civil </strong>que dicha autoridad habrá requerido como medida de apoyo a la emergencia.</p>



<p>2.4- Las Jefaturas de Policía de cada jurisdicción tendrán, en lo que hace a Defensa Civil, exclusivamente la responsabilidad de funciones de <strong>VIGILANCIA, ALARMA y ORDEN, </strong>adhiriendo a la planificación y ordenes impartidas por la autoridad delegada en cada <strong>ZONA DE DEFENSA CIVIL</strong>, representada por el intendente municipal.</p>



<p><strong>3-EJECUCION&nbsp;</strong></p>



<p>3.1-La división territorial en <strong>ZONA DE DEFENSA CIVIL, </strong>consiste en enmarcar la división política de la Provincia en <strong>ZONAS DE DEFENSA CIVIL</strong>, conforme lo señalado en el Anexo Y.</p>



<p>3.2-La Zona de Frontera, por su ubicación geográfica (zona cordillerana) y con emplazamientos de Unidades de Ejercito y Gendarmería Nacional, será asignada bajo jurisdicción y control de Zona Militar.</p>



<p>3.3-Las Municipalidades integrantes de cada <strong>ZONA DE DEFENSA CIVIL,</strong> con los medios disponibles con que cuentan, coordinaran sus esfuerzos con personal y elementos, para acudir en apoyo y protección sobre aquellas áreas y sectores afectados.</p>



<p>3.3.1-Para el cumplimiento de las responsabilidades que competen a cada <strong>ZONA DE DEFENSA CIVIL, </strong>se integrara un núcleo de acción operativa que se denominara <strong>ESCALON MOVIL.</strong> Dicho <strong>&nbsp;MOVIL</strong>, según el Anexo II que se adjunta, será organizado y conducido por cada Intendente municipal, con expresa participación del Delegado Coordinador de Zonas, de probada capacidad e idoneidad en la materia de Defensa Civil y compartiendo las responsabilidades que la Junta Municipal de Defensa Civil tenga previsto en sus correspondientes planes operativos de emergencia.</p>



<p><strong>4- INSTRUCCIONES DE COORDINACION&nbsp;</strong></p>



<p><strong>4.1-Definición de Escalón Móvil:</strong> ES el conjunto de personal y material organizado en circunstancias normales y en forma permanente, para entrar en acción en forma inmediata ante cualquier evento. Será integrado por la totalidad de los elementos que conforman los servicios de Protección Civil de la Junta Municipal.</p>



<p><strong>4.2-Organización del Escalón Móvil: </strong>Según modelo del Anexo II</p>



<p>4.2.1-Plan de empleo del Escalón Móvil : Consistirá en el desarrollo de las siguientes fases:</p>



<p>&#8211; Recepción de la Comunicación sobre el siniestro.</p>



<p>&#8211; Confirmación de I siniestro por parte de la autoridad municipal – policial correspondiente.</p>



<p>&#8211; Aprobación de la situación ( lugar – zona – características topográficas – fitogeograficas – clima – meteorología y medios disponibles en el lugar).</p>



<p>&#8211; Reconocimiento aéreo, ya que por parte de la Dirección Provincial de Aeronáutica o IV Brigada Aérea, cuando fuere necesario.</p>



<p>&#8211; Concentración de medios y desplazamientos del Escalón móvil.</p>



<p>&#8211; Informar a su Zona de Defensa Civil y generar alerta operativa y Alarma Operativa.</p>



<p>&#8211; Informar magnitud y capacidad operativa para afrontar el evento.</p>



<p>&#8211; Evaluar daños y riesgos inminentes, para obtener mayor apoyo.</p>



<p>&#8211; Coordinar el repliegue y verificar las propias novedades, finalizado el siniestro.</p>



<p>4.2.2-Los participantes del Escalón Móvil deberán vestir indumentaria adecuada para la tarea a desarrollar.</p>



<p>4.2.3-Alerta: Cada comuna deberá tener previsto un sistema de aviso a los Organismos participantes, donde se destaque claramente.</p>



<p><strong>&#8211; ALERTA OPERATIVA:</strong> poner en conocimiento del <strong>ESCALON MOVIL</strong>, del siniestro que se trate y ordenar al aislamiento de los medios organizados.</p>



<p><strong>&#8211; ALARMA OPERATIVA:</strong> poner en movimiento el <strong>ESCALON MOVIL</strong>, propio hacia el lugar del siniestro; prevenir con <strong>ALERTA OPERATIVA </strong>&nbsp;a las intendencias y/o comunas de su <strong>ZONA DE DEFENSA CIVIL,</strong> ante la posibilidad de que se vea superado, y comenzar a atacar&nbsp; el siniestro en la forma mas segura, rápida y eficaz como para controlar el evento.</p>



<p><strong>4.2.4- Lugar de Reunión:</strong> los lugares de reunión de los elementos que componen los <strong>ESCALONES MOVILES,</strong> deberán ser establecidos por la intendencia municipal de la zona afectada.</p>



<p><strong>4.2.5- Convenios de Apoyo y Ayuda Mutua:</strong> las Juntas Municipales de Defensa civil deberán poner en vigencia todos los convenios de apoyo y ayuda mutua intercomunales existentes, lo que posibilitara una efectiva integración de los medios disponibles.</p>



<p><strong>5- SERVICIO DE APOYO LOGISTICO</strong></p>



<p><strong>5.1 -Transporte:</strong> se emplearan, en primer lugar, los automotores que pudiese disponer cada intendencia; de carecerse y/o no disponerse, se comprometerá a los automotores necesarios, <strong>oficiales y privados</strong> que hubiere en el lugar, que por vigencia de la Ley Provincial N° 3796 y su Decreto Reglamentario N° 1416/76, deben colaborar obligatoriamente&nbsp; en toda circunstancia de emergencia y/o siniestro, que revista carácter de eventualidad y excepcionalidad. Tales medios: personal y automotores, deben ser planificados (titular y reemplazante), preparados y comprometida su colaboración antes de la emergencia y no en el momento que esta se produzca.</p>



<p><strong>5.2- Abastecimiento y racionamiento:</strong> cada una de las intendencias municipales satisfacera las necesidades de abastecimiento y racionamiento del personal participante, ya sean propios o de otras dependencias concurrentes al siniestro, nacionales y/o provinciales.</p>



<p><strong>5.3- Combustibles y lubricantes:</strong> de la misma manera, se procederá con las necesidades de abastecimiento de combustible y lubricantes de los automotores oficiales, excluyendo los medios privados, que satisfaceran sus propias necesidades, toda vez que normalmente se acuda en auxilio de los mismos.</p>



<p><strong>6- COMANDO Y COMUNICACIONES</strong></p>



<p><strong>6.1- Comando: </strong>&nbsp;cada Municipio de la Zona de Defensa Civil donde se registre el siniestro, mantendrá operado, mientras dure la emergencia, un Puesto de Comando Principal, instalado en la sede natural del Municipio, dotado de equipos de comunicaciones de largo alcance, pudiendo mantener un Puesto de Comando Alternativo (móvil) cuando dicha Jefatura se desplace con sus medios de comunicaciones y enlaces, para ejercer en el terreno.</p>



<p><strong>6.2- Comunicaciones:</strong> mantendrá comunicaciones telefónicas y radioelectricas con la Dirección Provincial de Defensa Civil – teléfono directo 4-499057 o al 103.</p>

<p>Visto el expediente G N°344/J-81, ene l cual se expone la necesidad de disponer la organización y funcionamiento del Escalón Civil de la Defensa Civil en la lucha contra siniestros; y CONSIDERANDO Que la Ley N° 3796 – de la organización de la Defensa Civil en la Provincia -, establece, dentro de las responsabilidades asignadas [&hellip;]</p>
