{"id":1943,"date":"2025-09-16T16:10:19","date_gmt":"2025-09-16T14:10:19","guid":{"rendered":"https:\/\/informacionoficial.mendoza.gob.ar\/seguridadyjusticia\/?page_id=1943"},"modified":"2025-09-16T16:10:20","modified_gmt":"2025-09-16T14:10:20","slug":"decreto-n-2388","status":"publish","type":"page","link":"https:\/\/informacionoficial.mendoza.gob.ar\/seguridadyjusticia\/decreto-n-2388\/","title":{"rendered":"Decreto N\u00b0 2388"},"content":{"rendered":"\n<p><strong>Aprobaci\u00f3n de los Planes para el Manejo Operativo de Emergencias<\/strong><\/p>\n\n\n\n<p><strong>DECRETO 2388\/2024<\/strong><\/p>\n\n\n\n<p>MENDOZA, 19 de Noviembre de 2024<\/p>\n\n\n\n<p>Bolet\u00edn Oficial, 12 de Diciembre de 2024<\/p>\n\n\n\n<p>Vigente, de alcance general<\/p>\n\n\n\n<p>Id SAIJ: M20240002388<\/p>\n\n\n\n<p><strong>TEMA<\/strong><\/p>\n\n\n\n<p>Zona de desastre, emergencia h\u00eddrica, emergencia \u00edgnea, estado de emergencia, erupci\u00f3n volc\u00e1nica, terremoto, desechos peligrosos<\/p>\n\n\n\n<p>Se aprueban los Planes para el Manejo Operativo de Emergencias.<\/p>\n\n\n\n<p><strong>Visto<\/strong><\/p>\n\n\n\n<p>el Expediente Electr\u00f3nico N\u00b0 EX-2024-01466846-GDEMZA-MESAENTGENERAL#MSEG; y<\/p>\n\n\n\n<p><strong>Considerando<\/strong><\/p>\n\n\n\n<p>CONSIDERANDO:<\/p>\n\n\n\n<p>Que en las citadas actuaciones se tramita la aprobaci\u00f3n de los PLANES PARA EL MANEJO OPERATIVO DE EMERGENCIAS DE LA PROVINCIA DE MENDOZA y la consecuente actualizaci\u00f3n del&nbsp;<a href=\"https:\/\/www.saij.gob.ar\/2388-local-mendoza-aprobacion-planes-para-manejo-operativo-emergencias-m20240002388-2024-11-19\/123456789-0abc-883-2000-4202mvorpced?&amp;o=2&amp;f=Total%7CFecha%5B250%2C1%5D%7CEstado%20de%20Vigencia%5B5%2C1%5D%7CTema\/Bienestar%20social%7COrganismo%5B5%2C1%5D%7CAutor%5B125%2C1%5D%7CJurisdicci%F3n\/Local%7CTribunal%5B5%2C1%5D%7CPublicaci%F3n%5B5%2C1%5D%7CColecci%F3n%20tem%E1tica%5B5%2C1%5D%7CTipo%20de%20Documento\/Legislaci%F3n&amp;t=4187#CT001\">Decreto N\u00b0 2486\/17<\/a>, dise\u00f1ado por el Ministerio de Seguridad y Justicia;<\/p>\n\n\n\n<p>Que se ha dado cumplimiento con la revisi\u00f3n y actualizaci\u00f3n del Decreto N\u00b0 2486\/17, acompa\u00f1ando a las actuaciones diez (10) Planes para el Manejo Operativo de la Emergencia;<\/p>\n\n\n\n<p>Que los Planes fueron planteados para ser empleados independientemente uno de otro, de acuerdo al escenario de emergencia presentado, facilitando la interpretaci\u00f3n y aplicaci\u00f3n de su contenido. Asimismo se tuvo en cuenta la actualizaci\u00f3n de los nombres de instituciones, dependencias, empresas p\u00fablicas, privadas y todo otro organismo, conforme la nueva estructura organizativa del Gobierno de la Provincia de Mendoza;<\/p>\n\n\n\n<p>Que la&nbsp;<a href=\"https:\/\/www.saij.gob.ar\/2388-local-mendoza-aprobacion-planes-para-manejo-operativo-emergencias-m20240002388-2024-11-19\/123456789-0abc-883-2000-4202mvorpced?&amp;o=2&amp;f=Total%7CFecha%5B250%2C1%5D%7CEstado%20de%20Vigencia%5B5%2C1%5D%7CTema\/Bienestar%20social%7COrganismo%5B5%2C1%5D%7CAutor%5B125%2C1%5D%7CJurisdicci%F3n\/Local%7CTribunal%5B5%2C1%5D%7CPublicaci%F3n%5B5%2C1%5D%7CColecci%F3n%20tem%E1tica%5B5%2C1%5D%7CTipo%20de%20Documento\/Legislaci%F3n&amp;t=4187#CT002\">Ley N\u00b0 3796 establece en su Art. 1\u00b0<\/a>: \u00abEl gobernador de la Provincia, tendr\u00e1 a su cargo la planificaci\u00f3n, organizaci\u00f3n, promoci\u00f3n, coordinaci\u00f3n, control y direcci\u00f3n de la Defensa Civil y, eventualmente, la conducci\u00f3n de las operaciones de emergencia dentro del \u00e1mbito provincial, conforme a las directivas e instrucciones que al efecto imparta el Poder Ejecutivo Nacional.\u00bb;<\/p>\n\n\n\n<p>Que su Decreto Reglamentario N\u00b0 1416\/76 y Decreto N\u00b0 2649\/82, determinan que es responsabilidad del Gobernador de la Provincia o quien lo remplace, todo lo vinculado a la conducci\u00f3n de la defensa civil durante la emergencia, pudiendo delegar la conducci\u00f3n en el Director de Defensa Civil en situaciones en que la emergencia no llegue a configurar un desastre;<\/p>\n\n\n\n<p>Que por otra parte la&nbsp;<a href=\"https:\/\/www.saij.gob.ar\/2388-local-mendoza-aprobacion-planes-para-manejo-operativo-emergencias-m20240002388-2024-11-19\/123456789-0abc-883-2000-4202mvorpced?&amp;o=2&amp;f=Total%7CFecha%5B250%2C1%5D%7CEstado%20de%20Vigencia%5B5%2C1%5D%7CTema\/Bienestar%20social%7COrganismo%5B5%2C1%5D%7CAutor%5B125%2C1%5D%7CJurisdicci%F3n\/Local%7CTribunal%5B5%2C1%5D%7CPublicaci%F3n%5B5%2C1%5D%7CColecci%F3n%20tem%E1tica%5B5%2C1%5D%7CTipo%20de%20Documento\/Legislaci%F3n&amp;t=4187#CT003\">Ley de Ministerios N\u00b0 9501 establece en su art\u00edculo 12<\/a>: \u00abSer\u00e1 competencia en general del Ministerio de Seguridad y Justicia, la planificaci\u00f3n, coordinaci\u00f3n, organizaci\u00f3n, ejecuci\u00f3n y control de la pol\u00edtica de seguridad p\u00fablica de la Provincia, en orden a la protecci\u00f3n de la vida, la libertad, los derechos y los bienes de los habitantes de la Provincia, y la vinculaci\u00f3n y las relaciones institucionales del Poder Ejecutivo con el Poder Judicial. En particular, con car\u00e1cter enunciativo, le corresponde: . 8) Organizar y conducir el sistema de Polic\u00eda de la Provincia y el sistema de Defensa Civil.\u00bb. Adem\u00e1s en su Art. 37 dispone: \u00abEl Poder Ejecutivo reglamentar\u00e1 la estructura org\u00e1nica de cada Ministerio y\/o Secretar\u00eda, aprobando sus organigramas.\u00bb Que mediante el Decreto N\u00b0199\/24 se aprob\u00f3 la estructura organizativa del Ministerio de Seguridad y Justicia, creado por Ley N\u00b0 9501. Que en esa estructura se incluye dependiendo de la Sra. Ministra de Seguridad y Justicia la Direcci\u00f3n General De Polic\u00edas y bajo su dependencia la Direcci\u00f3n de Defensa Civil;<\/p>\n\n\n\n<p>Que el Decreto N\u00b0 2486\/17 aprob\u00f3 el \u00abPLAN PROVINCIAL PARA EL MANEJO OPERATIVO DE EMERGENCIAS DE MENDOZA\u00bb de aplicaci\u00f3n en todo el territorio de jurisdicci\u00f3n provincial.<\/p>\n\n\n\n<p>Por ello y atento a lo dictaminado por la Direcci\u00f3n de Asesor\u00eda Letrada del Ministerio de Seguridad y Justicia en orden 10,<\/p>\n\n\n\n<p>EL GOBERNADOR DE LA PROVINCIA DECRETA:<\/p>\n\n\n\n<p>Art\u00edculo 1\u00b0 &#8211; Apru\u00e9bense los PLANES PARA EL MANEJO OPERATIVO DE EMERGENCIAS DE LA PROVINCIA DE MENDOZA, los que como Anexo (304 hojas) forman parte del presente decreto, y ser\u00e1n de aplicaci\u00f3n en todo el territorio de jurisdicci\u00f3n provincial.<\/p>\n\n\n\n<p>Art\u00edculo 2\u00b0 &#8211; El presente decreto ser\u00e1 refrendado por la Ministra de Seguridad y Justicia, el Ministro de Gobierno, Infraestructura y Desarrollo Territorial, el Ministro de Educaci\u00f3n, Cultura, Infancias y Direcci\u00f3n General de Escuelas, el Ministro de Salud y Deportes, el Ministro de Producci\u00f3n, el Ministro de Hacienda y Finanzas y la Ministra de Energ\u00eda y Ambiente.<\/p>\n\n\n\n<p>Art\u00edculo 3\u00b0 &#8211; Comun\u00edquese, publ\u00edquese, dese al Registro Oficial y arch\u00edvese.<\/p>\n\n\n\n<p><strong>Firmantes: <\/strong>Alfredo V. Cornejo &#8211; MAR\u00cdA Mercedes Rus &#8211; Natalio l. Mema Rodr\u00edguez &#8211; Tadeo Garc\u00eda Zalazar &#8211; Rodolfo Montero &#8211; Rodolfo Vargas &#8211; V\u00edctor Fayad &#8211; Jimena Latorre<\/p>\n","protected":false},"excerpt":{"rendered":"<p>Aprobaci\u00f3n de los Planes para el Manejo Operativo de Emergencias DECRETO 2388\/2024 MENDOZA, 19 de Noviembre de 2024 Bolet\u00edn Oficial, 12 de Diciembre de 2024 Vigente, de alcance general Id SAIJ: M20240002388 TEMA Zona de desastre, emergencia h\u00eddrica, emergencia \u00edgnea, estado de emergencia, erupci\u00f3n volc\u00e1nica, terremoto, desechos peligrosos Se aprueban los Planes para el Manejo [&hellip;]<\/p>\n","protected":false},"author":27,"featured_media":0,"parent":0,"menu_order":0,"comment_status":"closed","ping_status":"closed","template":"","meta":{"_et_pb_use_builder":"off","_et_pb_old_content":"","_et_gb_content_width":"1080","footnotes":""},"class_list":["post-1943","page","type-page","status-publish","hentry"],"_links":{"self":[{"href":"https:\/\/informacionoficial.mendoza.gob.ar\/seguridadyjusticia\/wp-json\/wp\/v2\/pages\/1943","targetHints":{"allow":["GET"]}}],"collection":[{"href":"https:\/\/informacionoficial.mendoza.gob.ar\/seguridadyjusticia\/wp-json\/wp\/v2\/pages"}],"about":[{"href":"https:\/\/informacionoficial.mendoza.gob.ar\/seguridadyjusticia\/wp-json\/wp\/v2\/types\/page"}],"author":[{"embeddable":true,"href":"https:\/\/informacionoficial.mendoza.gob.ar\/seguridadyjusticia\/wp-json\/wp\/v2\/users\/27"}],"replies":[{"embeddable":true,"href":"https:\/\/informacionoficial.mendoza.gob.ar\/seguridadyjusticia\/wp-json\/wp\/v2\/comments?post=1943"}],"version-history":[{"count":1,"href":"https:\/\/informacionoficial.mendoza.gob.ar\/seguridadyjusticia\/wp-json\/wp\/v2\/pages\/1943\/revisions"}],"predecessor-version":[{"id":1944,"href":"https:\/\/informacionoficial.mendoza.gob.ar\/seguridadyjusticia\/wp-json\/wp\/v2\/pages\/1943\/revisions\/1944"}],"wp:attachment":[{"href":"https:\/\/informacionoficial.mendoza.gob.ar\/seguridadyjusticia\/wp-json\/wp\/v2\/media?parent=1943"}],"curies":[{"name":"wp","href":"https:\/\/api.w.org\/{rel}","templated":true}]}}

<p><strong>Aprobación de los Planes para el Manejo Operativo de Emergencias</strong></p>



<p><strong>DECRETO 2388/2024</strong></p>



<p>MENDOZA, 19 de Noviembre de 2024</p>



<p>Boletín Oficial, 12 de Diciembre de 2024</p>



<p>Vigente, de alcance general</p>



<p>Id SAIJ: M20240002388</p>



<p><strong>TEMA</strong></p>



<p>Zona de desastre, emergencia hídrica, emergencia ígnea, estado de emergencia, erupción volcánica, terremoto, desechos peligrosos</p>



<p>Se aprueban los Planes para el Manejo Operativo de Emergencias.</p>



<p><strong>Visto</strong></p>



<p>el Expediente Electrónico N° EX-2024-01466846-GDEMZA-MESAENTGENERAL#MSEG; y</p>



<p><strong>Considerando</strong></p>



<p>CONSIDERANDO:</p>



<p>Que en las citadas actuaciones se tramita la aprobación de los PLANES PARA EL MANEJO OPERATIVO DE EMERGENCIAS DE LA PROVINCIA DE MENDOZA y la consecuente actualización del&nbsp;<a href="https://www.saij.gob.ar/2388-local-mendoza-aprobacion-planes-para-manejo-operativo-emergencias-m20240002388-2024-11-19/123456789-0abc-883-2000-4202mvorpced?&amp;o=2&amp;f=Total%7CFecha%5B250%2C1%5D%7CEstado%20de%20Vigencia%5B5%2C1%5D%7CTema/Bienestar%20social%7COrganismo%5B5%2C1%5D%7CAutor%5B125%2C1%5D%7CJurisdicci%F3n/Local%7CTribunal%5B5%2C1%5D%7CPublicaci%F3n%5B5%2C1%5D%7CColecci%F3n%20tem%E1tica%5B5%2C1%5D%7CTipo%20de%20Documento/Legislaci%F3n&amp;t=4187#CT001">Decreto N° 2486/17</a>, diseñado por el Ministerio de Seguridad y Justicia;</p>



<p>Que se ha dado cumplimiento con la revisión y actualización del Decreto N° 2486/17, acompañando a las actuaciones diez (10) Planes para el Manejo Operativo de la Emergencia;</p>



<p>Que los Planes fueron planteados para ser empleados independientemente uno de otro, de acuerdo al escenario de emergencia presentado, facilitando la interpretación y aplicación de su contenido. Asimismo se tuvo en cuenta la actualización de los nombres de instituciones, dependencias, empresas públicas, privadas y todo otro organismo, conforme la nueva estructura organizativa del Gobierno de la Provincia de Mendoza;</p>



<p>Que la&nbsp;<a href="https://www.saij.gob.ar/2388-local-mendoza-aprobacion-planes-para-manejo-operativo-emergencias-m20240002388-2024-11-19/123456789-0abc-883-2000-4202mvorpced?&amp;o=2&amp;f=Total%7CFecha%5B250%2C1%5D%7CEstado%20de%20Vigencia%5B5%2C1%5D%7CTema/Bienestar%20social%7COrganismo%5B5%2C1%5D%7CAutor%5B125%2C1%5D%7CJurisdicci%F3n/Local%7CTribunal%5B5%2C1%5D%7CPublicaci%F3n%5B5%2C1%5D%7CColecci%F3n%20tem%E1tica%5B5%2C1%5D%7CTipo%20de%20Documento/Legislaci%F3n&amp;t=4187#CT002">Ley N° 3796 establece en su Art. 1°</a>: «El gobernador de la Provincia, tendrá a su cargo la planificación, organización, promoción, coordinación, control y dirección de la Defensa Civil y, eventualmente, la conducción de las operaciones de emergencia dentro del ámbito provincial, conforme a las directivas e instrucciones que al efecto imparta el Poder Ejecutivo Nacional.»;</p>



<p>Que su Decreto Reglamentario N° 1416/76 y Decreto N° 2649/82, determinan que es responsabilidad del Gobernador de la Provincia o quien lo remplace, todo lo vinculado a la conducción de la defensa civil durante la emergencia, pudiendo delegar la conducción en el Director de Defensa Civil en situaciones en que la emergencia no llegue a configurar un desastre;</p>



<p>Que por otra parte la&nbsp;<a href="https://www.saij.gob.ar/2388-local-mendoza-aprobacion-planes-para-manejo-operativo-emergencias-m20240002388-2024-11-19/123456789-0abc-883-2000-4202mvorpced?&amp;o=2&amp;f=Total%7CFecha%5B250%2C1%5D%7CEstado%20de%20Vigencia%5B5%2C1%5D%7CTema/Bienestar%20social%7COrganismo%5B5%2C1%5D%7CAutor%5B125%2C1%5D%7CJurisdicci%F3n/Local%7CTribunal%5B5%2C1%5D%7CPublicaci%F3n%5B5%2C1%5D%7CColecci%F3n%20tem%E1tica%5B5%2C1%5D%7CTipo%20de%20Documento/Legislaci%F3n&amp;t=4187#CT003">Ley de Ministerios N° 9501 establece en su artículo 12</a>: «Será competencia en general del Ministerio de Seguridad y Justicia, la planificación, coordinación, organización, ejecución y control de la política de seguridad pública de la Provincia, en orden a la protección de la vida, la libertad, los derechos y los bienes de los habitantes de la Provincia, y la vinculación y las relaciones institucionales del Poder Ejecutivo con el Poder Judicial. En particular, con carácter enunciativo, le corresponde: . 8) Organizar y conducir el sistema de Policía de la Provincia y el sistema de Defensa Civil.». Además en su Art. 37 dispone: «El Poder Ejecutivo reglamentará la estructura orgánica de cada Ministerio y/o Secretaría, aprobando sus organigramas.» Que mediante el Decreto N°199/24 se aprobó la estructura organizativa del Ministerio de Seguridad y Justicia, creado por Ley N° 9501. Que en esa estructura se incluye dependiendo de la Sra. Ministra de Seguridad y Justicia la Dirección General De Policías y bajo su dependencia la Dirección de Defensa Civil;</p>



<p>Que el Decreto N° 2486/17 aprobó el «PLAN PROVINCIAL PARA EL MANEJO OPERATIVO DE EMERGENCIAS DE MENDOZA» de aplicación en todo el territorio de jurisdicción provincial.</p>



<p>Por ello y atento a lo dictaminado por la Dirección de Asesoría Letrada del Ministerio de Seguridad y Justicia en orden 10,</p>



<p>EL GOBERNADOR DE LA PROVINCIA DECRETA:</p>



<p>Artículo 1° &#8211; Apruébense los PLANES PARA EL MANEJO OPERATIVO DE EMERGENCIAS DE LA PROVINCIA DE MENDOZA, los que como Anexo (304 hojas) forman parte del presente decreto, y serán de aplicación en todo el territorio de jurisdicción provincial.</p>



<p>Artículo 2° &#8211; El presente decreto será refrendado por la Ministra de Seguridad y Justicia, el Ministro de Gobierno, Infraestructura y Desarrollo Territorial, el Ministro de Educación, Cultura, Infancias y Dirección General de Escuelas, el Ministro de Salud y Deportes, el Ministro de Producción, el Ministro de Hacienda y Finanzas y la Ministra de Energía y Ambiente.</p>



<p>Artículo 3° &#8211; Comuníquese, publíquese, dese al Registro Oficial y archívese.</p>



<p><strong>Firmantes: </strong>Alfredo V. Cornejo &#8211; MARÍA Mercedes Rus &#8211; Natalio l. Mema Rodríguez &#8211; Tadeo García Zalazar &#8211; Rodolfo Montero &#8211; Rodolfo Vargas &#8211; Víctor Fayad &#8211; Jimena Latorre</p>

<p>Aprobación de los Planes para el Manejo Operativo de Emergencias DECRETO 2388/2024 MENDOZA, 19 de Noviembre de 2024 Boletín Oficial, 12 de Diciembre de 2024 Vigente, de alcance general Id SAIJ: M20240002388 TEMA Zona de desastre, emergencia hídrica, emergencia ígnea, estado de emergencia, erupción volcánica, terremoto, desechos peligrosos Se aprueban los Planes para el Manejo [&hellip;]</p>
