{"id":2347,"date":"2026-01-07T09:19:25","date_gmt":"2026-01-07T12:19:25","guid":{"rendered":"https:\/\/informacionoficial.mendoza.gob.ar\/seguridadyjusticia\/?page_id=2347"},"modified":"2026-01-15T11:06:02","modified_gmt":"2026-01-15T14:06:02","slug":"oficina-de-bienestar-del-personal-penitenciario","status":"publish","type":"page","link":"https:\/\/informacionoficial.mendoza.gob.ar\/seguridadyjusticia\/oficina-de-bienestar-del-personal-penitenciario\/","title":{"rendered":"Bienestar del Personal Penitenciario"},"content":{"rendered":"\n<figure class=\"wp-block-image size-large is-resized\"><img loading=\"lazy\" decoding=\"async\" width=\"1024\" height=\"290\" src=\"https:\/\/mza-dicaws-portal-uploads-media-prod.s3.amazonaws.com\/informacion-oficial\/uploads\/sites\/16\/2026\/01\/BIENESTAR-PENITENCIARIO-1024x290.png\" alt=\"\" class=\"wp-image-2592\" style=\"width:1107px;height:auto\" srcset=\"https:\/\/mza-dicaws-portal-uploads-media-prod.s3.amazonaws.com\/informacion-oficial\/uploads\/sites\/16\/2026\/01\/BIENESTAR-PENITENCIARIO-980x278.png 980w, https:\/\/mza-dicaws-portal-uploads-media-prod.s3.amazonaws.com\/informacion-oficial\/uploads\/sites\/16\/2026\/01\/BIENESTAR-PENITENCIARIO-480x136.png 480w\" sizes=\"(min-width: 0px) and (max-width: 480px) 480px, (min-width: 481px) and (max-width: 980px) 980px, (min-width: 981px) 1024px, 100vw\" \/><\/figure>\n\n\n\n<p class=\"has-black-color has-text-color has-link-color has-small-font-size wp-elements-39d1dda474a7fa5385c4982c22802ab0\"><strong><strong>FUNCIONES<\/strong><\/strong><\/p>\n\n\n\n<p class=\"has-black-color has-text-color has-link-color wp-elements-18fa645fdd482d0b5b19e64e7ddcfc4d\">1 &#8211; Impulsar, coordinar y ejecutar estrategias de acci\u00f3n directa para atender las necesidades bio-psico-socio-asistenciales del personal penitenciario y su entorno.<\/p>\n\n\n\n<p class=\"has-black-color has-text-color has-link-color wp-elements-921ec78a678a81cd398709cd21a9fa09\">2 &#8211; Promover planes de acci\u00f3n social, salud, turismo y actividades recreativas en colaboraci\u00f3n con otras entidades p\u00fablicas y privadas.<\/p>\n\n\n\n<p class=\"has-black-color has-text-color has-link-color wp-elements-f0bec5dd93f044d7e4fade061da0411b\">3 &#8211; Asesorar al personal penitenciario sobre disposiciones legales y reglamentaciones vigentes relacionadas con sus derechos y obligaciones<\/p>\n\n\n\n<p class=\"has-black-color has-text-color has-link-color wp-elements-cdae8060dd5d7acd467ae78081a87a3b\">4 &#8211; Propiciar la celebraci\u00f3n de convenios con organismos p\u00fablicos y privados para mejorar las condiciones sociales y de salud del personal.<\/p>\n\n\n\n<p class=\"has-black-color has-text-color has-link-color wp-elements-626c9cafc7cb4f0e52f7e07807f08637\">5- Organizar y supervisar equipos interdisciplinarios para llevar a cabo las actividades necesarias para alcanzar los objetivos propuestos.<\/p>\n\n\n\n<p class=\"has-black-color has-text-color has-link-color wp-elements-b116e8cb23ff880ea073759c3748e689\">6 &#8211; Generar un plan integral de prevenci\u00f3n y psicoeducaci\u00f3n relacionado con la salud en diferentes zonas geogr\u00e1ficas.<\/p>\n\n\n\n<p class=\"has-black-color has-text-color has-link-color wp-elements-35e4f20ef537e81709d8cd7d5efbfcb9\">7 &#8211; Articular con profesionales de la salud mental para proporcionar atenci\u00f3n primaria, secundaria y terciaria en los establecimientos penitenciarios, seg\u00fan sea necesario.<\/p>\n\n\n\n<p class=\"has-black-color has-text-color has-link-color wp-elements-9a35310a3c34a432e83795d9c65acc4d\">8 &#8211; Promover las actividades f\u00edsica y una alimentaci\u00f3n saludable entre el personal penitenciario, a trav\u00e9s de actividades y recursos pertinentes.<\/p>\n\n\n\n<p class=\"has-black-color has-text-color has-link-color wp-elements-a7da7558a962760a802b3d533082a904\">9 &#8211; Detectar las demandas del personal penitenciario a trav\u00e9s de suboficiales asignados en diferentes \u00e1reas y brindarles seguimiento y resoluci\u00f3n adecuada.<\/p>\n\n\n\n<div style=\"height:58px\" aria-hidden=\"true\" class=\"wp-block-spacer\"><\/div>\n","protected":false},"excerpt":{"rendered":"<p>FUNCIONES 1 &#8211; Impulsar, coordinar y ejecutar estrategias de acci\u00f3n directa para atender las necesidades bio-psico-socio-asistenciales del personal penitenciario y su entorno. 2 &#8211; Promover planes de acci\u00f3n social, salud, turismo y actividades recreativas en colaboraci\u00f3n con otras entidades p\u00fablicas y privadas. 3 &#8211; Asesorar al personal penitenciario sobre disposiciones legales y reglamentaciones vigentes relacionadas [&hellip;]<\/p>\n","protected":false},"author":27,"featured_media":0,"parent":0,"menu_order":0,"comment_status":"closed","ping_status":"closed","template":"","meta":{"_et_pb_use_builder":"off","_et_pb_old_content":"","_et_gb_content_width":"1080","footnotes":""},"class_list":["post-2347","page","type-page","status-publish","hentry"],"_links":{"self":[{"href":"https:\/\/informacionoficial.mendoza.gob.ar\/seguridadyjusticia\/wp-json\/wp\/v2\/pages\/2347","targetHints":{"allow":["GET"]}}],"collection":[{"href":"https:\/\/informacionoficial.mendoza.gob.ar\/seguridadyjusticia\/wp-json\/wp\/v2\/pages"}],"about":[{"href":"https:\/\/informacionoficial.mendoza.gob.ar\/seguridadyjusticia\/wp-json\/wp\/v2\/types\/page"}],"author":[{"embeddable":true,"href":"https:\/\/informacionoficial.mendoza.gob.ar\/seguridadyjusticia\/wp-json\/wp\/v2\/users\/27"}],"replies":[{"embeddable":true,"href":"https:\/\/informacionoficial.mendoza.gob.ar\/seguridadyjusticia\/wp-json\/wp\/v2\/comments?post=2347"}],"version-history":[{"count":7,"href":"https:\/\/informacionoficial.mendoza.gob.ar\/seguridadyjusticia\/wp-json\/wp\/v2\/pages\/2347\/revisions"}],"predecessor-version":[{"id":2595,"href":"https:\/\/informacionoficial.mendoza.gob.ar\/seguridadyjusticia\/wp-json\/wp\/v2\/pages\/2347\/revisions\/2595"}],"wp:attachment":[{"href":"https:\/\/informacionoficial.mendoza.gob.ar\/seguridadyjusticia\/wp-json\/wp\/v2\/media?parent=2347"}],"curies":[{"name":"wp","href":"https:\/\/api.w.org\/{rel}","templated":true}]}}