{"id":553,"date":"2025-06-04T20:57:32","date_gmt":"2025-06-04T18:57:32","guid":{"rendered":"https:\/\/informacionoficial.mendoza.gob.ar\/seguridadyjusticia\/?page_id=553"},"modified":"2025-08-13T18:12:52","modified_gmt":"2025-08-13T16:12:52","slug":"estrategias-territoriales-preventivas","status":"publish","type":"page","link":"https:\/\/informacionoficial.mendoza.gob.ar\/seguridadyjusticia\/estrategias-territoriales-preventivas\/","title":{"rendered":"Estrategias Territoriales Preventivas"},"content":{"rendered":"[et_pb_section fb_built=\u00bb1&#8243; admin_label=\u00bbsection\u00bb _builder_version=\u00bb4.27.4&#8243; global_colors_info=\u00bb{}\u00bb][et_pb_row admin_label=\u00bbrow\u00bb _builder_version=\u00bb4.16&#8243; background_size=\u00bbinitial\u00bb background_position=\u00bbtop_left\u00bb background_repeat=\u00bbrepeat\u00bb global_colors_info=\u00bb{}\u00bb][et_pb_column type=\u00bb4_4&#8243; _builder_version=\u00bb4.16&#8243; custom_padding=\u00bb|||\u00bb global_colors_info=\u00bb{}\u00bb custom_padding__hover=\u00bb|||\u00bb][et_pb_post_title _builder_version=\u00bb4.27.4&#8243; _module_preset=\u00bbdefault\u00bb meta=\u00bboff\u00bb featured_image=\u00bboff\u00bb hover_enabled=\u00bb0&#8243; sticky_enabled=\u00bb0&#8243; locked=\u00bboff\u00bb][\/et_pb_post_title][et_pb_text admin_label=\u00bbText\u00bb _builder_version=\u00bb4.16&#8243; background_size=\u00bbinitial\u00bb background_position=\u00bbtop_left\u00bb background_repeat=\u00bbrepeat\u00bb global_colors_info=\u00bb{}\u00bb]\n<p class=\"has-black-color has-text-color has-link-color wp-elements-e10b981a2a81562422e2252e074e7083\" style=\"font-size:14px\">El programa se despliega en toda la provincia, a trav\u00e9s de una presencia activa en el territorio, se brinda atenci\u00f3n, orientaci\u00f3n y acompa\u00f1amiento a las comunidades, con el objetivo de consolidar acciones que incidan en la disminuci\u00f3n de factores de riesgo y en el fortalecimiento de entornos protectores.<\/p>\n\n\n\n<p class=\"has-black-color has-text-color has-link-color wp-elements-ed8cd51c6bbfafe6c304c7ddd97bf8f1\" style=\"font-size:14px\"><strong>Actividades Principales<\/strong><\/p>\n\n\n\n<ul class=\"wp-block-list\">\n<li class=\"has-black-color has-text-color has-link-color wp-elements-d4bdc1b102c33843301819c43d8620c0\" style=\"font-size:14px\">Realizaci\u00f3n de reuniones presenciales con actores territoriales clave, incluyendo vecinos, referentes comunitarios, personal policial de la jurisdicci\u00f3n y representantes del municipio correspondiente. Estos encuentros tienen como finalidad fortalecer el v\u00ednculo entre la comunidad y las instituciones, identificar problem\u00e1ticas locales vinculadas a la seguridad, y construir de manera participativa estrategias de prevenci\u00f3n situadas en el territorio.<\/li>\n\n\n\n<li class=\"has-black-color has-text-color has-link-color wp-elements-395ea296dfe77c1eed3806ba4b77a0f0\" style=\"font-size:14px\">Organizaci\u00f3n y facilitaci\u00f3n de encuentros interinstitucionales e intersectoriales para la elaboraci\u00f3n participativa de diagn\u00f3sticos locales de seguridad.<\/li>\n\n\n\n<li class=\"has-black-color has-text-color has-link-color wp-elements-94af3553041985e4ac10e5f59c43b485\" style=\"font-size:14px\">Coordinaci\u00f3n de espacios de di\u00e1logo y trabajo conjunto entre vecinos, fuerzas de seguridad y organismos estatales.<\/li>\n\n\n\n<li class=\"has-black-color has-text-color has-link-color wp-elements-67ebf27948524e1d4b9e0a8753a2c95b\" style=\"font-size:14px\">&nbsp;Sistematizaci\u00f3n de informaci\u00f3n territorial para el seguimiento y monitoreo de intervenciones preventivas.<\/li>\n<\/ul>\n\n\n\n<p class=\"has-black-color has-text-color has-link-color wp-elements-3526d65893c22496fce1ca2fccb0ee7e\" style=\"font-size:14px\"><strong>Objetivo Genera<\/strong>l<\/p>\n\n\n\n<p class=\"has-black-color has-text-color has-link-color wp-elements-99e35c86acf0b5f60c849e263918d4e5\" style=\"font-size:14px\">Fomentar la construcci\u00f3n de comunidades seguras y resilientes, mediante el dise\u00f1o e implementaci\u00f3n de estrategias integrales de prevenci\u00f3n del delito. El abordaje se realiza desde una perspectiva interinstitucional, promoviendo la articulaci\u00f3n activa entre la ciudadan\u00eda, las fuerzas de seguridad policial, los gobiernos municipal y provincial, y dem\u00e1s actores territoriales.<\/p>\n\n\n\n<p class=\"has-black-color has-text-color has-link-color wp-elements-7582e3ae8c31b41d6f8c2609e6faf503\" style=\"font-size:14px\"><strong>Objetivos Espec\u00edficos<\/strong><\/p>\n\n\n\n<ul class=\"wp-block-list\">\n<li class=\"has-black-color has-text-color has-link-color wp-elements-2f5771a1d0c8ac88782a14c00fb44fca\" style=\"font-size:14px\">Brindar informaci\u00f3n accesible y pertinente a la ciudadan\u00eda sobre dispositivos y recursos de prevenci\u00f3n disponibles.<\/li>\n\n\n\n<li class=\"has-black-color has-text-color has-link-color wp-elements-f31fc3dba0076c9d165e54889ff1c0e7\" style=\"font-size:14px\">Articular y coordinar acciones entre los distintos programas dependientes de la Direcci\u00f3n, con foco en la intervenci\u00f3n territorial.<\/li>\n\n\n\n<li class=\"has-black-color has-text-color has-link-color wp-elements-a9835b347fed04dfc4419446b6cf497a\" style=\"font-size:14px\">Consolidar redes locales de prevenci\u00f3n con participaci\u00f3n de instituciones educativas, organizaciones sociales, \u00e1reas municipales, comisar\u00edas y referentes comunitarios.<\/li>\n<\/ul>\n\n\n\n<p class=\"has-black-color has-text-color has-link-color wp-elements-9f51b365fc9b4fda1c0eeca527797b64\" style=\"font-size:14px\"><strong>Contacto: mluquez@mendoza.gov.ar<\/strong><\/p>\n[\/et_pb_text][\/et_pb_column][\/et_pb_row][\/et_pb_section]","protected":false},"excerpt":{"rendered":"<p>El programa se despliega en toda la provincia, a trav\u00e9s de una presencia activa en el territorio, se brinda atenci\u00f3n, orientaci\u00f3n y acompa\u00f1amiento a las comunidades, con el objetivo de consolidar acciones que incidan en la disminuci\u00f3n de factores de riesgo y en el fortalecimiento de entornos protectores. Actividades Principales Realizaci\u00f3n de reuniones presenciales con [&hellip;]<\/p>\n","protected":false},"author":52,"featured_media":0,"parent":0,"menu_order":0,"comment_status":"closed","ping_status":"closed","template":"","meta":{"_et_pb_use_builder":"on","_et_pb_old_content":"<!-- wp:paragraph {\"style\":{\"elements\":{\"link\":{\"color\":{\"text\":\"var:preset|color|black\"}}},\"typography\":{\"fontSize\":\"14px\"}},\"textColor\":\"black\"} -->\n<p class=\"has-black-color has-text-color has-link-color\" style=\"font-size:14px\">El programa se despliega en toda la provincia, a trav\u00e9s de una presencia activa en el territorio, se brinda atenci\u00f3n, orientaci\u00f3n y acompa\u00f1amiento a las comunidades, con el objetivo de consolidar acciones que incidan en la disminuci\u00f3n de factores de riesgo y en el fortalecimiento de entornos protectores.<\/p>\n<!-- \/wp:paragraph -->\n\n<!-- wp:paragraph {\"style\":{\"elements\":{\"link\":{\"color\":{\"text\":\"var:preset|color|black\"}}},\"typography\":{\"fontSize\":\"14px\"}},\"textColor\":\"black\"} -->\n<p class=\"has-black-color has-text-color has-link-color\" style=\"font-size:14px\"><strong>Actividades Principales<\/strong><\/p>\n<!-- \/wp:paragraph -->\n\n<!-- wp:list -->\n<ul class=\"wp-block-list\"><!-- wp:list-item {\"style\":{\"elements\":{\"link\":{\"color\":{\"text\":\"var:preset|color|black\"}}},\"typography\":{\"fontSize\":\"14px\"}},\"textColor\":\"black\"} -->\n<li class=\"has-black-color has-text-color has-link-color\" style=\"font-size:14px\">Realizaci\u00f3n de reuniones presenciales con actores territoriales clave, incluyendo vecinos, referentes comunitarios, personal policial de la jurisdicci\u00f3n y representantes del municipio correspondiente. Estos encuentros tienen como finalidad fortalecer el v\u00ednculo entre la comunidad y las instituciones, identificar problem\u00e1ticas locales vinculadas a la seguridad, y construir de manera participativa estrategias de prevenci\u00f3n situadas en el territorio.<\/li>\n<!-- \/wp:list-item -->\n\n<!-- wp:list-item {\"style\":{\"elements\":{\"link\":{\"color\":{\"text\":\"var:preset|color|black\"}}},\"typography\":{\"fontSize\":\"14px\"}},\"textColor\":\"black\"} -->\n<li class=\"has-black-color has-text-color has-link-color\" style=\"font-size:14px\">Organizaci\u00f3n y facilitaci\u00f3n de encuentros interinstitucionales e intersectoriales para la elaboraci\u00f3n participativa de diagn\u00f3sticos locales de seguridad.<\/li>\n<!-- \/wp:list-item -->\n\n<!-- wp:list-item {\"style\":{\"elements\":{\"link\":{\"color\":{\"text\":\"var:preset|color|black\"}}},\"typography\":{\"fontSize\":\"14px\"}},\"textColor\":\"black\"} -->\n<li class=\"has-black-color has-text-color has-link-color\" style=\"font-size:14px\">Coordinaci\u00f3n de espacios de di\u00e1logo y trabajo conjunto entre vecinos, fuerzas de seguridad y organismos estatales.<\/li>\n<!-- \/wp:list-item -->\n\n<!-- wp:list-item {\"style\":{\"elements\":{\"link\":{\"color\":{\"text\":\"var:preset|color|black\"}}},\"typography\":{\"fontSize\":\"14px\"}},\"textColor\":\"black\"} -->\n<li class=\"has-black-color has-text-color has-link-color\" style=\"font-size:14px\">&nbsp;Sistematizaci\u00f3n de informaci\u00f3n territorial para el seguimiento y monitoreo de intervenciones preventivas.<\/li>\n<!-- \/wp:list-item --><\/ul>\n<!-- \/wp:list -->\n\n<!-- wp:paragraph {\"style\":{\"elements\":{\"link\":{\"color\":{\"text\":\"var:preset|color|black\"}}},\"typography\":{\"fontSize\":\"14px\"}},\"textColor\":\"black\"} -->\n<p class=\"has-black-color has-text-color has-link-color\" style=\"font-size:14px\"><strong>Objetivo Genera<\/strong>l<\/p>\n<!-- \/wp:paragraph -->\n\n<!-- wp:paragraph {\"style\":{\"elements\":{\"link\":{\"color\":{\"text\":\"var:preset|color|black\"}}},\"typography\":{\"fontSize\":\"14px\"}},\"textColor\":\"black\"} -->\n<p class=\"has-black-color has-text-color has-link-color\" style=\"font-size:14px\">Fomentar la construcci\u00f3n de comunidades seguras y resilientes, mediante el dise\u00f1o e implementaci\u00f3n de estrategias integrales de prevenci\u00f3n del delito. El abordaje se realiza desde una perspectiva interinstitucional, promoviendo la articulaci\u00f3n activa entre la ciudadan\u00eda, las fuerzas de seguridad policial, los gobiernos municipal y provincial, y dem\u00e1s actores territoriales.<\/p>\n<!-- \/wp:paragraph -->\n\n<!-- wp:paragraph {\"style\":{\"elements\":{\"link\":{\"color\":{\"text\":\"var:preset|color|black\"}}},\"typography\":{\"fontSize\":\"14px\"}},\"textColor\":\"black\"} -->\n<p class=\"has-black-color has-text-color has-link-color\" style=\"font-size:14px\"><strong>Objetivos Espec\u00edficos<\/strong><\/p>\n<!-- \/wp:paragraph -->\n\n<!-- wp:list -->\n<ul class=\"wp-block-list\"><!-- wp:list-item {\"style\":{\"elements\":{\"link\":{\"color\":{\"text\":\"var:preset|color|black\"}}},\"typography\":{\"fontSize\":\"14px\"}},\"textColor\":\"black\"} -->\n<li class=\"has-black-color has-text-color has-link-color\" style=\"font-size:14px\">Brindar informaci\u00f3n accesible y pertinente a la ciudadan\u00eda sobre dispositivos y recursos de prevenci\u00f3n disponibles.<\/li>\n<!-- \/wp:list-item -->\n\n<!-- wp:list-item {\"style\":{\"elements\":{\"link\":{\"color\":{\"text\":\"var:preset|color|black\"}}},\"typography\":{\"fontSize\":\"14px\"}},\"textColor\":\"black\"} -->\n<li class=\"has-black-color has-text-color has-link-color\" style=\"font-size:14px\">Articular y coordinar acciones entre los distintos programas dependientes de la Direcci\u00f3n, con foco en la intervenci\u00f3n territorial.<\/li>\n<!-- \/wp:list-item -->\n\n<!-- wp:list-item {\"style\":{\"elements\":{\"link\":{\"color\":{\"text\":\"var:preset|color|black\"}}},\"typography\":{\"fontSize\":\"14px\"}},\"textColor\":\"black\"} -->\n<li class=\"has-black-color has-text-color has-link-color\" style=\"font-size:14px\">Consolidar redes locales de prevenci\u00f3n con participaci\u00f3n de instituciones educativas, organizaciones sociales, \u00e1reas municipales, comisar\u00edas y referentes comunitarios.<\/li>\n<!-- \/wp:list-item --><\/ul>\n<!-- \/wp:list -->\n\n<!-- wp:paragraph {\"style\":{\"elements\":{\"link\":{\"color\":{\"text\":\"var:preset|color|black\"}}},\"typography\":{\"fontSize\":\"14px\"}},\"textColor\":\"black\"} -->\n<p class=\"has-black-color has-text-color has-link-color\" style=\"font-size:14px\"><strong>Contacto: mluquez@mendoza.gov.ar<\/strong><\/p>\n<!-- \/wp:paragraph -->","_et_gb_content_width":"1080","footnotes":""},"class_list":["post-553","page","type-page","status-publish","hentry"],"_links":{"self":[{"href":"https:\/\/informacionoficial.mendoza.gob.ar\/seguridadyjusticia\/wp-json\/wp\/v2\/pages\/553","targetHints":{"allow":["GET"]}}],"collection":[{"href":"https:\/\/informacionoficial.mendoza.gob.ar\/seguridadyjusticia\/wp-json\/wp\/v2\/pages"}],"about":[{"href":"https:\/\/informacionoficial.mendoza.gob.ar\/seguridadyjusticia\/wp-json\/wp\/v2\/types\/page"}],"author":[{"embeddable":true,"href":"https:\/\/informacionoficial.mendoza.gob.ar\/seguridadyjusticia\/wp-json\/wp\/v2\/users\/52"}],"replies":[{"embeddable":true,"href":"https:\/\/informacionoficial.mendoza.gob.ar\/seguridadyjusticia\/wp-json\/wp\/v2\/comments?post=553"}],"version-history":[{"count":8,"href":"https:\/\/informacionoficial.mendoza.gob.ar\/seguridadyjusticia\/wp-json\/wp\/v2\/pages\/553\/revisions"}],"predecessor-version":[{"id":1821,"href":"https:\/\/informacionoficial.mendoza.gob.ar\/seguridadyjusticia\/wp-json\/wp\/v2\/pages\/553\/revisions\/1821"}],"wp:attachment":[{"href":"https:\/\/informacionoficial.mendoza.gob.ar\/seguridadyjusticia\/wp-json\/wp\/v2\/media?parent=553"}],"curies":[{"name":"wp","href":"https:\/\/api.w.org\/{rel}","templated":true}]}}